{"id":967,"date":"2022-04-13T00:30:54","date_gmt":"2022-04-13T03:30:54","guid":{"rendered":"http:\/\/camarapocao.pe.gov.br\/?page_id=967"},"modified":"2022-10-31T22:56:09","modified_gmt":"2022-11-01T01:56:09","slug":"contratos-fechados-em-2022","status":"publish","type":"page","link":"https:\/\/camarapocao.pe.gov.br\/v1\/contratos-fechados-em-2022\/","title":{"rendered":"Contratos fechados em 2022"},"content":{"rendered":"<table class=\"wp-block-table is-style-stripes\">\n<tbody>\n<tr>\n<td><strong>N\u00ba do documento<\/strong><\/td>\n<td><strong>Descri\u00e7\u00e3o<\/strong><\/td>\n<td><strong>Download<\/strong><\/td>\n<\/tr>\n<tr>\n<td>01-2022<\/td>\n<td>Contrato de presta\u00e7\u00e3o de servi\u00e7os gerais.<\/td>\n<td><a href=\"http:\/\/www.camarapocao.pe.gov.br\/home\/images\/Consulta\/contratos\/2022\/01-2022.pdf\">PDF<\/a><\/td>\n<\/tr>\n<tr>\n<td>02-2022<\/td>\n<td>Contrato de presta\u00e7\u00e3o de servi\u00e7os de hospedagem, manuten\u00e7\u00e3o e atualiza\u00e7\u00e3o do s\u00edtio da C\u00e2mara de Po\u00e7\u00e3o\/PE na internet.<\/td>\n<td><a href=\"http:\/\/www.camarapocao.pe.gov.br\/home\/images\/Consulta\/contratos\/2022\/02-2022.pdf\">PDF<\/a><\/td>\n<\/tr>\n<tr>\n<td>03-2022<\/td>\n<td>Contrato de presta\u00e7\u00e3o de servi\u00e7o de conex\u00e3o \u00e0 internet<\/td>\n<td><a href=\"http:\/\/www.camarapocao.pe.gov.br\/home\/images\/Consulta\/contratos\/2022\/03-2022.pdf\">PDF<\/a><\/td>\n<\/tr>\n<tr>\n<td>04-2022<\/td>\n<td>Contrato de fornecimento de \u00e1gua port\u00e1vel.<\/td>\n<td><a href=\"http:\/\/www.camarapocao.pe.gov.br\/home\/images\/Consulta\/contratos\/2022\/04-2022.pdf\">PDF<\/a><\/td>\n<\/tr>\n<tr>\n<td>05-2022<\/td>\n<td>Contrato de loca\u00e7\u00e3o de im\u00f3vel.<\/td>\n<td><a href=\"http:\/\/www.camarapocao.pe.gov.br\/home\/images\/Consulta\/contratos\/2022\/05-2022.pdf\">PDF<\/a><\/td>\n<\/tr>\n<tr>\n<td>06-2022<\/td>\n<td>Contrato de presta\u00e7\u00e3o de servi\u00e7os de filmagem das sess\u00f5es solenes, ordin\u00e1rias e extra\u00f3rin\u00e1rias da C\u00e2mara de Po\u00e7\u00e3o\/PE<\/td>\n<td><a href=\"http:\/\/www.camarapocao.pe.gov.br\/home\/images\/Consulta\/contratos\/2022\/06-2022.pdf\">PDF<\/a><\/td>\n<\/tr>\n<tr>\n<td>07-2022<\/td>\n<td>Contrato de presta\u00e7\u00e3o de servi\u00e7os de transcri\u00e7\u00e3o de dados de atas, leis, resolu\u00e7\u00f5es, portarias e outros para registro nos anais conforme necessidade da C\u00e2mara de Po\u00e7\u00e3o\/PE.<\/td>\n<td><a href=\"http:\/\/www.camarapocao.pe.gov.br\/home\/images\/Consulta\/contratos\/2022\/07-2022.pdf\">PDF<\/a><\/td>\n<\/tr>\n<tr>\n<td>08-2022<\/td>\n<td>Contrato de presta\u00e7\u00e3o de servi\u00e7os de profissionais de elabora\u00e7\u00e3o, confec\u00e7\u00e3o, digita\u00e7\u00e3o das atas das reuni\u00f5es solenes, ordin\u00e1rias e extraordin\u00e1rias da C\u00e2mara de Po\u00e7\u00e3o\/PE<\/td>\n<td><a href=\"http:\/\/www.camarapocao.pe.gov.br\/home\/images\/Consulta\/contratos\/2022\/08-2022.pdf\">PDF<\/a><\/td>\n<\/tr>\n<tr>\n<td>09-2022<\/td>\n<td>Contrato para cess\u00e3o e uso de sistema de gerenciamento e publica\u00e7\u00e3o de documentos exigidos pela Lei de Responsabilidade Fiscal e Portal da Transpar\u00eancia em meio eletr\u00f4nico, online por s\u00edtio espec\u00edfico na internet.<\/td>\n<td><a href=\"http:\/\/www.camarapocao.pe.gov.br\/home\/images\/Consulta\/contratos\/2022\/09-2022.pdf\">PDF<\/a><\/td>\n<\/tr>\n<tr>\n<td>10-2022<\/td>\n<td>Contrato de presta\u00e7\u00e3o de servi\u00e7os especializados em gera\u00e7\u00e3o de folha de pagamentos e emiss\u00e3o de relat\u00f3rios t\u00e9cnicos.<\/td>\n<td><a href=\"http:\/\/www.camarapocao.pe.gov.br\/home\/images\/Consulta\/contratos\/2022\/10-2022.pdf\">PDF<\/a><\/td>\n<\/tr>\n<tr>\n<td>11-2022<\/td>\n<td>Contrato de recepcionista e atendimento ao publico para o exerc\u00edcio de 2022<\/td>\n<td><a href=\"http:\/\/www.camarapocao.pe.gov.br\/home\/images\/Consulta\/contratos\/2022\/11-2022.pdf\">PDF<\/a><\/td>\n<\/tr>\n<tr>\n<td>12-2022<\/td>\n<td>Contrato de consultoria e assessoria em controle interno para o exerc\u00edcio de 2022<\/td>\n<td><a href=\"http:\/\/www.camarapocao.pe.gov.br\/home\/images\/Consulta\/contratos\/2022\/12-2022.pdf\">PDF<\/a><\/td>\n<\/tr>\n<tr>\n<td>13-2022<\/td>\n<td>Contrato de presta\u00e7\u00e3o de servi\u00e7os de elabora\u00e7\u00e3o, confec\u00e7\u00e3o e digita\u00e7\u00e3o das atas das reuni\u00f5es solenes, ordin\u00e1rias e extraordin\u00e1rias da C\u00e2mara Municipal<\/td>\n<td><a href=\"http:\/\/www.camarapocao.pe.gov.br\/home\/images\/Consulta\/contratos\/2022\/13-2022.pdf\">PDF<\/a><\/td>\n<\/tr>\n<tr>\n<td>14-2022<\/td>\n<td>Contrato de servi\u00e7os profissionais de transcri\u00e7\u00e3o de dados para registro nos anais da C\u00e2mara Municipal<\/td>\n<td><a href=\"http:\/\/www.camarapocao.pe.gov.br\/home\/images\/Consulta\/contratos\/2022\/14-2022.pdf\">PDF<\/a><\/td>\n<\/tr>\n<tr>\n<td>15-2022<\/td>\n<td>Contrato de servi\u00e7os mensais de manuten\u00e7\u00e3o e limpeza dos computadores da C\u00e2mara Municipal<\/td>\n<td><a href=\"http:\/\/www.camarapocao.pe.gov.br\/home\/images\/Consulta\/contratos\/2022\/15-2022.pdf\">PDF<\/a><\/td>\n<\/tr>\n<tr>\n<td>16-2022<\/td>\n<td>Contrato de presta\u00e7\u00e3o de servi\u00e7os de assessoria jur\u00eddica<\/td>\n<td><a href=\"http:\/\/www.camarapocao.pe.gov.br\/home\/images\/Consulta\/contratos\/2022\/16-2022.pdf\">PDF<\/a><\/td>\n<\/tr>\n<tr>\n<td>17-2022<\/td>\n<td>Contrato de presta\u00e7\u00e3o de servi\u00e7os especializados com gera\u00e7\u00e3o de folha de pagamentos, relat\u00f3rios, assim como loca\u00e7\u00e3o de software e envios de dados como SEFIP\/GFIP, RAIS e SAGRES<\/td>\n<td><a href=\"http:\/\/www.camarapocao.pe.gov.br\/home\/images\/Consulta\/contratos\/2022\/17-2022.pdf\">PDF<\/a><\/td>\n<\/tr>\n<tr>\n<td>18-2022<\/td>\n<td>Contrato de presta\u00e7\u00e3o de servi\u00e7os de assessoria cont\u00e1bil conforme contrato, que entre sifazem a C\u00e2mara de Po\u00e7\u00e3o-PE e a emrpesa N\u00facleo CASP Assessoria e Consultoria LTDA<\/td>\n<td><a href=\"http:\/\/www.camarapocao.pe.gov.br\/home\/images\/Consulta\/contratos\/2022\/18-2022.pdf\">PDF<\/a><\/td>\n<\/tr>\n<tr>\n<td>19-2022<\/td>\n<td>Contrato administrativo de servi\u00e7os de comunica\u00e7\u00e3o.<\/td>\n<td><a href=\"http:\/\/www.camarapocao.pe.gov.br\/home\/images\/Consulta\/contratos\/2022\/19-2022.pdf\">PDF<\/a><\/td>\n<\/tr>\n<tr>\n<td>Distrato 01<\/td>\n<td>Termo de distrato ao contrato N\u00ba 10\/2022.<\/td>\n<td><a href=\"http:\/\/www.camarapocao.pe.gov.br\/home\/images\/Consulta\/contratos\/2022\/dis01-2022.pdf\">PDF<\/a><\/td>\n<\/tr>\n<tr>\n<td>Distrato 02<\/td>\n<td>Termo de distrato ao contrato N\u00ba 01\/2022.<\/td>\n<td><a href=\"http:\/\/www.camarapocao.pe.gov.br\/home\/images\/Consulta\/contratos\/2022\/dis02-2022.pdf\">PDF<\/a><\/td>\n<\/tr>\n<tr>\n<td>20-2022<\/td>\n<td>Contrato de presta\u00e7\u00e3o de servi\u00e7os de elabora\u00e7\u00e3o e envio das informa\u00e7\u00f5es do sistema SAGRES LINCON &#8211; Licita\u00e7\u00f5es e Contratos do TCE-PE.<\/td>\n<td><a href=\"http:\/\/www.camarapocao.pe.gov.br\/home\/images\/Consulta\/contratos\/2022\/20-2022.pdf\">PDF<\/a><\/td>\n<\/tr>\n<tr>\n<td>21-2022<\/td>\n<td>Constitui objeto do presente contrato a presta\u00e7\u00e3o dos servi\u00e7os de manuten\u00e7\u00e3o mensal dos computadores e equipamentos de inform\u00e1tica da C\u00e2mara de Po\u00e7\u00e3o-PE.<\/td>\n<td><a href=\"http:\/\/www.camarapocao.pe.gov.br\/home\/images\/Consulta\/contratos\/2022\/21-2022.pdf\">PDF<\/a><\/td>\n<\/tr>\n<tr>\n<td>Termo Aditivo<\/td>\n<td>Constitui termo aditivo ao contrato presta\u00e7\u00e3o de servi\u00e7os entre a C\u00e2mara de Po\u00e7\u00e3o-PE e o Sr. Everaldo Aguiar Neto.<\/td>\n<td><a href=\"http:\/\/www.camarapocao.pe.gov.br\/home\/images\/Consulta\/contratos\/2022\/adi01-2022.pdf\">PDF<\/a><\/td>\n<\/tr>\n<tr>\n<td>Distrato 03<\/td>\n<td>Termo de distrato ao contrato N\u00ba 09\/2022.<\/td>\n<td><a href=\"http:\/\/www.camarapocao.pe.gov.br\/home\/images\/Consulta\/contratos\/2022\/dis03-2022.pdf\">PDF<\/a><\/td>\n<\/tr>\n<tr>\n<td>22-2022<\/td>\n<td>Contrata\u00e7\u00e3o de empresa especializada em desenvolvimento software voltado para gest\u00e3o p\u00fablica e cess\u00e3o de licen\u00e7a de software para suportar Portal da Transpar\u00eancia da C\u00e2mara.<\/td>\n<td><a href=\"http:\/\/www.camarapocao.pe.gov.br\/home\/images\/Consulta\/contratos\/2022\/22-2022.pdf\">PDF<\/a><\/td>\n<\/tr>\n<tr>\n<td>23-2022<\/td>\n<td>Contrata\u00e7\u00e3o de pessoa jur\u00eddica para presta\u00e7\u00e3o de servi\u00e7os especializados com gera\u00e7\u00e3o de folha de pagamentos e seus relat\u00f3rios, assim como loca\u00e7\u00e3o de software e envios de dados.<\/td>\n<td><a href=\"http:\/\/www.camarapocao.pe.gov.br\/home\/images\/Consulta\/contratos\/2022\/23-2022.pdf\">PDF<\/a><\/td>\n<\/tr>\n<tr>\n<td>24-2022<\/td>\n<td>Constitui objeto a contrata\u00e7\u00e3o de assessoria e consultoria jur\u00eddica para presta\u00e7\u00e3o de servi\u00e7os t\u00e9cnicos especializados de assessoria jur\u00eddica e consultoria legislativa \u00e0 C\u00e2mara de Po\u00e7\u00e3o\/PE.<\/td>\n<td><a href=\"http:\/\/www.camarapocao.pe.gov.br\/home\/images\/Consulta\/contratos\/2022\/24-2022.pdf\">PDF<\/a><\/td>\n<\/tr>\n<tr>\n<td>25-2022<\/td>\n<td>Contrata\u00e7\u00e3o de pessoa jur\u00eddica para presta\u00e7\u00e3o de servi\u00e7os especializados com loca\u00e7\u00e3o de software e suporte especializado ao sistema de controle e avalia\u00e7\u00e3o patrimonial.<\/td>\n<td><a href=\"http:\/\/www.camarapocao.pe.gov.br\/home\/images\/Consulta\/contratos\/2022\/25-2022.pdf\">PDF<\/a><\/td>\n<\/tr>\n<tr>\n<td>Distrato 04<\/td>\n<td>Termo de distrato ao contrato N\u00ba 17\/2022.<\/td>\n<td><a href=\"http:\/\/www.camarapocao.pe.gov.br\/home\/images\/Consulta\/contratos\/2022\/dis04-2022.pdf\">PDF<\/a><\/td>\n<\/tr>\n<tr>\n<td>Distrato 05<\/td>\n<td>Termo de distrato ao contrato N\u00ba 13\/2022.<\/td>\n<td><a href=\"http:\/\/www.camarapocao.pe.gov.br\/home\/images\/Consulta\/contratos\/2022\/dis05-2022.pdf\">PDF<\/a><\/td>\n<\/tr>\n<tr>\n<td>26-2022<\/td>\n<td>Contrato de presta\u00e7\u00e3o de servi\u00e7os de digitaliza\u00e7\u00e3o de documentos.<\/td>\n<td><a href=\"http:\/\/www.camarapocao.pe.gov.br\/home\/images\/Consulta\/contratos\/2022\/26-2022.pdf\">PDF<\/a><\/td>\n<\/tr>\n<\/tbody>\n<\/table>\n","protected":false},"excerpt":{"rendered":"<p>N\u00ba do documento Descri\u00e7\u00e3o Download 01-2022 Contrato de presta\u00e7\u00e3o de servi\u00e7os gerais. PDF 02-2022 Contrato de presta\u00e7\u00e3o de servi\u00e7os de hospedagem, manuten\u00e7\u00e3o e atualiza\u00e7\u00e3o do <a class=\"leiamais\" href=\"https:\/\/camarapocao.pe.gov.br\/v1\/contratos-fechados-em-2022\/\"><i class=\"fa fa-angle-double-right\" aria-hidden=\"true\"><\/i><br \/>\n<\/a><\/p>\n","protected":false},"author":3,"featured_media":0,"parent":0,"menu_order":0,"comment_status":"closed","ping_status":"closed","template":"","meta":{"footnotes":""},"class_list":["post-967","page","type-page","status-publish","hentry","active"],"aioseo_notices":[],"_links":{"self":[{"href":"https:\/\/camarapocao.pe.gov.br\/v1\/wp-json\/wp\/v2\/pages\/967","targetHints":{"allow":["GET"]}}],"collection":[{"href":"https:\/\/camarapocao.pe.gov.br\/v1\/wp-json\/wp\/v2\/pages"}],"about":[{"href":"https:\/\/camarapocao.pe.gov.br\/v1\/wp-json\/wp\/v2\/types\/page"}],"author":[{"embeddable":true,"href":"https:\/\/camarapocao.pe.gov.br\/v1\/wp-json\/wp\/v2\/users\/3"}],"replies":[{"embeddable":true,"href":"https:\/\/camarapocao.pe.gov.br\/v1\/wp-json\/wp\/v2\/comments?post=967"}],"version-history":[{"count":17,"href":"https:\/\/camarapocao.pe.gov.br\/v1\/wp-json\/wp\/v2\/pages\/967\/revisions"}],"predecessor-version":[{"id":1068,"href":"https:\/\/camarapocao.pe.gov.br\/v1\/wp-json\/wp\/v2\/pages\/967\/revisions\/1068"}],"wp:attachment":[{"href":"https:\/\/camarapocao.pe.gov.br\/v1\/wp-json\/wp\/v2\/media?parent=967"}],"curies":[{"name":"wp","href":"https:\/\/api.w.org\/{rel}","templated":true}]}}