{"id":833,"date":"2021-04-18T22:57:22","date_gmt":"2021-04-19T01:57:22","guid":{"rendered":"http:\/\/camarapocao.pe.gov.br\/?page_id=833"},"modified":"2022-02-18T10:37:44","modified_gmt":"2022-02-18T13:37:44","slug":"contratos-fechados-em-2021","status":"publish","type":"page","link":"https:\/\/camarapocao.pe.gov.br\/v1\/contratos-fechados-em-2021\/","title":{"rendered":"Contratos fechados em 2021"},"content":{"rendered":"\r\n<table class=\"wp-block-table is-style-stripes\">\r\n<tbody>\r\n<tr>\r\n<td><strong>N\u00ba do documento<\/strong><\/td>\r\n<td><strong>Descri\u00e7\u00e3o<\/strong><\/td>\r\n<td><strong>Download<\/strong><\/td>\r\n<\/tr>\r\n<tr>\r\n<td>01-2021<\/td>\r\n<td>Contrato de presta\u00e7\u00e3o de servi\u00e7os gerais<\/td>\r\n<td><a href=\"http:\/\/www.camarapocao.pe.gov.br\/home\/images\/Consulta\/contratos\/2021\/01-2021.pdf\">PDF<\/a><\/td>\r\n<\/tr>\r\n<tr>\r\n<td>02-2021<\/td>\r\n<td>Contrato de presta\u00e7\u00e3o de servi\u00e7os profissionais de elabora\u00e7\u00e3o, confec\u00e7\u00e3o, digita\u00e7\u00e3o das atas das reuni\u00f5es solenes, ordin\u00e1rias e extraordin\u00e1rias da C\u00e2mara Municipal.<\/td>\r\n<td><a href=\"http:\/\/www.camarapocao.pe.gov.br\/home\/images\/Consulta\/contratos\/2021\/02-2021.pdf\">PDF<\/a><\/td>\r\n<\/tr>\r\n<tr>\r\n<td>03-2021<\/td>\r\n<td>Contrato de presta\u00e7\u00e3o de servi\u00e7os de filmagem da sess\u00f5es solenes, ordin\u00e1rias e extraordin\u00e1rias da C\u00e2mara Municipal<\/td>\r\n<td><a href=\"http:\/\/www.camarapocao.pe.gov.br\/home\/images\/Consulta\/contratos\/2021\/03-2021.pdf\">PDF<\/a><\/td>\r\n<\/tr>\r\n<tr>\r\n<td>04-2021<\/td>\r\n<td>Contrato de presta\u00e7\u00e3o de servi\u00e7os de office-boy<\/td>\r\n<td><a href=\"http:\/\/www.camarapocao.pe.gov.br\/home\/images\/Consulta\/contratos\/2021\/04-2021.pdf\">PDF<\/a><\/td>\r\n<\/tr>\r\n<tr>\r\n<td>05-2021<\/td>\r\n<td>Contrato de presta\u00e7\u00e3o de servi\u00e7os de transcri\u00e7\u00e3o de dados atas, leis, resolu\u00e7\u00f5es, portarias e outras para registro nos anais da C\u00e2mara Municipal.<\/td>\r\n<td><a href=\"http:\/\/www.camarapocao.pe.gov.br\/home\/images\/Consulta\/contratos\/2021\/05-2021.pdf\">PDF<\/a><\/td>\r\n<\/tr>\r\n<tr>\r\n<td>06-2021<\/td>\r\n<td>Contrato de loca\u00e7\u00e3o de im\u00f3vel.<\/td>\r\n<td><a href=\"http:\/\/www.camarapocao.pe.gov.br\/home\/images\/Consulta\/contratos\/2021\/06-2021.pdf\">PDF<\/a><\/td>\r\n<\/tr>\r\n<tr>\r\n<td>07-2021<\/td>\r\n<td>Contrato de presta\u00e7\u00e3o de servi\u00e7os de dedetiza\u00e7\u00e3o e desratiza\u00e7\u00e3o em \u00e1rea interna e externa do pr\u00e9dio da C\u00e2mara Municipal.<\/td>\r\n<td><a href=\"http:\/\/www.camarapocao.pe.gov.br\/home\/images\/Consulta\/contratos\/2021\/07-2021.pdf\">PDF<\/a><\/td>\r\n<\/tr>\r\n<tr>\r\n<td>08-2021<\/td>\r\n<td>Contrato de presta\u00e7\u00e3o de servi\u00e7os de hospedagem, manuten\u00e7\u00e3o e atualiza\u00e7\u00e3o do Portal da C\u00e2mara Municipal na internet.<\/td>\r\n<td><a href=\"http:\/\/www.camarapocao.pe.gov.br\/home\/images\/Consulta\/contratos\/2021\/08-2021.pdf\">PDF<\/a><\/td>\r\n<\/tr>\r\n<tr>\r\n<td>09-2021<\/td>\r\n<td>Contrato de presta\u00e7\u00e3o de servi\u00e7os de manuten\u00e7\u00e3o aos computadores e da rede de computadores da C\u00e2mara Municipal.<\/td>\r\n<td><a href=\"http:\/\/www.camarapocao.pe.gov.br\/home\/images\/Consulta\/contratos\/2021\/09-2021.pdf\">PDF<\/a><\/td>\r\n<\/tr>\r\n<tr>\r\n<td>10-2021<\/td>\r\n<td>Contrato de presta\u00e7\u00e3o de servi\u00e7os de gera\u00e7\u00e3o especializada de folha de pagamentos<\/td>\r\n<td><a href=\"http:\/\/www.camarapocao.pe.gov.br\/home\/images\/Consulta\/contratos\/2021\/10-2021.pdf\">PDF<\/a><\/td>\r\n<\/tr>\r\n<tr>\r\n<td>11-2021<\/td>\r\n<td>Contrato de presta\u00e7\u00e3o de servi\u00e7os de manuten\u00e7\u00e3o mensal aos computadores da C\u00e2mara Municipal<\/td>\r\n<td><a href=\"http:\/\/www.camarapocao.pe.gov.br\/home\/images\/Consulta\/contratos\/2021\/11-2021.pdf\">PDF<\/a><\/td>\r\n<\/tr>\r\n<tr>\r\n<td>12-2021<\/td>\r\n<td>Contrato de licen\u00e7a de uso de Sistema de Gerenciamento e Publica\u00e7\u00e3o de Documentos no Portal da Transpar\u00eancia<\/td>\r\n<td><a href=\"http:\/\/www.camarapocao.pe.gov.br\/home\/images\/Consulta\/contratos\/2021\/12-2021.pdf\">PDF<\/a><\/td>\r\n<\/tr>\r\n<tr>\r\n<td>13-2021<\/td>\r\n<td>Presta\u00e7\u00e3o de Servi\u00e7os T\u00e9cnicos Especializados de Acessoria Jur\u00eddica e Legislativa<\/td>\r\n<td><a href=\"http:\/\/www.camarapocao.pe.gov.br\/home\/images\/Consulta\/contratos\/2021\/13-2021.pdf\">PDF<\/a><\/td>\r\n<\/tr>\r\n<tr>\r\n<td>14-2021<\/td>\r\n<td>Contrata\u00e7\u00e3o de fornecimento de \u00e1gua pot\u00e1vel para atender as necessidades do pr\u00e9dio f\u00edsico da C\u00e2mara Municipal<\/td>\r\n<td><a href=\"http:\/\/www.camarapocao.pe.gov.br\/home\/images\/Consulta\/contratos\/2021\/01-2021.pdf\">PDF<\/a><\/td>\r\n<\/tr>\r\n<tr>\r\n<td>15-2021<\/td>\r\n<td>Contrato de presta\u00e7\u00e3o de servi\u00e7os de assessoria e consultoria administrativa e jur\u00eddica ao Controle Interno da C\u00e2mara Municipal<\/td>\r\n<td><a href=\"http:\/\/www.camarapocao.pe.gov.br\/home\/images\/Consulta\/contratos\/2021\/15-2021.pdf\">PDF<\/a><\/td>\r\n<\/tr>\r\n<tr>\r\n<td>16-2021<\/td>\r\n<td>Contrato de fornecimento de conex\u00e3o \u00e0 internet<\/td>\r\n<td><a href=\"http:\/\/www.camarapocao.pe.gov.br\/home\/images\/Consulta\/contratos\/2021\/16-2021.pdf\">PDF <\/a><\/td>\r\n<\/tr>\r\n<tr>\r\n<td>17-2021<\/td>\r\n<td>Contrato de presta\u00e7\u00e3o de servi\u00e7os t\u00e9cnicos especializados de assessoria jur\u00eddica e legislativa<\/td>\r\n<td><a href=\"http:\/\/www.camarapocao.pe.gov.br\/home\/images\/Consulta\/contratos\/2021\/17-2021.pdf\">PDF<\/a><\/td>\r\n<\/tr>\r\n<tr>\r\n<td>TR:09\/21<\/td>\r\n<td>Termo de rescis\u00e3o do contrato 09\/2021<\/td>\r\n<td><a href=\"http:\/\/www.camarapocao.pe.gov.br\/home\/images\/Consulta\/contratos\/2021\/TR09-2021.pdf\">PDF<\/a><\/td>\r\n<\/tr>\r\n<tr>\r\n<td>TA:01\/21<\/td>\r\n<td>Termo aditivo ao contrato de presta\u00e7\u00e3o de servi\u00e7os de assessoria cont\u00e1bil<\/td>\r\n<td><a href=\"http:\/\/www.camarapocao.pe.gov.br\/home\/images\/Consulta\/contratos\/2021\/TA01-2021.pdf\">PDF<\/a><\/td>\r\n<\/tr>\r\n<tr>\r\n<td>TR:04\/21<\/td>\r\n<td>Termo de rescis\u00e3o do contrato 04\/2021<\/td>\r\n<td><a href=\"http:\/\/www.camarapocao.pe.gov.br\/home\/images\/Consulta\/contratos\/2021\/TR04-2021.pdf\">PDF<\/a><\/td>\r\n<\/tr>\r\n<tr>\r\n<td>TR:06\/21<\/td>\r\n<td>Termo de rescis\u00e3o do contrato 06\/2021<\/td>\r\n<td><a href=\"http:\/\/www.camarapocao.pe.gov.br\/home\/images\/Consulta\/contratos\/2021\/TR06-2021.pdf\">PDF<\/a><\/td>\r\n<\/tr>\r\n<tr>\r\n<td>TR:07\/21<\/td>\r\n<td>Termo de rescis\u00e3o do contrato 07\/2021<\/td>\r\n<td><a href=\"http:\/\/www.camarapocao.pe.gov.br\/home\/images\/Consulta\/contratos\/2021\/TR07-2021.pdf\">PDF<\/a><\/td>\r\n<\/tr>\r\n<tr>\r\n<td>TR:08\/21<\/td>\r\n<td>Termo de rescis\u00e3o do contrato 08\/2021<\/td>\r\n<td><a href=\"http:\/\/www.camarapocao.pe.gov.br\/home\/images\/Consulta\/contratos\/2021\/TR08-2021.pdf\">PDF<\/a><\/td>\r\n<\/tr>\r\n<tr>\r\n<td>TR:15\/21<\/td>\r\n<td>Termo de rescis\u00e3o do contrato 15\/2021<\/td>\r\n<td><a href=\"http:\/\/www.camarapocao.pe.gov.br\/home\/images\/Consulta\/contratos\/2021\/TR15-2021.pdf\">PDF<\/a><\/td>\r\n<\/tr>\r\n<\/tbody>\r\n<\/table>\r\n\r\n\r\n\r\n<p>&nbsp;<\/p>\r\n","protected":false},"excerpt":{"rendered":"<p>N\u00ba do documento Descri\u00e7\u00e3o Download 01-2021 Contrato de presta\u00e7\u00e3o de servi\u00e7os gerais PDF 02-2021 Contrato de presta\u00e7\u00e3o de servi\u00e7os profissionais de elabora\u00e7\u00e3o, confec\u00e7\u00e3o, digita\u00e7\u00e3o das <a class=\"leiamais\" href=\"https:\/\/camarapocao.pe.gov.br\/v1\/contratos-fechados-em-2021\/\"><i class=\"fa fa-angle-double-right\" aria-hidden=\"true\"><\/i><br \/>\n<\/a><\/p>\n","protected":false},"author":3,"featured_media":0,"parent":0,"menu_order":0,"comment_status":"closed","ping_status":"closed","template":"","meta":{"footnotes":""},"class_list":["post-833","page","type-page","status-publish","hentry","active"],"aioseo_notices":[],"_links":{"self":[{"href":"https:\/\/camarapocao.pe.gov.br\/v1\/wp-json\/wp\/v2\/pages\/833","targetHints":{"allow":["GET"]}}],"collection":[{"href":"https:\/\/camarapocao.pe.gov.br\/v1\/wp-json\/wp\/v2\/pages"}],"about":[{"href":"https:\/\/camarapocao.pe.gov.br\/v1\/wp-json\/wp\/v2\/types\/page"}],"author":[{"embeddable":true,"href":"https:\/\/camarapocao.pe.gov.br\/v1\/wp-json\/wp\/v2\/users\/3"}],"replies":[{"embeddable":true,"href":"https:\/\/camarapocao.pe.gov.br\/v1\/wp-json\/wp\/v2\/comments?post=833"}],"version-history":[{"count":6,"href":"https:\/\/camarapocao.pe.gov.br\/v1\/wp-json\/wp\/v2\/pages\/833\/revisions"}],"predecessor-version":[{"id":924,"href":"https:\/\/camarapocao.pe.gov.br\/v1\/wp-json\/wp\/v2\/pages\/833\/revisions\/924"}],"wp:attachment":[{"href":"https:\/\/camarapocao.pe.gov.br\/v1\/wp-json\/wp\/v2\/media?parent=833"}],"curies":[{"name":"wp","href":"https:\/\/api.w.org\/{rel}","templated":true}]}}

<table class="wp-block-table is-style-stripes">
<tbody>
<tr>
<td><strong>Nº do documento</strong></td>
<td><strong>Descrição</strong></td>
<td><strong>Download</strong></td>
</tr>
<tr>
<td>01-2021</td>
<td>Contrato de prestação de serviços gerais</td>
<td><a href="http://www.camarapocao.pe.gov.br/home/images/Consulta/contratos/2021/01-2021.pdf">PDF</a></td>
</tr>
<tr>
<td>02-2021</td>
<td>Contrato de prestação de serviços profissionais de elaboração, confecção, digitação das atas das reuniões solenes, ordinárias e extraordinárias da Câmara Municipal.</td>
<td><a href="http://www.camarapocao.pe.gov.br/home/images/Consulta/contratos/2021/02-2021.pdf">PDF</a></td>
</tr>
<tr>
<td>03-2021</td>
<td>Contrato de prestação de serviços de filmagem da sessões solenes, ordinárias e extraordinárias da Câmara Municipal</td>
<td><a href="http://www.camarapocao.pe.gov.br/home/images/Consulta/contratos/2021/03-2021.pdf">PDF</a></td>
</tr>
<tr>
<td>04-2021</td>
<td>Contrato de prestação de serviços de office-boy</td>
<td><a href="http://www.camarapocao.pe.gov.br/home/images/Consulta/contratos/2021/04-2021.pdf">PDF</a></td>
</tr>
<tr>
<td>05-2021</td>
<td>Contrato de prestação de serviços de transcrição de dados atas, leis, resoluções, portarias e outras para registro nos anais da Câmara Municipal.</td>
<td><a href="http://www.camarapocao.pe.gov.br/home/images/Consulta/contratos/2021/05-2021.pdf">PDF</a></td>
</tr>
<tr>
<td>06-2021</td>
<td>Contrato de locação de imóvel.</td>
<td><a href="http://www.camarapocao.pe.gov.br/home/images/Consulta/contratos/2021/06-2021.pdf">PDF</a></td>
</tr>
<tr>
<td>07-2021</td>
<td>Contrato de prestação de serviços de dedetização e desratização em área interna e externa do prédio da Câmara Municipal.</td>
<td><a href="http://www.camarapocao.pe.gov.br/home/images/Consulta/contratos/2021/07-2021.pdf">PDF</a></td>
</tr>
<tr>
<td>08-2021</td>
<td>Contrato de prestação de serviços de hospedagem, manutenção e atualização do Portal da Câmara Municipal na internet.</td>
<td><a href="http://www.camarapocao.pe.gov.br/home/images/Consulta/contratos/2021/08-2021.pdf">PDF</a></td>
</tr>
<tr>
<td>09-2021</td>
<td>Contrato de prestação de serviços de manutenção aos computadores e da rede de computadores da Câmara Municipal.</td>
<td><a href="http://www.camarapocao.pe.gov.br/home/images/Consulta/contratos/2021/09-2021.pdf">PDF</a></td>
</tr>
<tr>
<td>10-2021</td>
<td>Contrato de prestação de serviços de geração especializada de folha de pagamentos</td>
<td><a href="http://www.camarapocao.pe.gov.br/home/images/Consulta/contratos/2021/10-2021.pdf">PDF</a></td>
</tr>
<tr>
<td>11-2021</td>
<td>Contrato de prestação de serviços de manutenção mensal aos computadores da Câmara Municipal</td>
<td><a href="http://www.camarapocao.pe.gov.br/home/images/Consulta/contratos/2021/11-2021.pdf">PDF</a></td>
</tr>
<tr>
<td>12-2021</td>
<td>Contrato de licença de uso de Sistema de Gerenciamento e Publicação de Documentos no Portal da Transparência</td>
<td><a href="http://www.camarapocao.pe.gov.br/home/images/Consulta/contratos/2021/12-2021.pdf">PDF</a></td>
</tr>
<tr>
<td>13-2021</td>
<td>Prestação de Serviços Técnicos Especializados de Acessoria Jurídica e Legislativa</td>
<td><a href="http://www.camarapocao.pe.gov.br/home/images/Consulta/contratos/2021/13-2021.pdf">PDF</a></td>
</tr>
<tr>
<td>14-2021</td>
<td>Contratação de fornecimento de água potável para atender as necessidades do prédio físico da Câmara Municipal</td>
<td><a href="http://www.camarapocao.pe.gov.br/home/images/Consulta/contratos/2021/01-2021.pdf">PDF</a></td>
</tr>
<tr>
<td>15-2021</td>
<td>Contrato de prestação de serviços de assessoria e consultoria administrativa e jurídica ao Controle Interno da Câmara Municipal</td>
<td><a href="http://www.camarapocao.pe.gov.br/home/images/Consulta/contratos/2021/15-2021.pdf">PDF</a></td>
</tr>
<tr>
<td>16-2021</td>
<td>Contrato de fornecimento de conexão à internet</td>
<td><a href="http://www.camarapocao.pe.gov.br/home/images/Consulta/contratos/2021/16-2021.pdf">PDF </a></td>
</tr>
<tr>
<td>17-2021</td>
<td>Contrato de prestação de serviços técnicos especializados de assessoria jurídica e legislativa</td>
<td><a href="http://www.camarapocao.pe.gov.br/home/images/Consulta/contratos/2021/17-2021.pdf">PDF</a></td>
</tr>
<tr>
<td>TR:09/21</td>
<td>Termo de rescisão do contrato 09/2021</td>
<td><a href="http://www.camarapocao.pe.gov.br/home/images/Consulta/contratos/2021/TR09-2021.pdf">PDF</a></td>
</tr>
<tr>
<td>TA:01/21</td>
<td>Termo aditivo ao contrato de prestação de serviços de assessoria contábil</td>
<td><a href="http://www.camarapocao.pe.gov.br/home/images/Consulta/contratos/2021/TA01-2021.pdf">PDF</a></td>
</tr>
<tr>
<td>TR:04/21</td>
<td>Termo de rescisão do contrato 04/2021</td>
<td><a href="http://www.camarapocao.pe.gov.br/home/images/Consulta/contratos/2021/TR04-2021.pdf">PDF</a></td>
</tr>
<tr>
<td>TR:06/21</td>
<td>Termo de rescisão do contrato 06/2021</td>
<td><a href="http://www.camarapocao.pe.gov.br/home/images/Consulta/contratos/2021/TR06-2021.pdf">PDF</a></td>
</tr>
<tr>
<td>TR:07/21</td>
<td>Termo de rescisão do contrato 07/2021</td>
<td><a href="http://www.camarapocao.pe.gov.br/home/images/Consulta/contratos/2021/TR07-2021.pdf">PDF</a></td>
</tr>
<tr>
<td>TR:08/21</td>
<td>Termo de rescisão do contrato 08/2021</td>
<td><a href="http://www.camarapocao.pe.gov.br/home/images/Consulta/contratos/2021/TR08-2021.pdf">PDF</a></td>
</tr>
<tr>
<td>TR:15/21</td>
<td>Termo de rescisão do contrato 15/2021</td>
<td><a href="http://www.camarapocao.pe.gov.br/home/images/Consulta/contratos/2021/TR15-2021.pdf">PDF</a></td>
</tr>
</tbody>
</table>



<p>&nbsp;</p>

<p>Nº do documento Descrição Download 01-2021 Contrato de prestação de serviços gerais PDF 02-2021 Contrato de prestação de serviços profissionais de elaboração, confecção, digitação das <a class="leiamais" href="https://camarapocao.pe.gov.br/v1/contratos-fechados-em-2021/"><i class="fa fa-angle-double-right" aria-hidden="true"></i><br />
</a></p>
