{"id":826,"date":"2021-04-18T22:17:26","date_gmt":"2021-04-19T01:17:26","guid":{"rendered":"http:\/\/camarapocao.pe.gov.br\/?page_id=826"},"modified":"2022-03-06T11:26:24","modified_gmt":"2022-03-06T14:26:24","slug":"portarias-publicadas-em-2021","status":"publish","type":"page","link":"https:\/\/camarapocao.pe.gov.br\/v1\/portarias-publicadas-em-2021\/","title":{"rendered":"Portarias publicadas em 2021"},"content":{"rendered":"\r\n<table class=\"wp-block-table is-style-stripes\">\r\n<tbody>\r\n<tr>\r\n<td><strong>N\u00ba do documento<\/strong><\/td>\r\n<td><strong>Descri\u00e7\u00e3o<\/strong><\/td>\r\n<td><strong>Download<\/strong><\/td>\r\n<\/tr>\r\n<tr>\r\n<td>01\/2021<\/td>\r\n<td>Desegna vereadores para comporem a Comiss\u00e3o de Representa\u00e7\u00e3o que funcionar\u00e1 durante o per\u00edodo de recesso, compreendido entre 04\/01\/2021 e 15\/02\/2021.<\/td>\r\n<td><strong><a href=\"http:\/\/www.camarapocao.pe.gov.br\/home\/images\/Consulta\/portarias\/2021\/01-2021.pdf\">PDF<\/a><\/strong><\/td>\r\n<\/tr>\r\n<tr>\r\n<td>02\/2021<\/td>\r\n<td>Determina que o expediente da C\u00e2mara Municipal durante o per\u00edodo de recesso seja de 08:00 \u00e0s 11:00.<\/td>\r\n<td><strong><a href=\"http:\/\/www.camarapocao.pe.gov.br\/home\/images\/Consulta\/portarias\/2021\/02-2021.pdf\">PDF<\/a><\/strong><\/td>\r\n<\/tr>\r\n<tr>\r\n<td>03\/2021<\/td>\r\n<td>Exonera a Sra Aurenice Campos do cargo comissionado de Tesoureira.<\/td>\r\n<td><strong><a href=\"http:\/\/www.camarapocao.pe.gov.br\/home\/images\/Consulta\/portarias\/2021\/03-2021.pdf\">PDF<\/a><\/strong><\/td>\r\n<\/tr>\r\n<tr>\r\n<td>04\/2021<\/td>\r\n<td>Exonera a Sra Cristiane Raquel dos Santos do cargo comissionado de Assistente Parlamentar.<\/td>\r\n<td><strong><a href=\"http:\/\/www.camarapocao.pe.gov.br\/home\/images\/Consulta\/portarias\/2021\/04-2021.pdf\">PDF<\/a><\/strong><\/td>\r\n<\/tr>\r\n<tr>\r\n<td>05\/2021<\/td>\r\n<td>Exonera a Sra Poliana Ferreira Lins do cargo comissionado de Assistente Parlamentar.<\/td>\r\n<td><strong><a href=\"http:\/\/www.camarapocao.pe.gov.br\/home\/images\/Consulta\/portarias\/2021\/05-2021.pdf\">PDF<\/a><\/strong><\/td>\r\n<\/tr>\r\n<tr>\r\n<td>06\/2021<\/td>\r\n<td>Exonera a Sra Suzana Bezerra do cargo comissionado de Coordenadora do Sistema de Controle Interno.<\/td>\r\n<td><strong><a href=\"http:\/\/www.camarapocao.pe.gov.br\/home\/images\/Consulta\/portarias\/2021\/06-2021.pdf\">PDF<\/a><\/strong><\/td>\r\n<\/tr>\r\n<tr>\r\n<td>07\/2021<\/td>\r\n<td>Exonera a Sra Layane Dayane de Souza do cargo comissionado de Secret\u00e1ria Administrativa.<\/td>\r\n<td><strong><a href=\"http:\/\/www.camarapocao.pe.gov.br\/home\/images\/Consulta\/portarias\/2021\/07-2021.pdf\">PDF<\/a><\/strong><\/td>\r\n<\/tr>\r\n<tr>\r\n<td>08\/2021<\/td>\r\n<td>Exonera a Josefa Sueli Soares do cargo comissionado de Assistente Parlamentar.<\/td>\r\n<td><strong><a href=\"http:\/\/www.camarapocao.pe.gov.br\/home\/images\/Consulta\/portarias\/2021\/08-2021.pdf\">PDF<\/a><\/strong><\/td>\r\n<\/tr>\r\n<tr>\r\n<td>09\/2021<\/td>\r\n<td>Nomeia o Sr. Danilo Ribeiro para ocupar o cargo comissionado de Tesoureiro.<\/td>\r\n<td><strong><a href=\"http:\/\/www.camarapocao.pe.gov.br\/home\/images\/Consulta\/portarias\/2021\/09-2021.pdf\">PDF<\/a><\/strong><\/td>\r\n<\/tr>\r\n<tr>\r\n<td>10\/2021<\/td>\r\n<td>Nomeia o Sr. Josefa Sueli Soares para ocupar o cargo comissionado de Assistente Parlamentar.<\/td>\r\n<td><strong><a href=\"http:\/\/www.camarapocao.pe.gov.br\/home\/images\/Consulta\/portarias\/2021\/10-2021.pdf\">PDF<\/a><\/strong><\/td>\r\n<\/tr>\r\n<tr>\r\n<td>11\/2021<\/td>\r\n<td>Nomeia o Sr. Aline Cristine Galdino para ocupar o cargo comissionado de Assistente Parlamentar.<\/td>\r\n<td><strong><a href=\"http:\/\/www.camarapocao.pe.gov.br\/home\/images\/Consulta\/portarias\/2021\/11-2021.pdf\">PDF<\/a><\/strong><\/td>\r\n<\/tr>\r\n<tr>\r\n<td>12\/2021<\/td>\r\n<td>Nomeia o Sr. Suzana Bezerra Paes para ocupar o cargo comissionado de Coordenadora de Controle Interno.<\/td>\r\n<td><strong><a href=\"http:\/\/www.camarapocao.pe.gov.br\/home\/images\/Consulta\/portarias\/2021\/12-2021.pdf\">PDF<\/a><\/strong><\/td>\r\n<\/tr>\r\n<tr>\r\n<td>13\/2021<\/td>\r\n<td>Atribui ao Sr. Danilo Ribeiro poderes para movimentar, em conjunto com o Presidente da C\u00e2mara Municipal, as contas banc\u00e1rias em nome da C\u00e2mara Municipal.@<\/td>\r\n<td><strong><a href=\"http:\/\/www.camarapocao.pe.gov.br\/home\/images\/Consulta\/portarias\/2021\/13-2021.pdf\">PDF<\/a><\/strong><\/td>\r\n<\/tr>\r\n<tr>\r\n<td>14\/2021<\/td>\r\n<td>Nomeia a Sra. P\u00e2mila Carolina da Silva para ocupar o cargo comissionado de Secret\u00e1ria Administrativa.<\/td>\r\n<td><strong><a href=\"http:\/\/www.camarapocao.pe.gov.br\/home\/images\/Consulta\/portarias\/2021\/14-2021.pdf\">PDF<\/a><\/strong><\/td>\r\n<\/tr>\r\n<tr>\r\n<td>15\/2021<\/td>\r\n<td>Designa servidores para comporem a Comiss\u00e3o Permanente de Licita\u00e7\u00e3o para o per\u00edodo de 01\/01\/2021 a 31\/12\/2021.<\/td>\r\n<td><strong><a href=\"http:\/\/www.camarapocao.pe.gov.br\/home\/images\/Consulta\/portarias\/2021\/15-2021.pdf\">PDF<\/a><\/strong><\/td>\r\n<\/tr>\r\n<tr>\r\n<td>16\/2021<\/td>\r\n<td>Alterna a pessoa respons\u00e1vel e qualificada como Gerenciador de Sistema da Unidade Jurisdicionada da C\u00e2mara Municipal.<\/td>\r\n<td><strong><a href=\"http:\/\/www.camarapocao.pe.gov.br\/home\/images\/Consulta\/portarias\/2021\/16-2021.pdf\">PDF<\/a><\/strong><\/td>\r\n<\/tr>\r\n<tr>\r\n<td>17\/2021<\/td>\r\n<td>Alterna a pessoa respons\u00e1vel e qualificada como Gerenciador de Sistema da Unidade Jurisdicionada da C\u00e2mara Municipal.<\/td>\r\n<td><strong><a href=\"http:\/\/www.camarapocao.pe.gov.br\/home\/images\/Consulta\/portarias\/2021\/17-2021.pdf\">PDF<\/a><\/strong><\/td>\r\n<\/tr>\r\n<tr>\r\n<td>18\/2021<\/td>\r\n<td>Alterna a pessoa respons\u00e1vel e qualificada como Gerenciador de Sistema da Unidade Jurisdicionada da C\u00e2mara Municipal.<\/td>\r\n<td><strong><a href=\"http:\/\/www.camarapocao.pe.gov.br\/home\/images\/Consulta\/portarias\/2021\/18-2021.pdf\">PDF<\/a><\/strong><\/td>\r\n<\/tr>\r\n<tr>\r\n<td>19\/2021<\/td>\r\n<td>Alterna a pessoa respons\u00e1vel e qualificada como Gerenciador de Sistema da Unidade Jurisdicionada da C\u00e2mara Municipal.<\/td>\r\n<td><strong><a href=\"http:\/\/www.camarapocao.pe.gov.br\/home\/images\/Consulta\/portarias\/2021\/19-2021.pdf\">PDF<\/a><\/strong><\/td>\r\n<\/tr>\r\n<tr>\r\n<td>20\/2021<\/td>\r\n<td>Nomeia Johnne George Alves da Silva para ocupar o cargo comissionado de Assistente Parlamentar.<\/td>\r\n<td><strong><a href=\"http:\/\/www.camarapocao.pe.gov.br\/home\/images\/Consulta\/portarias\/2021\/20-2021.pdf\">PDF<\/a><\/strong><\/td>\r\n<\/tr>\r\n<tr>\r\n<td>21\/2021<\/td>\r\n<td>Designa colaborador como pessoa respons\u00e1vel e qualificada como Gerenciador de Sistema da unidade Jurisdicionada da C\u00e2mara Municipal na opera\u00e7\u00e3o do Sistema de Cadastro da Unidade Gestora.<\/td>\r\n<td><strong><a href=\"http:\/\/www.camarapocao.pe.gov.br\/home\/images\/Consulta\/portarias\/2021\/21-2021.pdf\">PDF<\/a><\/strong><\/td>\r\n<\/tr>\r\n<tr>\r\n<td>22\/2021<\/td>\r\n<td>Designa os vereadores que ir\u00e3o compor as Comiss\u00f5es de Reda\u00e7\u00e3o e Justi\u00e7a, Or\u00e7amento e Finan\u00e7as, Educa\u00e7\u00e3o , Sa\u00fade e Assist\u00eancia Social e a Comiss\u00e3o de Obras, Urbanismo e Servi\u00e7os P\u00fablicos<\/td>\r\n<td><strong><a href=\"http:\/\/www.camarapocao.pe.gov.br\/home\/images\/Consulta\/portarias\/2021\/22-2021.pdf\">PDF<\/a><\/strong><\/td>\r\n<\/tr>\r\n<tr>\r\n<td>23\/2021<\/td>\r\n<td>Designa a Sra. Kamylla God\u00ea qualificada como &#8220;Gerenciador de Sistema&#8221; da unidade jurisdicionada, C\u00e2mara Municipal de Po\u00e7\u00e3o-PE, na opera\u00e7\u00e3o do sistema de Processo Eletr\u00f4nico do TCE-PE (e-TCEPE)<\/td>\r\n<td><strong><a href=\"http:\/\/www.camarapocao.pe.gov.br\/home\/images\/Consulta\/portarias\/2021\/23-2021.pdf\">PDF<\/a><\/strong><\/td>\r\n<\/tr>\r\n<tr>\r\n<td>24\/2021<\/td>\r\n<td>Concede ao servidor Ant\u00f4nio Carlos Correia f\u00e9rias anual a serem gozadas no per\u00edodo de 02\/03\/2021 a 31\/03\/2021<\/td>\r\n<td><strong><a href=\"http:\/\/www.camarapocao.pe.gov.br\/home\/images\/Consulta\/portarias\/2021\/24-2021.pdf\">PDF<\/a><\/strong><\/td>\r\n<\/tr>\r\n<tr>\r\n<td>25\/2021<\/td>\r\n<td>Regulamenta fluxo de gerenciamento de mat\u00e9rias a serem pautadas nas sess\u00f5es ordin\u00e1rias da C\u00e2mara de Vereadores de Po\u00e7\u00e3o-PE<\/td>\r\n<td><strong><a href=\"http:\/\/www.camarapocao.pe.gov.br\/home\/images\/Consulta\/portarias\/2021\/25-2021.pdf\">PDF<\/a><\/strong><\/td>\r\n<\/tr>\r\n<tr>\r\n<td>26\/2021<\/td>\r\n<td>Concede a servidora Josefa Sueli Soares f\u00e9rias anual a serem gozadas no per\u00edodo de 08\/03\/2021 a 06\/03\/2021<\/td>\r\n<td><strong><a href=\"http:\/\/www.camarapocao.pe.gov.br\/home\/images\/Consulta\/portarias\/2021\/26-2021.pdf\">PDF<\/a><\/strong><\/td>\r\n<\/tr>\r\n<tr>\r\n<td>27\/2021<\/td>\r\n<td>Concede a servidora Cl\u00e1udio Bezerra da Silva f\u00e9rias anual a serem gozadas no per\u00edodo de 08\/03\/2021 a 06\/03\/2021<\/td>\r\n<td><strong><a href=\"http:\/\/www.camarapocao.pe.gov.br\/home\/images\/Consulta\/portarias\/2021\/27-2021.pdf\">PDF<\/a><\/strong><\/td>\r\n<\/tr>\r\n<tr>\r\n<td>28\/2021<\/td>\r\n<td>Nomeia membros para comporem o Conselho Municipal de Desenvolvimento Rural como representantes do Poder Legislativo Municipal<\/td>\r\n<td><strong><a href=\"http:\/\/www.camarapocao.pe.gov.br\/home\/images\/Consulta\/portarias\/2021\/28-2021.pdf\">PDF<\/a><\/strong><\/td>\r\n<\/tr>\r\n<tr>\r\n<td>29\/2021<\/td>\r\n<td>Concede f\u00e9rias anual ao servidor Givanildo Menino.<\/td>\r\n<td><strong><a href=\"http:\/\/www.camarapocao.pe.gov.br\/home\/images\/Consulta\/portarias\/2021\/29-2021.pdf\">PDF<\/a><\/strong><\/td>\r\n<\/tr>\r\n<tr>\r\n<td>30\/2021<\/td>\r\n<td>Nomeia o Sr. J\u00fanior Roberto Silva para compor o Conselho Municipal de Desenvolvimento Rural.<\/td>\r\n<td><strong><a href=\"http:\/\/www.camarapocao.pe.gov.br\/home\/images\/Consulta\/portarias\/2021\/30-2021.pdf\">PDF<\/a><\/strong><\/td>\r\n<\/tr>\r\n<tr>\r\n<td>31\/2021<\/td>\r\n<td>Concede f\u00e9rias anual ao Servidor Givanildo Menino.<\/td>\r\n<td><strong><a href=\"http:\/\/www.camarapocao.pe.gov.br\/home\/images\/Consulta\/portarias\/2021\/31-2021.pdf\">PDF<\/a><\/strong><\/td>\r\n<\/tr>\r\n<tr>\r\n<td>32\/2021<\/td>\r\n<td>Exonera a Sra. P\u00e2mila da Silva.<\/td>\r\n<td><strong><a href=\"http:\/\/www.camarapocao.pe.gov.br\/home\/images\/Consulta\/portarias\/2021\/32-2021.pdf\">PDF<\/a><\/strong><\/td>\r\n<\/tr>\r\n<tr>\r\n<td>33\/2021<\/td>\r\n<td>Nomea o Sr. Jos\u00e9 Renato da Cruz para o cargo de Secret\u00e1rio Administrativo 1<\/td>\r\n<td><strong><a href=\"http:\/\/www.camarapocao.pe.gov.br\/home\/images\/Consulta\/portarias\/2021\/33-2021.pdf\">PDF<\/a><\/strong><\/td>\r\n<\/tr>\r\n<tr>\r\n<td>34\/2021<\/td>\r\n<td>Designa vereadores para comporem a comiss\u00e3o de representa\u00e7\u00e3o que funcionar\u00e1 durante o recesso de 01\/07 a 31\/07\/2021<\/td>\r\n<td><strong><a href=\"http:\/\/www.camarapocao.pe.gov.br\/home\/images\/Consulta\/portarias\/2021\/34-2021.pdf\">PDF<\/a><\/strong><\/td>\r\n<\/tr>\r\n<tr>\r\n<td>35\/2021<\/td>\r\n<td>Determina que o expediente da C\u00e2mara de Po\u00e7\u00e3o ser\u00e1 de 08:00 \u00e0s 11:00 durante o per\u00edodo de recesso a partir de 01\/07 at\u00e9 31\/07\/2021<\/td>\r\n<td><strong><a href=\"http:\/\/www.camarapocao.pe.gov.br\/home\/images\/Consulta\/portarias\/2021\/35-2021.pdf\">PDF<\/a><\/strong><\/td>\r\n<\/tr>\r\n<tr>\r\n<td>36\/2021<\/td>\r\n<td>Concede promo\u00e7\u00e3o por antiguidade ao servidor Ant\u00f4nio Duarte por antiguidade.<\/td>\r\n<td><strong><a href=\"http:\/\/www.camarapocao.pe.gov.br\/home\/images\/Consulta\/portarias\/2021\/36-2021.pdf\">PDF<\/a><\/strong><\/td>\r\n<\/tr>\r\n<tr>\r\n<td>37\/2021<\/td>\r\n<td>Determina ao setor cont\u00e1bil da C\u00e2mara de Po\u00e7\u00e3o que proceda com a implanta\u00e7\u00e3o do 7\u00ba quinqu\u00eanio do contra-cheque do servidor Antonio Duarte a t\u00edtulo de gratifica\u00e7\u00e3o por tempo de servi\u00e7os.<\/td>\r\n<td><strong><a href=\"http:\/\/www.camarapocao.pe.gov.br\/home\/images\/Consulta\/portarias\/2021\/37-2021.pdf\">PDF<\/a><\/strong><\/td>\r\n<\/tr>\r\n<tr>\r\n<td>38\/2021<\/td>\r\n<td>Concede licen\u00e7a pr\u00eamio ao servidor Cl\u00e1udio Bezerra.<\/td>\r\n<td><strong><a href=\"http:\/\/www.camarapocao.pe.gov.br\/home\/images\/Consulta\/portarias\/2021\/38-2021.pdf\">PDF<\/a><\/strong><\/td>\r\n<\/tr>\r\n<tr>\r\n<td>39\/2021<\/td>\r\n<td>Designa o vereador Ca\u00edque de Oliveira para compor a comiss\u00e3o de or\u00e7amento e finan\u00e7as em substitui\u00e7\u00e3o ao Vereador Ivo Wandark.<\/td>\r\n<td><strong><a href=\"http:\/\/www.camarapocao.pe.gov.br\/home\/images\/Consulta\/portarias\/2021\/39-2021.pdf\">PDF<\/a><\/strong><\/td>\r\n<\/tr>\r\n<tr>\r\n<td>40\/2021<\/td>\r\n<td>Determina medidas de controle e tratativa acerca da presen\u00e7a de vereadores nas obriga\u00e7\u00f5es legislativas da C\u00e2mara.<\/td>\r\n<td><strong><a href=\"http:\/\/www.camarapocao.pe.gov.br\/home\/images\/Consulta\/portarias\/2021\/40-2021.pdf\">PDF<\/a><\/strong><\/td>\r\n<\/tr>\r\n\r\n<tr>\r\n<td>41\/2021<\/td>\r\n<td>Concede licen\u00e7a pr\u00eamio ao servidor Ant\u00f4nio Duarte.<\/td>\r\n<td><strong><a href=\"http:\/\/www.camarapocao.pe.gov.br\/home\/images\/Consulta\/portarias\/2021\/41-2021.pdf\">PDF<\/a><\/strong><\/td>\r\n<\/tr>\r\n\r\n<tr>\r\n<td>42\/2021<\/td>\r\n<td>Destitui membros da comiss\u00e3o permanente de licita\u00e7\u00f5es e contratos.<\/td>\r\n<td><strong><a href=\"http:\/\/www.camarapocao.pe.gov.br\/home\/images\/Consulta\/portarias\/2021\/42-2021.pdf\">PDF<\/a><\/strong><\/td>\r\n<\/tr>\r\n\r\n<tr>\r\n<td>43\/2021<\/td>\r\n<td>Concede f\u00e9rias anual a servidora Suzana Bezerra.<\/td>\r\n<td><strong><a href=\"http:\/\/www.camarapocao.pe.gov.br\/home\/images\/Consulta\/portarias\/2021\/43-2021.pdf\">PDF<\/a><\/strong><\/td>\r\n<\/tr>\r\n\r\n<tr>\r\n<td>44\/2021<\/td>\r\n<td>Concede f\u00e9rias anual a servidora Josefa Sueli.<\/td>\r\n<td><strong><a href=\"http:\/\/www.camarapocao.pe.gov.br\/home\/images\/Consulta\/portarias\/2021\/44-2021.pdf\">PDF<\/a><\/strong><\/td>\r\n<\/tr>\r\n\r\n<tr>\r\n<td>45\/2021<\/td>\r\n<td>Concede licen\u00e7a pr\u00eamio ao servidor Givanildo Menino.<\/td>\r\n<td><strong><a href=\"http:\/\/www.camarapocao.pe.gov.br\/home\/images\/Consulta\/portarias\/2021\/45-2021.pdf\">PDF<\/a><\/strong><\/td>\r\n<\/tr>\r\n\r\n<tr>\r\n<td>46\/2021<\/td>\r\n<td>Determina o expediente da C\u00e2mara Municipal durante o per\u00edodo de recesso parlamentar (de 15\/12\/21 a 15\/02\/22).<\/td>\r\n<td><strong><a href=\"http:\/\/www.camarapocao.pe.gov.br\/home\/images\/Consulta\/portarias\/2021\/46-2021.pdf\">PDF<\/a><\/strong><\/td>\r\n<\/tr>\r\n\r\n<tr>\r\n<td>47\/2021<\/td>\r\n<td>Designa vereadores para compoerem a comiss\u00e3o de representa\u00e7\u00e3o.<\/td>\r\n<td><strong><a href=\"http:\/\/www.camarapocao.pe.gov.br\/home\/images\/Consulta\/portarias\/2021\/47-2021.pdf\">PDF<\/a><\/strong><\/td>\r\n<\/tr>\r\n<\/tbody>\r\n<\/table>\r\n","protected":false},"excerpt":{"rendered":"<p>N\u00ba do documento Descri\u00e7\u00e3o Download 01\/2021 Desegna vereadores para comporem a Comiss\u00e3o de Representa\u00e7\u00e3o que funcionar\u00e1 durante o per\u00edodo de recesso, compreendido entre 04\/01\/2021 e <a class=\"leiamais\" href=\"https:\/\/camarapocao.pe.gov.br\/v1\/portarias-publicadas-em-2021\/\"><i class=\"fa fa-angle-double-right\" aria-hidden=\"true\"><\/i><br \/>\n<\/a><\/p>\n","protected":false},"author":3,"featured_media":0,"parent":0,"menu_order":0,"comment_status":"closed","ping_status":"closed","template":"","meta":{"footnotes":""},"class_list":["post-826","page","type-page","status-publish","hentry","active"],"aioseo_notices":[],"_links":{"self":[{"href":"https:\/\/camarapocao.pe.gov.br\/v1\/wp-json\/wp\/v2\/pages\/826","targetHints":{"allow":["GET"]}}],"collection":[{"href":"https:\/\/camarapocao.pe.gov.br\/v1\/wp-json\/wp\/v2\/pages"}],"about":[{"href":"https:\/\/camarapocao.pe.gov.br\/v1\/wp-json\/wp\/v2\/types\/page"}],"author":[{"embeddable":true,"href":"https:\/\/camarapocao.pe.gov.br\/v1\/wp-json\/wp\/v2\/users\/3"}],"replies":[{"embeddable":true,"href":"https:\/\/camarapocao.pe.gov.br\/v1\/wp-json\/wp\/v2\/comments?post=826"}],"version-history":[{"count":11,"href":"https:\/\/camarapocao.pe.gov.br\/v1\/wp-json\/wp\/v2\/pages\/826\/revisions"}],"predecessor-version":[{"id":957,"href":"https:\/\/camarapocao.pe.gov.br\/v1\/wp-json\/wp\/v2\/pages\/826\/revisions\/957"}],"wp:attachment":[{"href":"https:\/\/camarapocao.pe.gov.br\/v1\/wp-json\/wp\/v2\/media?parent=826"}],"curies":[{"name":"wp","href":"https:\/\/api.w.org\/{rel}","templated":true}]}}