{"id":824,"date":"2021-04-18T21:57:15","date_gmt":"2021-04-19T00:57:15","guid":{"rendered":"http:\/\/camarapocao.pe.gov.br\/?page_id=824"},"modified":"2022-03-06T12:31:35","modified_gmt":"2022-03-06T15:31:35","slug":"leis-aprovadas-em-2021","status":"publish","type":"page","link":"https:\/\/camarapocao.pe.gov.br\/v1\/leis-aprovadas-em-2021\/","title":{"rendered":"Leis aprovadas em 2021"},"content":{"rendered":"\r\n<table class=\"wp-block-table is-style-stripes\">\r\n<tbody>\r\n<tr>\r\n<td><strong>N\u00ba do documento<\/strong><\/td>\r\n<td><strong>Descri\u00e7\u00e3o<\/strong><\/td>\r\n<td><strong>Download<\/strong><\/td>\r\n<\/tr>\r\n<tr>\r\n<td>802<\/td>\r\n<td>Disp\u00f5e sobre denomina\u00e7\u00e3o de avenidas, ruas, logradouros e determina outras provid\u00eancias.<\/td>\r\n<td><a href=\"http:\/\/www.camarapocao.pe.gov.br\/home\/images\/Consulta\/leis\/2021\/802.pdf\">PDF<\/a><\/td>\r\n<\/tr>\r\n<tr>\r\n<td>803<\/td>\r\n<td>Disp\u00f5e sobre denomina\u00e7\u00e3o de avenidas, ruas, logradouros e determina outras provid\u00eancias.<\/td>\r\n<td><a href=\"http:\/\/www.camarapocao.pe.gov.br\/home\/images\/Consulta\/leis\/2021\/803.pdf\">PDF<\/a><\/td>\r\n<\/tr>\r\n<tr>\r\n<td>804<\/td>\r\n<td>Disp\u00f5e sobre denomina\u00e7\u00e3o de avenidas, ruas, logradouros e determina outras provid\u00eancias.<\/td>\r\n<td><a href=\"http:\/\/www.camarapocao.pe.gov.br\/home\/images\/Consulta\/leis\/2021\/804.pdf\">PDF<\/a><\/td>\r\n<\/tr>\r\n<tr>\r\n<td>805<\/td>\r\n<td>Disp\u00f5e sobre denomina\u00e7\u00e3o de avenidas, ruas, logradouros e determina outras provid\u00eancias.<\/td>\r\n<td><a href=\"http:\/\/www.camarapocao.pe.gov.br\/home\/images\/Consulta\/leis\/2021\/805.pdf\">PDF<\/a><\/td>\r\n<\/tr>\r\n<tr>\r\n<td>806<\/td>\r\n<td>Disp\u00f5e sobre denomina\u00e7\u00e3o de avenidas, ruas, logradouros e determina outras provid\u00eancias.<\/td>\r\n<td><a href=\"http:\/\/www.camarapocao.pe.gov.br\/home\/images\/Consulta\/leis\/2021\/806.pdf\">PDF<\/a><\/td>\r\n<\/tr>\r\n<tr>\r\n<td>807<\/td>\r\n<td>Cria no munic\u00edpio de Po\u00e7\u00e3o-PE o pagamento de incentivo por desempenho na aten\u00e7\u00e3o b\u00e1sica municipal de Po\u00e7\u00e3o.<\/td>\r\n<td><a href=\"http:\/\/www.camarapocao.pe.gov.br\/home\/images\/Consulta\/leis\/2021\/807.pdf\">PDF<\/a><\/td>\r\n<\/tr>\r\n<tr>\r\n<td>808<\/td>\r\n<td>Ratifica protocolo de inten\u00e7\u00f5es firmado entre munic\u00edpios brasileiros, com a finalidade de adiquirir adquirir vacinas para o combate \u00e0 COVID-19<\/td>\r\n<td><a href=\"http:\/\/www.camarapocao.pe.gov.br\/home\/images\/Consulta\/leis\/2021\/808.pdf\">PDF<\/a><\/td>\r\n<\/tr>\r\n<tr>\r\n<td>809<\/td>\r\n<td>Disp\u00f5e sobre denomina\u00e7\u00e3o de avenidas, ruas, logradouros e determina outras provid\u00eancias.<\/td>\r\n<td><a href=\"http:\/\/www.camarapocao.pe.gov.br\/home\/images\/Consulta\/leis\/2021\/809.pdf\">PDF<\/a><\/td>\r\n<\/tr>\r\n<tr>\r\n<td>810<\/td>\r\n<td>Disp\u00f5es sobre a reestrutura\u00e7\u00e3o do Conselho Municipal de Acompanhamento e Controle Social do Fundo de Manuten\u00e7\u00e3o e Desenvolvimento da Educa\u00e7\u00e3o B\u00e1sica e de Valoriza\u00e7\u00e3o dos profissionais da Educa\u00e7\u00e3o &#8211; CACS-FUNDEB.<\/td>\r\n<td><a href=\"http:\/\/www.camarapocao.pe.gov.br\/home\/images\/Consulta\/leis\/2021\/810.pdf\">PDF<\/a><\/td>\r\n<\/tr>\r\n<tr>\r\n<td>811<\/td>\r\n<td>Disp\u00f5e sobre denomina\u00e7\u00e3o de avenidas, ruas, logradouros e determina outras provid\u00eancias.<\/td>\r\n<td><a href=\"http:\/\/www.camarapocao.pe.gov.br\/home\/images\/Consulta\/leis\/2021\/811.pdf\">PDF<\/a><\/td>\r\n<\/tr>\r\n<tr>\r\n<td>812<\/td>\r\n<td>Disp\u00f5e sobre denomina\u00e7\u00e3o de avenidas, ruas, logradouros e determina outras provid\u00eancias.<\/td>\r\n<td><a href=\"http:\/\/www.camarapocao.pe.gov.br\/home\/images\/Consulta\/leis\/2021\/812.pdf\">PDF<\/a><\/td>\r\n<\/tr>\r\n<tr>\r\n<td>813<\/td>\r\n<td>Disp\u00f5e sobre denomina\u00e7\u00e3o de avenidas, ruas, logradouros p\u00fablicos e determina outras provid\u00eancias.<\/td>\r\n<td><a href=\"http:\/\/www.camarapocao.pe.gov.br\/home\/images\/Consulta\/leis\/2021\/813.pdf\">PDF<\/a><\/td>\r\n<\/tr>\r\n<tr>\r\n<td>814<\/td>\r\n<td>Institui o programa de recupera\u00e7\u00e3o fiscal do munic\u00edpio &#8211; REFIS<\/td>\r\n<td><a href=\"http:\/\/www.camarapocao.pe.gov.br\/home\/images\/Consulta\/leis\/2021\/814.pdf\">PDF<\/a><\/td>\r\n<\/tr>\r\n<tr>\r\n<td>815<\/td>\r\n<td>Estabelece as diretrizes or\u00e7ament\u00e1rias para o exerc\u00edcio de 2022 e d\u00e1 outras provid\u00eancias.<\/td>\r\n<td><a href=\"http:\/\/www.camarapocao.pe.gov.br\/home\/images\/Consulta\/leis\/2021\/815.pdf\">PDF<\/a><\/td>\r\n<\/tr>\r\n<tr>\r\n<td>816<\/td>\r\n<td>Disp\u00f5e acerca do parcelamento do solourbano do munic\u00edpio de po\u00e7\u00e3o e adota outras provid\u00eancias.<\/td>\r\n<td><a href=\"http:\/\/www.camarapocao.pe.gov.br\/home\/images\/Consulta\/leis\/2021\/816.pdf\">PDF<\/a><\/td>\r\n<\/tr>\r\n<tr>\r\n<td>817<\/td>\r\n<td>Altera a lei 807\/2021 que cria no Munic\u00edpio de Po\u00e7\u00e3o o Pagamento de Incentivo por desempenho na aten\u00e7\u00e3o b\u00e1sica municipal.<\/td>\r\n<td><a href=\"http:\/\/www.camarapocao.pe.gov.br\/home\/images\/Consulta\/leis\/2021\/817.pdf\">PDF<\/a><\/td>\r\n<\/tr>\r\n<tr>\r\n<td>818<\/td>\r\n<td>Institui o C\u00f3digo Sanit\u00e1rio do Munic\u00edpio de Po\u00e7\u00e3o, estabelece penalidades e d\u00e1 outras provid\u00eancias.<\/td>\r\n<td><a href=\"http:\/\/www.camarapocao.pe.gov.br\/home\/images\/Consulta\/leis\/2021\/818.pdf\">PDF<\/a><\/td>\r\n<\/tr>\r\n<tr>\r\n<td>819<\/td>\r\n<td>Disp\u00f5e sobre denomina\u00e7\u00e3o de avenidas, ruas, logradouros p\u00fablicos e determina outras provid\u00eancias.<\/td>\r\n<td><a href=\"http:\/\/www.camarapocao.pe.gov.br\/home\/images\/Consulta\/leis\/2021\/819.pdf\">PDF<\/a><\/td>\r\n<\/tr>\r\n<tr>\r\n<td>820<\/td>\r\n<td>Fixa o valor m\u00ednimo para ajuizamento de a\u00e7\u00e3o de execu\u00e7\u00e3o fiscal objetivando a cobran\u00e7a de d\u00edvida fiscal de natureza tribut\u00e1ria da Fazenda P\u00fablica Municipal, autoriza desist\u00eancia de execu\u00e7\u00f5es fiscais e d\u00e1 outras provid\u00eancias.<\/td>\r\n<td><a href=\"http:\/\/www.camarapocao.pe.gov.br\/home\/images\/Consulta\/leis\/2021\/820.pdf\">PDF<\/a><\/td>\r\n<\/tr>\r\n<tr>\r\n<td>821<\/td>\r\n<td>Lei do Plano Plurianual 2022\/2025 do munic\u00edpio de Po\u00e7\u00e3o-PE.<\/td>\r\n<td><a href=\"http:\/\/www.camarapocao.pe.gov.br\/home\/images\/Consulta\/leis\/2021\/821.pdf\">PDF<\/a><\/td>\r\n<\/tr>\r\n<tr>\r\n<td>822<\/td>\r\n<td>Lei de Diretrizes Or\u00e7ament\u00e1rias do munic\u00edpio de Po\u00e7\u00e3o &#8211; LOA 2022.<\/td>\r\n<td><a href=\"http:\/\/www.camarapocao.pe.gov.br\/home\/images\/Consulta\/leis\/2021\/822.pdf\">PDF<\/a><\/td>\r\n<\/tr>\r\n<tr>\r\n<td>823<\/td>\r\n<td>Disp\u00f5es sobre a institui\u00e7\u00e3o do Fundo Municipal dos Direitos da Crian\u00e7a e do Adolescente.<\/td>\r\n<td><a href=\"http:\/\/www.camarapocao.pe.gov.br\/home\/images\/Consulta\/leis\/2021\/823.pdf\">PDF<\/a><\/td>\r\n<\/tr>\r\n<tr>\r\n<td>824<\/td>\r\n<td>Disp\u00f5e sobre o novo c\u00f3digo tribut\u00e1rio do munic\u00edpio de Po\u00e7\u00e3o.<\/td>\r\n<td><a href=\"http:\/\/www.camarapocao.pe.gov.br\/home\/images\/Consulta\/leis\/2021\/824.pdf\">PDF<\/a><\/td>\r\n<\/tr>\r\n<tr>\r\n<td>825<\/td>\r\n<td>Institui a planta gen\u00e9rica de valores do munic\u00edpio.<\/td>\r\n<td><a href=\"http:\/\/www.camarapocao.pe.gov.br\/home\/images\/Consulta\/leis\/2021\/825.pdf\">PDF<\/a><\/td>\r\n<\/tr>\r\n<tr>\r\n<td>826<\/td>\r\n<td>Disp\u00f5e sobre a autoriza\u00e7\u00e3o para concess\u00e3o de abono aos profissionais da educa\u00e7\u00e3o b\u00e1sica em efetivo exerc\u00edcio para fins de cumprimento da aplica\u00e7\u00e3o m\u00ednima de 70% dos recursos do Fundeb na sua remunera\u00e7\u00e3o.<\/td>\r\n<td><a href=\"http:\/\/www.camarapocao.pe.gov.br\/home\/images\/Consulta\/leis\/2021\/826.pdf\">PDF<\/a><\/td>\r\n<\/tr>\r\n\r\n<tr>\r\n<td>Emenda LOM<\/td>\r\n<td>Emenda \u00e0 Lei Org\u00e2nica Municipal: Modifica dispositivos da Lei 08-2021.<\/td>\r\n<td><a href=\"http:\/\/www.camarapocao.pe.gov.br\/home\/images\/Consulta\/leis\/2021\/emd-08-2021.pdf\">PDF<\/a><\/td>\r\n<\/tr>\r\n\r\n<\/tbody>\r\n<\/table>\r\n","protected":false},"excerpt":{"rendered":"<p>N\u00ba do documento Descri\u00e7\u00e3o Download 802 Disp\u00f5e sobre denomina\u00e7\u00e3o de avenidas, ruas, logradouros e determina outras provid\u00eancias. PDF 803 Disp\u00f5e sobre denomina\u00e7\u00e3o de avenidas, ruas, <a class=\"leiamais\" href=\"https:\/\/camarapocao.pe.gov.br\/v1\/leis-aprovadas-em-2021\/\"><i class=\"fa fa-angle-double-right\" aria-hidden=\"true\"><\/i><br \/>\n<\/a><\/p>\n","protected":false},"author":3,"featured_media":0,"parent":0,"menu_order":0,"comment_status":"closed","ping_status":"closed","template":"","meta":{"footnotes":""},"class_list":["post-824","page","type-page","status-publish","hentry","active"],"aioseo_notices":[],"_links":{"self":[{"href":"https:\/\/camarapocao.pe.gov.br\/v1\/wp-json\/wp\/v2\/pages\/824","targetHints":{"allow":["GET"]}}],"collection":[{"href":"https:\/\/camarapocao.pe.gov.br\/v1\/wp-json\/wp\/v2\/pages"}],"about":[{"href":"https:\/\/camarapocao.pe.gov.br\/v1\/wp-json\/wp\/v2\/types\/page"}],"author":[{"embeddable":true,"href":"https:\/\/camarapocao.pe.gov.br\/v1\/wp-json\/wp\/v2\/users\/3"}],"replies":[{"embeddable":true,"href":"https:\/\/camarapocao.pe.gov.br\/v1\/wp-json\/wp\/v2\/comments?post=824"}],"version-history":[{"count":14,"href":"https:\/\/camarapocao.pe.gov.br\/v1\/wp-json\/wp\/v2\/pages\/824\/revisions"}],"predecessor-version":[{"id":960,"href":"https:\/\/camarapocao.pe.gov.br\/v1\/wp-json\/wp\/v2\/pages\/824\/revisions\/960"}],"wp:attachment":[{"href":"https:\/\/camarapocao.pe.gov.br\/v1\/wp-json\/wp\/v2\/media?parent=824"}],"curies":[{"name":"wp","href":"https:\/\/api.w.org\/{rel}","templated":true}]}}