{"id":736,"date":"2020-03-15T10:36:35","date_gmt":"2020-03-15T13:36:35","guid":{"rendered":"http:\/\/camarapocao.pe.gov.br\/?page_id=736"},"modified":"2021-01-06T15:49:01","modified_gmt":"2021-01-06T18:49:01","slug":"decretos-aprovados-em-2020","status":"publish","type":"page","link":"https:\/\/camarapocao.pe.gov.br\/v1\/decretos-aprovados-em-2020\/","title":{"rendered":"Decretos aprovados em 2020"},"content":{"rendered":"\n<table class=\"wp-block-table aligncenter is-style-stripes\"><tbody><tr><td><strong>N\u00ba do documento<\/strong><\/td><td><strong>Descri\u00e7\u00e3o<\/strong><\/td><td><strong>Download<\/strong><\/td><\/tr><tr><td>01-2020<\/td><td>Concess\u00e3o a Sr. Dr. Carlos Maur\u00edcio Furtado, T\u00edtulo de Cidad\u00e3o Po\u00e7\u00e3oense <\/td><td><a href=\"http:\/\/www.camarapocao.pe.gov.br\/home\/images\/Consulta\/decretos\/2020\/01-2020.pdf\">PDF<\/a><\/td><\/tr><tr><td>02-2020<\/td><td> Concess\u00e3o a Sra. Carla Cordeiro Furtado, T\u00edtulo de Cidad\u00e3 Po\u00e7\u00e3oense <\/td><td> <a href=\"http:\/\/www.camarapocao.pe.gov.br\/home\/images\/Consulta\/decretos\/2020\/02-2020.pdf\">PDF<\/a> <\/td><\/tr><tr><td>03-2020<\/td><td>Concess\u00e3o a Sra. Carla Cordeiro Furtado, Medalha Malaquias Vieira<\/td><td><a href=\"http:\/\/www.camarapocao.pe.gov.br\/home\/images\/Consulta\/decretos\/2020\/03-2020.pdf\">PDF<\/a> <\/td><\/tr><tr><td>04-2020<\/td><td>Concess\u00e3o ao Sr. Ren\u00ea Cintra, T\u00edtulo de Cidad\u00e3o Po\u00e7\u00e3oense <\/td><td><a href=\"http:\/\/www.camarapocao.pe.gov.br\/home\/images\/Consulta\/decretos\/2020\/04-2020.pdf\">PDF<\/a> <\/td><\/tr><tr><td>05-2020 <\/td><td>Concess\u00e3o ao Sr. Marcelo Meira Filho, T\u00edtulo de Cidad\u00e3o Po\u00e7\u00e3oense  <\/td><td><a href=\"http:\/\/www.camarapocao.pe.gov.br\/home\/images\/Consulta\/decretos\/2020\/05-2020.pdf\">PDF<\/a> <\/td><\/tr><tr><td>06-2020 <\/td><td>Concess\u00e3o ao Sra. Annabel de Brito, T\u00edtulo de Cidad\u00e3 Po\u00e7\u00e3oense  <\/td><td><a href=\"http:\/\/www.camarapocao.pe.gov.br\/home\/images\/Consulta\/decretos\/2020\/06-2020.pdf\">PDF<\/a> <\/td><\/tr><tr><td>07-2020 <\/td><td>Concess\u00e3o ao Sr. Marcelo da Mota, T\u00edtulo de Cidad\u00e3o Po\u00e7\u00e3oense  <\/td><td><a href=\"http:\/\/www.camarapocao.pe.gov.br\/home\/images\/Consulta\/decretos\/2020\/07-2020.pdf\">PDF<\/a> <\/td><\/tr><tr><td>08-2020 <\/td><td>Concess\u00e3o ao Sr. Maik Charles Caldas, T\u00edtulo de Cidad\u00e3o Po\u00e7\u00e3oense<\/td><td><a href=\"http:\/\/www.camarapocao.pe.gov.br\/home\/images\/Consulta\/decretos\/2020\/08-2020.pdf\">PDF<\/a> <\/td><\/tr><tr><td>09-2020 <\/td><td>Concess\u00e3o ao Sra. Maysa da Silva, T\u00edtulo de Cidad\u00e3 Po\u00e7\u00e3oense <\/td><td><a href=\"http:\/\/www.camarapocao.pe.gov.br\/home\/images\/Consulta\/decretos\/2020\/09-2020.pdf\">PDF<\/a> <\/td><\/tr><tr><td>10-2020<\/td><td>Concess\u00e3o ao Sra. Cristina Louren\u00e7o, T\u00edtulo de Cidad\u00e3 Po\u00e7\u00e3oense  <\/td><td><a href=\"http:\/\/www.camarapocao.pe.gov.br\/home\/images\/Consulta\/decretos\/2020\/10-2020.pdf\">PDF<\/a> <\/td><\/tr><tr><td>11-2020<\/td><td>Concess\u00e3o ao Sr. Rafael Malafaia, T\u00edtulo de Cidad\u00e3o Po\u00e7\u00e3oense <\/td><td><a href=\"http:\/\/www.camarapocao.pe.gov.br\/home\/images\/Consulta\/decretos\/2020\/11-2020.pdf\">PDF<\/a> <\/td><\/tr><tr><td>12-2020 <\/td><td>Concess\u00e3o ao Sr. Veridiano Almeida, T\u00edtulo de Cidad\u00e3o Po\u00e7\u00e3oense <\/td><td><a href=\"http:\/\/www.camarapocao.pe.gov.br\/home\/images\/Consulta\/decretos\/2020\/12-2020.pdf\">PDF<\/a> <\/td><\/tr><tr><td>13-2020 <\/td><td>Concess\u00e3o ao Sra. Paula Roberta Gomes, T\u00edtulo de Cidad\u00e3 Po\u00e7\u00e3oense   <\/td><td><a href=\"http:\/\/www.camarapocao.pe.gov.br\/home\/images\/Consulta\/decretos\/2020\/13-2020.pdf\">PDF<\/a> <\/td><\/tr><tr><td>14-2020<\/td><td>Concess\u00e3o ao Sra. Josefa Sueli da Silva, T\u00edtulo de Cidad\u00e3 Po\u00e7\u00e3oense   <\/td><td><a href=\"http:\/\/www.camarapocao.pe.gov.br\/home\/images\/Consulta\/decretos\/2020\/14-2020.pdf\">PDF<\/a> <\/td><\/tr><tr><td>15-2020<\/td><td>Concess\u00e3o ao Sr. Luan Duarte, Medalha Malaquias Vieira <\/td><td><a href=\"http:\/\/www.camarapocao.pe.gov.br\/home\/images\/Consulta\/decretos\/2020\/15-2020.pdf\">PDF<\/a> <\/td><\/tr><tr><td>16-2020<\/td><td>Concess\u00e3o ao Sr. Douglas Medeiros, Medalha Malaquias Vieira <\/td><td><a href=\"http:\/\/www.camarapocao.pe.gov.br\/home\/images\/Consulta\/decretos\/2020\/16-2020.pdf\">PDF<\/a> <\/td><\/tr><tr><td>17-2020<\/td><td>Concess\u00e3o ao Sr. Francisco de Assis Moraes, T\u00edtulo de Cidad\u00e3o Po\u00e7\u00e3oense  <\/td><td><a href=\"http:\/\/www.camarapocao.pe.gov.br\/home\/images\/Consulta\/decretos\/2020\/17-2020.pdf\">PDF<\/a> <\/td><\/tr><tr><td>18-2020<\/td><td>Concess\u00e3o ao Sr. Marcelino Severiano, T\u00edtulo de Cidad\u00e3o Po\u00e7\u00e3oense  <\/td><td><a href=\"http:\/\/www.camarapocao.pe.gov.br\/home\/images\/Consulta\/decretos\/2020\/18-2020.pdf\">PDF<\/a> <\/td><\/tr><\/tbody><\/table>\n\n\n\n<p><\/p>\n","protected":false},"excerpt":{"rendered":"<p>N\u00ba do documento Descri\u00e7\u00e3o Download 01-2020 Concess\u00e3o a Sr. Dr. Carlos Maur\u00edcio Furtado, T\u00edtulo de Cidad\u00e3o Po\u00e7\u00e3oense PDF 02-2020 Concess\u00e3o a Sra. Carla Cordeiro Furtado, <a class=\"leiamais\" href=\"https:\/\/camarapocao.pe.gov.br\/v1\/decretos-aprovados-em-2020\/\"><i class=\"fa fa-angle-double-right\" aria-hidden=\"true\"><\/i><br \/>\n<\/a><\/p>\n","protected":false},"author":3,"featured_media":0,"parent":0,"menu_order":0,"comment_status":"closed","ping_status":"closed","template":"","meta":{"footnotes":""},"class_list":["post-736","page","type-page","status-publish","hentry","active"],"aioseo_notices":[],"_links":{"self":[{"href":"https:\/\/camarapocao.pe.gov.br\/v1\/wp-json\/wp\/v2\/pages\/736","targetHints":{"allow":["GET"]}}],"collection":[{"href":"https:\/\/camarapocao.pe.gov.br\/v1\/wp-json\/wp\/v2\/pages"}],"about":[{"href":"https:\/\/camarapocao.pe.gov.br\/v1\/wp-json\/wp\/v2\/types\/page"}],"author":[{"embeddable":true,"href":"https:\/\/camarapocao.pe.gov.br\/v1\/wp-json\/wp\/v2\/users\/3"}],"replies":[{"embeddable":true,"href":"https:\/\/camarapocao.pe.gov.br\/v1\/wp-json\/wp\/v2\/comments?post=736"}],"version-history":[{"count":4,"href":"https:\/\/camarapocao.pe.gov.br\/v1\/wp-json\/wp\/v2\/pages\/736\/revisions"}],"predecessor-version":[{"id":779,"href":"https:\/\/camarapocao.pe.gov.br\/v1\/wp-json\/wp\/v2\/pages\/736\/revisions\/779"}],"wp:attachment":[{"href":"https:\/\/camarapocao.pe.gov.br\/v1\/wp-json\/wp\/v2\/media?parent=736"}],"curies":[{"name":"wp","href":"https:\/\/api.w.org\/{rel}","templated":true}]}}

<table class="wp-block-table aligncenter is-style-stripes"><tbody><tr><td><strong>Nº do documento</strong></td><td><strong>Descrição</strong></td><td><strong>Download</strong></td></tr><tr><td>01-2020</td><td>Concessão a Sr. Dr. Carlos Maurício Furtado, Título de Cidadão Poçãoense </td><td><a href="http://www.camarapocao.pe.gov.br/home/images/Consulta/decretos/2020/01-2020.pdf">PDF</a></td></tr><tr><td>02-2020</td><td> Concessão a Sra. Carla Cordeiro Furtado, Título de Cidadã Poçãoense </td><td> <a href="http://www.camarapocao.pe.gov.br/home/images/Consulta/decretos/2020/02-2020.pdf">PDF</a> </td></tr><tr><td>03-2020</td><td>Concessão a Sra. Carla Cordeiro Furtado, Medalha Malaquias Vieira</td><td><a href="http://www.camarapocao.pe.gov.br/home/images/Consulta/decretos/2020/03-2020.pdf">PDF</a> </td></tr><tr><td>04-2020</td><td>Concessão ao Sr. Renê Cintra, Título de Cidadão Poçãoense </td><td><a href="http://www.camarapocao.pe.gov.br/home/images/Consulta/decretos/2020/04-2020.pdf">PDF</a> </td></tr><tr><td>05-2020 </td><td>Concessão ao Sr. Marcelo Meira Filho, Título de Cidadão Poçãoense  </td><td><a href="http://www.camarapocao.pe.gov.br/home/images/Consulta/decretos/2020/05-2020.pdf">PDF</a> </td></tr><tr><td>06-2020 </td><td>Concessão ao Sra. Annabel de Brito, Título de Cidadã Poçãoense  </td><td><a href="http://www.camarapocao.pe.gov.br/home/images/Consulta/decretos/2020/06-2020.pdf">PDF</a> </td></tr><tr><td>07-2020 </td><td>Concessão ao Sr. Marcelo da Mota, Título de Cidadão Poçãoense  </td><td><a href="http://www.camarapocao.pe.gov.br/home/images/Consulta/decretos/2020/07-2020.pdf">PDF</a> </td></tr><tr><td>08-2020 </td><td>Concessão ao Sr. Maik Charles Caldas, Título de Cidadão Poçãoense</td><td><a href="http://www.camarapocao.pe.gov.br/home/images/Consulta/decretos/2020/08-2020.pdf">PDF</a> </td></tr><tr><td>09-2020 </td><td>Concessão ao Sra. Maysa da Silva, Título de Cidadã Poçãoense </td><td><a href="http://www.camarapocao.pe.gov.br/home/images/Consulta/decretos/2020/09-2020.pdf">PDF</a> </td></tr><tr><td>10-2020</td><td>Concessão ao Sra. Cristina Lourenço, Título de Cidadã Poçãoense  </td><td><a href="http://www.camarapocao.pe.gov.br/home/images/Consulta/decretos/2020/10-2020.pdf">PDF</a> </td></tr><tr><td>11-2020</td><td>Concessão ao Sr. Rafael Malafaia, Título de Cidadão Poçãoense </td><td><a href="http://www.camarapocao.pe.gov.br/home/images/Consulta/decretos/2020/11-2020.pdf">PDF</a> </td></tr><tr><td>12-2020 </td><td>Concessão ao Sr. Veridiano Almeida, Título de Cidadão Poçãoense </td><td><a href="http://www.camarapocao.pe.gov.br/home/images/Consulta/decretos/2020/12-2020.pdf">PDF</a> </td></tr><tr><td>13-2020 </td><td>Concessão ao Sra. Paula Roberta Gomes, Título de Cidadã Poçãoense   </td><td><a href="http://www.camarapocao.pe.gov.br/home/images/Consulta/decretos/2020/13-2020.pdf">PDF</a> </td></tr><tr><td>14-2020</td><td>Concessão ao Sra. Josefa Sueli da Silva, Título de Cidadã Poçãoense   </td><td><a href="http://www.camarapocao.pe.gov.br/home/images/Consulta/decretos/2020/14-2020.pdf">PDF</a> </td></tr><tr><td>15-2020</td><td>Concessão ao Sr. Luan Duarte, Medalha Malaquias Vieira </td><td><a href="http://www.camarapocao.pe.gov.br/home/images/Consulta/decretos/2020/15-2020.pdf">PDF</a> </td></tr><tr><td>16-2020</td><td>Concessão ao Sr. Douglas Medeiros, Medalha Malaquias Vieira </td><td><a href="http://www.camarapocao.pe.gov.br/home/images/Consulta/decretos/2020/16-2020.pdf">PDF</a> </td></tr><tr><td>17-2020</td><td>Concessão ao Sr. Francisco de Assis Moraes, Título de Cidadão Poçãoense  </td><td><a href="http://www.camarapocao.pe.gov.br/home/images/Consulta/decretos/2020/17-2020.pdf">PDF</a> </td></tr><tr><td>18-2020</td><td>Concessão ao Sr. Marcelino Severiano, Título de Cidadão Poçãoense  </td><td><a href="http://www.camarapocao.pe.gov.br/home/images/Consulta/decretos/2020/18-2020.pdf">PDF</a> </td></tr></tbody></table>



<p></p>

<p>Nº do documento Descrição Download 01-2020 Concessão a Sr. Dr. Carlos Maurício Furtado, Título de Cidadão Poçãoense PDF 02-2020 Concessão a Sra. Carla Cordeiro Furtado, <a class="leiamais" href="https://camarapocao.pe.gov.br/v1/decretos-aprovados-em-2020/"><i class="fa fa-angle-double-right" aria-hidden="true"></i><br />
</a></p>
