{"id":719,"date":"2020-03-14T23:22:24","date_gmt":"2020-03-15T02:22:24","guid":{"rendered":"http:\/\/camarapocao.pe.gov.br\/?page_id=719"},"modified":"2026-01-20T21:58:48","modified_gmt":"2026-01-21T00:58:48","slug":"contratos-fechados-em-2020","status":"publish","type":"page","link":"https:\/\/camarapocao.pe.gov.br\/v1\/contratos-fechados-em-2020\/","title":{"rendered":"Contratos fechados em 2020"},"content":{"rendered":"\r\n<p>&nbsp;<\/p>\r\n\r\n\r\n\r\n<table class=\"wp-block-table is-style-stripes\">\r\n<tbody>\r\n<tr>\r\n<td><strong>N\u00ba do documento<\/strong><\/td>\r\n<td><strong>Descri\u00e7\u00e3o<\/strong><\/td>\r\n<td><strong>Download<\/strong><\/td>\r\n<\/tr>\r\n<tr>\r\n<td>1\/2020<\/td>\r\n<td><br \/>Contrato de presta\u00e7\u00e3o de servi\u00e7os gerais<\/td>\r\n<td><a href=\"http:\/\/www.camarapocao.pe.gov.br\/home\/images\/Consulta\/contratos\/2020\/01-2020.pdf\">PDF<\/a><\/td>\r\n<\/tr>\r\n<tr>\r\n<td>2\/2020<\/td>\r\n<td>Contrato para desenvolvimento, implanta\u00e7\u00e3o, manuten\u00e7\u00e3o mensal, suporte e direito de uso do sistema de protocolo SCC<\/td>\r\n<td><a href=\"http:\/\/www.camarapocao.pe.gov.br\/home\/images\/Consulta\/contratos\/2020\/02-2020.pdf\">PDF<\/a><\/td>\r\n<\/tr>\r\n<tr>\r\n<td>3\/2020<\/td>\r\n<td>Fornecimento de \u00e1gua pot\u00e1vel para atender as necessidades da C\u00e2mara Municipal<\/td>\r\n<td><a href=\"http:\/\/www.camarapocao.pe.gov.br\/home\/images\/Consulta\/contratos\/2020\/03-2020.pdf\">PDF<\/a><\/td>\r\n<\/tr>\r\n<tr>\r\n<td>4\/2020<\/td>\r\n<td>Contrato de loca\u00e7\u00e3o de imovel para utiliza\u00e7\u00e3o como garagem para ve\u00edculo oficial<\/td>\r\n<td><a href=\"http:\/\/www.camarapocao.pe.gov.br\/home\/images\/Consulta\/contratos\/2020\/04-2020.pdf\">PDF<\/a><\/td>\r\n<\/tr>\r\n<tr>\r\n<td>5\/2020<\/td>\r\n<td>Contrato de presta\u00e7\u00e3o de servi\u00e7os de fornecimento de enlace dedicado com acesso \u00e0 internet atrav\u00e9s de radiofrequ\u00eancia<\/td>\r\n<td><a href=\"http:\/\/www.camarapocao.pe.gov.br\/home\/images\/Consulta\/contratos\/2020\/05-2020.pdf\">PDF<\/a><\/td>\r\n<\/tr>\r\n<tr>\r\n<td>6\/2020<\/td>\r\n<td>Contrato de presta\u00e7\u00e3o de servi\u00e7os t\u00e9cnicos especializados em consultoria, assessoria e loca\u00e7\u00e3o de software para controle do patrim\u00f4nio da C\u00e2mara Municipal<\/td>\r\n<td><a href=\"http:\/\/www.camarapocao.pe.gov.br\/home\/images\/Consulta\/contratos\/2020\/06-2020.pdf\">PDF<\/a><\/td>\r\n<\/tr>\r\n<tr>\r\n<td>7\/2020<\/td>\r\n<td>Cess\u00e3o de uso de Sistema de Gerenciamento de Publica\u00e7\u00e3o de documentos em meio eletr\u00f4nico para Portal da Transpar\u00eancia<\/td>\r\n<td><br \/><a href=\"http:\/\/www.camarapocao.pe.gov.br\/home\/images\/Consulta\/contratos\/2020\/07-2020.pdf\">PDF<\/a><\/td>\r\n<\/tr>\r\n<tr>\r\n<td>08\/2020<\/td>\r\n<td>Contrato de presta\u00e7\u00e3o de servi\u00e7o de hospedagem, manuten\u00e7\u00e3o e atualiza\u00e7\u00e3o de Portal da C\u00e2mara Municipal de Po\u00e7\u00e3o na internet<\/td>\r\n<td><a href=\"http:\/\/www.camarapocao.pe.gov.br\/home\/images\/Consulta\/contratos\/2020\/08-2020.pdf\">PDF<\/a><\/td>\r\n<\/tr>\r\n<tr>\r\n<td>09\/2020<\/td>\r\n<td>Contrata\u00e7\u00e3o de pessoa jur\u00eddica para presta\u00e7\u00e3o de servi\u00e7os especializados em gera\u00e7\u00e3o de folha de pagamentos e relat\u00f3rios<\/td>\r\n<td><br \/><a href=\"http:\/\/www.camarapocao.pe.gov.br\/home\/images\/Consulta\/contratos\/2020\/09-2020.pdf\">PDF<\/a><\/td>\r\n<\/tr>\r\n<tr>\r\n<td>10\/2020<\/td>\r\n<td>Contrato de presta\u00e7\u00e3o de servi\u00e7os de dedetiza\u00e7\u00e3o em \u00e1rea interna e externa do pr\u00e9dio da C\u00e2mara Municipal<\/td>\r\n<td><a href=\"http:\/\/www.camarapocao.pe.gov.br\/home\/images\/Consulta\/contratos\/2020\/10-2020.pdf\">PDF<\/a><\/td>\r\n<\/tr>\r\n<tr>\r\n<td>11\/2020<\/td>\r\n<td>Contrato de presta\u00e7\u00e3o de servi\u00e7os profissionais de filmagem das sess\u00f5es ordin\u00e1rias e extraordin\u00e1rias da C\u00e2mara Municipal de Po\u00e7\u00e3o<\/td>\r\n<td><a href=\"http:\/\/www.camarapocao.pe.gov.br\/home\/images\/Consulta\/contratos\/2020\/11-2020.pdf\">PDF<\/a><\/td>\r\n<\/tr>\r\n<tr>\r\n<td>12\/2020<\/td>\r\n<td>Contrata\u00e7\u00e3o de pessoa jur\u00eddica para a presta\u00e7\u00e3o de servi\u00e7os de digitaliza\u00e7\u00e3o de documentos<\/td>\r\n<td><br \/><a href=\"http:\/\/www.camarapocao.pe.gov.br\/home\/images\/Consulta\/contratos\/2020\/12-2020.pdf\">PDF<\/a><\/td>\r\n<\/tr>\r\n<tr>\r\n<td>13\/2020<\/td>\r\n<td>Contrato de presta\u00e7\u00e3o de servi\u00e7os de transi\u00e7\u00e3o de dados &#8220;atas, leis, resolu\u00e7\u00f5es, decretos e outros para registro nos anais desta, conforme necessidade<\/td>\r\n<td><a href=\"http:\/\/www.camarapocao.pe.gov.br\/home\/images\/Consulta\/contratos\/2020\/13-2020.pdf\">PDF<\/a><\/td>\r\n<\/tr>\r\n<tr>\r\n<td>14\/2020<\/td>\r\n<td>Contrata\u00e7\u00e3o de presta\u00e7\u00e3o de servi\u00e7os de manuten\u00e7\u00e3o mensal dos microcomputadores e da rede de computadores da C\u00e2mara de Po\u00e7\u00e3o<\/td>\r\n<td><a href=\"http:\/\/www.camarapocao.pe.gov.br\/home\/images\/Consulta\/contratos\/2020\/14-2020.pdf\">PDF<\/a><\/td>\r\n<\/tr>\r\n<tr>\r\n<td>15\/2020<\/td>\r\n<td>Contrata\u00e7\u00e3o de presta\u00e7\u00e3o de servi\u00e7os de consultoria administrativa e jur\u00eddica ao controle interno da C\u00e2mara de Po\u00e7\u00e3o<\/td>\r\n<td><a href=\"http:\/\/www.camarapocao.pe.gov.br\/home\/images\/Consulta\/contratos\/2020\/15-2020.pdf\">PDF<\/a><\/td>\r\n<\/tr>\r\n<tr>\r\n<td>16\/2020<\/td>\r\n<td>Contrato de presta\u00e7\u00e3o de servi\u00e7os de dedetiza\u00e7\u00e3o do pr\u00e9dio da C\u00e2mara de Po\u00e7\u00e3o<\/td>\r\n<td><a href=\"http:\/\/www.camarapocao.pe.gov.br\/home\/images\/Consulta\/contratos\/2020\/16-2020.pdf\">PDF<\/a><\/td>\r\n<\/tr>\r\n<tr>\r\n<td>17\/2020<\/td>\r\n<td>Documento indispon\u00edvel<\/td>\r\n<td>PDF<\/td>\r\n<\/tr>\r\n<tr>\r\n<td>11\/2020*<\/td>\r\n<td>Distrato do contrato N\u00ba 11\/2020<\/td>\r\n<td><a href=\"http:\/\/www.camarapocao.pe.gov.br\/home\/images\/Consulta\/contratos\/2020\/distrato11-2020.pdf\">PDF<\/a><\/td>\r\n<\/tr>\r\n<tr>\r\n<td>15\/2020*<\/td>\r\n<td>Distrato do contrato N\u00ba 15\/2020<\/td>\r\n<td><a href=\"http:\/\/www.camarapocao.pe.gov.br\/home\/images\/Consulta\/contratos\/2020\/distrato15-2020.pdf\">PDF<\/a><\/td>\r\n<\/tr>\r\n<tr>\r\n<td>Termo aditivo<\/td>\r\n<td>Termo aditivo de prorroga\u00e7\u00e3o do contrato de presta\u00e7\u00e3o de servi\u00e7os de assessoria cont\u00e1bil entre a C\u00e2mara de Po\u00e7\u00e3o e a empresa Conth\u00e1bil Governamental Accounting<\/td>\r\n<td><a href=\"http:\/\/www.camarapocao.pe.gov.br\/home\/images\/Consulta\/contratos\/2020\/termo_aditivo_contrato.pdf\">PDF<\/a><\/td>\r\n<\/tr>\r\n<tr>\r\n<td>16\/2019*<\/td>\r\n<td><br \/>Distrato do contrato N\u00ba 16\/2019<\/td>\r\n<td><a href=\"http:\/\/www.camarapocao.pe.gov.br\/home\/images\/Consulta\/contratos\/2020\/distrato16-2019.pdf\">PDF<\/a><\/td>\r\n<\/tr>\r\n<tr>\r\n<td>18\/2020<\/td>\r\n<td>Contrato de presta\u00e7\u00e3o de servi\u00e7os de assessoria jur\u00eddica e legislativa<\/td>\r\n<td><a href=\"http:\/\/www.camarapocao.pe.gov.br\/home\/images\/Consulta\/contratos\/2020\/18-2020.pdf\">PDF<\/a><\/td>\r\n<\/tr>\r\n<tr>\r\n<td>02-2020*<\/td>\r\n<td>Distrato do contrato N\u00ba 02\/2020<\/td>\r\n<td><a href=\"http:\/\/www.camarapocao.pe.gov.br\/home\/images\/Consulta\/contratos\/2020\/distrato16-2020.pdf\">PDF<\/a><\/td>\r\n<\/tr>\r\n<tr>\r\n<td>17\/2020*<\/td>\r\n<td>Documento indispon\u00edvel<\/td>\r\n<td>PDF<\/td>\r\n<\/tr>\r\n<\/tbody>\r\n<\/table>\r\n\r\n\r\n\r\n<p>&nbsp;<\/p>\r\n\r\n<p><!--EndFragment--><\/p>\r\n<p>&nbsp;<\/p>","protected":false},"excerpt":{"rendered":"<p>&nbsp; N\u00ba do documento Descri\u00e7\u00e3o Download 1\/2020 Contrato de presta\u00e7\u00e3o de servi\u00e7os gerais PDF 2\/2020 Contrato para desenvolvimento, implanta\u00e7\u00e3o, manuten\u00e7\u00e3o mensal, suporte e direito de <a class=\"leiamais\" href=\"https:\/\/camarapocao.pe.gov.br\/v1\/contratos-fechados-em-2020\/\"><i class=\"fa fa-angle-double-right\" aria-hidden=\"true\"><\/i><br \/>\n<\/a><\/p>\n","protected":false},"author":3,"featured_media":0,"parent":0,"menu_order":0,"comment_status":"closed","ping_status":"closed","template":"","meta":{"footnotes":""},"class_list":["post-719","page","type-page","status-publish","hentry","active"],"aioseo_notices":[],"_links":{"self":[{"href":"https:\/\/camarapocao.pe.gov.br\/v1\/wp-json\/wp\/v2\/pages\/719","targetHints":{"allow":["GET"]}}],"collection":[{"href":"https:\/\/camarapocao.pe.gov.br\/v1\/wp-json\/wp\/v2\/pages"}],"about":[{"href":"https:\/\/camarapocao.pe.gov.br\/v1\/wp-json\/wp\/v2\/types\/page"}],"author":[{"embeddable":true,"href":"https:\/\/camarapocao.pe.gov.br\/v1\/wp-json\/wp\/v2\/users\/3"}],"replies":[{"embeddable":true,"href":"https:\/\/camarapocao.pe.gov.br\/v1\/wp-json\/wp\/v2\/comments?post=719"}],"version-history":[{"count":12,"href":"https:\/\/camarapocao.pe.gov.br\/v1\/wp-json\/wp\/v2\/pages\/719\/revisions"}],"predecessor-version":[{"id":2058,"href":"https:\/\/camarapocao.pe.gov.br\/v1\/wp-json\/wp\/v2\/pages\/719\/revisions\/2058"}],"wp:attachment":[{"href":"https:\/\/camarapocao.pe.gov.br\/v1\/wp-json\/wp\/v2\/media?parent=719"}],"curies":[{"name":"wp","href":"https:\/\/api.w.org\/{rel}","templated":true}]}}