{"id":686,"date":"2019-11-03T17:47:19","date_gmt":"2019-11-03T20:47:19","guid":{"rendered":"http:\/\/camarapocao.pe.gov.br\/?page_id=686"},"modified":"2020-03-14T20:30:43","modified_gmt":"2020-03-14T23:30:43","slug":"decretos-aprovados-em-2019","status":"publish","type":"page","link":"https:\/\/camarapocao.pe.gov.br\/v1\/decretos-aprovados-em-2019\/","title":{"rendered":"Decretos aprovados em 2019"},"content":{"rendered":"\n<table class=\"wp-block-table is-style-stripes\"><tbody><tr><td><strong>N\u00ba do documento<\/strong><\/td><td><strong>Descri\u00e7\u00e3o<\/strong><\/td><td><strong>Download<\/strong><\/td><\/tr><tr><td>01\/2019<\/td><td>Concede a Sra. Themes Jaciara Mergulh\u00e3o, t\u00edtulo de cidad\u00e3 po\u00e7\u00e3oense<\/td><td> <a href=\"http:\/\/www.camarapocao.pe.gov.br\/home\/images\/Consulta\/decretos\/2019\/01.pdf\">PDF<\/a> <\/td><\/tr><tr><td>02\/2019<\/td><td>Concess\u00e3o ao Sr. Igor Aguiar, T\u00edtulo de Cidad\u00e3o Po\u00e7\u00e3oense<\/td><td> <a href=\"http:\/\/www.camarapocao.pe.gov.br\/home\/images\/Consulta\/decretos\/2019\/02.pdf\">PDF<\/a> <\/td><\/tr><tr><td>03\/2019<\/td><td>Concess\u00e3o ao Sr. Roberto de Souza, T\u00edtulo de Cidad\u00e3o Po\u00e7\u00e3oense<\/td><td><a href=\"http:\/\/www.camarapocao.pe.gov.br\/home\/images\/Consulta\/decretos\/2019\/03.pdf\">PDF<\/a> <\/td><\/tr><tr><td>04\/2019<\/td><td>Concess\u00e3o a Sra. Ver\u00f4nica Fagundes Almeida, T\u00edtulo de Cidad\u00e3o Po\u00e7\u00e3oense <\/td><td><a href=\"http:\/\/www.camarapocao.pe.gov.br\/home\/images\/Consulta\/decretos\/2019\/04.pdf\">PDF<\/a> <\/td><\/tr><tr><td>05\/2019<\/td><td>Concess\u00e3o a Sra. Danusia Lopes de Oliveira Sousa Correia, T\u00edtulo de Cidad\u00e3o Po\u00e7\u00e3oense <\/td><td><a href=\"http:\/\/www.camarapocao.pe.gov.br\/home\/images\/Consulta\/decretos\/2019\/05.pdf\">PDF<\/a> <\/td><\/tr><\/tbody><\/table>\n\n\n\n<p><\/p>\n","protected":false},"excerpt":{"rendered":"<p>N\u00ba do documento Descri\u00e7\u00e3o Download 01\/2019 Concede a Sra. Themes Jaciara Mergulh\u00e3o, t\u00edtulo de cidad\u00e3 po\u00e7\u00e3oense PDF 02\/2019 Concess\u00e3o ao Sr. Igor Aguiar, T\u00edtulo de <a class=\"leiamais\" href=\"https:\/\/camarapocao.pe.gov.br\/v1\/decretos-aprovados-em-2019\/\"><i class=\"fa fa-angle-double-right\" aria-hidden=\"true\"><\/i><br \/>\n<\/a><\/p>\n","protected":false},"author":3,"featured_media":0,"parent":0,"menu_order":0,"comment_status":"closed","ping_status":"closed","template":"","meta":{"footnotes":""},"class_list":["post-686","page","type-page","status-publish","hentry","active"],"aioseo_notices":[],"_links":{"self":[{"href":"https:\/\/camarapocao.pe.gov.br\/v1\/wp-json\/wp\/v2\/pages\/686","targetHints":{"allow":["GET"]}}],"collection":[{"href":"https:\/\/camarapocao.pe.gov.br\/v1\/wp-json\/wp\/v2\/pages"}],"about":[{"href":"https:\/\/camarapocao.pe.gov.br\/v1\/wp-json\/wp\/v2\/types\/page"}],"author":[{"embeddable":true,"href":"https:\/\/camarapocao.pe.gov.br\/v1\/wp-json\/wp\/v2\/users\/3"}],"replies":[{"embeddable":true,"href":"https:\/\/camarapocao.pe.gov.br\/v1\/wp-json\/wp\/v2\/comments?post=686"}],"version-history":[{"count":3,"href":"https:\/\/camarapocao.pe.gov.br\/v1\/wp-json\/wp\/v2\/pages\/686\/revisions"}],"predecessor-version":[{"id":714,"href":"https:\/\/camarapocao.pe.gov.br\/v1\/wp-json\/wp\/v2\/pages\/686\/revisions\/714"}],"wp:attachment":[{"href":"https:\/\/camarapocao.pe.gov.br\/v1\/wp-json\/wp\/v2\/media?parent=686"}],"curies":[{"name":"wp","href":"https:\/\/api.w.org\/{rel}","templated":true}]}}

<table class="wp-block-table is-style-stripes"><tbody><tr><td><strong>Nº do documento</strong></td><td><strong>Descrição</strong></td><td><strong>Download</strong></td></tr><tr><td>01/2019</td><td>Concede a Sra. Themes Jaciara Mergulhão, título de cidadã poçãoense</td><td> <a href="http://www.camarapocao.pe.gov.br/home/images/Consulta/decretos/2019/01.pdf">PDF</a> </td></tr><tr><td>02/2019</td><td>Concessão ao Sr. Igor Aguiar, Título de Cidadão Poçãoense</td><td> <a href="http://www.camarapocao.pe.gov.br/home/images/Consulta/decretos/2019/02.pdf">PDF</a> </td></tr><tr><td>03/2019</td><td>Concessão ao Sr. Roberto de Souza, Título de Cidadão Poçãoense</td><td><a href="http://www.camarapocao.pe.gov.br/home/images/Consulta/decretos/2019/03.pdf">PDF</a> </td></tr><tr><td>04/2019</td><td>Concessão a Sra. Verônica Fagundes Almeida, Título de Cidadão Poçãoense </td><td><a href="http://www.camarapocao.pe.gov.br/home/images/Consulta/decretos/2019/04.pdf">PDF</a> </td></tr><tr><td>05/2019</td><td>Concessão a Sra. Danusia Lopes de Oliveira Sousa Correia, Título de Cidadão Poçãoense </td><td><a href="http://www.camarapocao.pe.gov.br/home/images/Consulta/decretos/2019/05.pdf">PDF</a> </td></tr></tbody></table>



<p></p>

<p>Nº do documento Descrição Download 01/2019 Concede a Sra. Themes Jaciara Mergulhão, título de cidadã poçãoense PDF 02/2019 Concessão ao Sr. Igor Aguiar, Título de <a class="leiamais" href="https://camarapocao.pe.gov.br/v1/decretos-aprovados-em-2019/"><i class="fa fa-angle-double-right" aria-hidden="true"></i><br />
</a></p>
