{"id":536,"date":"2019-02-25T14:53:16","date_gmt":"2019-02-25T17:53:16","guid":{"rendered":"http:\/\/camarapocao.pe.gov.br\/v1\/?page_id=536"},"modified":"2019-02-25T14:53:16","modified_gmt":"2019-02-25T17:53:16","slug":"portarias-2015","status":"publish","type":"page","link":"https:\/\/camarapocao.pe.gov.br\/v1\/portarias-2015\/","title":{"rendered":"Portarias 2015"},"content":{"rendered":"\n<table class=\"wp-block-table is-style-stripes\"><tbody><tr><td><strong>N\u00ba do documento<\/strong><\/td><td><strong>Descri\u00e7\u00e3o<\/strong><\/td><td><strong>Download<\/strong><\/td><\/tr><tr><td>01\/2015<\/td><td>Designa os \nvereadores Iracema Luiza da Silva, Evandro Aguiar e Wrides Mendes Paz, \npara sob a Presid\u00eancia do primeiro, comporem a Comiss\u00e3o Permanente de \nRepresenta\u00e7\u00e3o. Que funcionar\u00e1 entre 01 de janeiro a 15 de fevereiro do \ncorrente ano.<\/td><td><a href=\"http:\/\/www.camarapocao.pe.gov.br\/home\/images\/Consulta\/portarias\/2015\/01-2015.pdf\" target=\"_blank\" rel=\"noreferrer noopener\">PDF<\/a><\/td><\/tr><tr><td>02\/2015<\/td><td>Designa a \nservidora Hozaneide paiva para representar a unidade gestora da C\u00e2mara \nMunicipal de Po\u00e7\u00e3o\/PE como Gerenciador de Sistema na Opera\u00e7\u00e3o do Sistema\n de Acompanhamento da Gest\u00e3o dos Recursos da Sociedade (SAGRES)<\/td><td><a href=\"http:\/\/www.camarapocao.pe.gov.br\/home\/images\/Consulta\/portarias\/2015\/02-2015.pdf\" target=\"_blank\" rel=\"noreferrer noopener\">PDF<\/a><\/td><\/tr><tr><td>03\/2015<\/td><td>Nomeia o Sr. Jos\u00e9 Genailson Bezerra para ocupar o cargo comissionado de Secret\u00e1rio Administrativo<\/td><td><a href=\"http:\/\/www.camarapocao.pe.gov.br\/home\/images\/Consulta\/portarias\/2015\/03-2015.pdf\" target=\"_blank\" rel=\"noreferrer noopener\">PDF<\/a><\/td><\/tr><tr><td>04\/2015<\/td><td>Dispensa a \nSra Cristiane Caetano da situa\u00e7\u00e3o de representante da unidade gestora da\n C\u00e2mara Municipal de Po\u00e7\u00e3o\/PE, como Gerenciador de Sistemas na opera\u00e7\u00e3o \ndo SCUG<\/td><td><a href=\"http:\/\/www.camarapocao.pe.gov.br\/home\/images\/Consulta\/portarias\/2015\/04-2015.pdf\" target=\"_blank\" rel=\"noreferrer noopener\">PDF<\/a><\/td><\/tr><tr><td>05\/2015<\/td><td>Dispensa a \nSra Cristiane Caetano da atribui\u00e7\u00e3o de representante da unidade gestora \nda C\u00e2mara Municipal de Po\u00e7\u00e3o\/PE, como Gerenciador de Sistemas de \nAcompanhamento da Gest\u00e3o dos Recursos da Sociedade (SAGRES)<\/td><td><a href=\"http:\/\/www.camarapocao.pe.gov.br\/home\/images\/Consulta\/portarias\/2015\/05-2015.pdf\" target=\"_blank\" rel=\"noreferrer noopener\">PDF<\/a><\/td><\/tr><tr><td>06\/2015<\/td><td>Designa o servidor Jos\u00e9 Genailson Bezerra para ficar encarregado da confec\u00e7\u00e3o da folha de pagamento e demais atos de pessoal<\/td><td><a href=\"http:\/\/www.camarapocao.pe.gov.br\/home\/images\/Consulta\/portarias\/2015\/06-2015.pdf\" target=\"_blank\" rel=\"noreferrer noopener\">PDF<\/a><\/td><\/tr><tr><td>07\/2015<\/td><td>Designa o \nSr Jos\u00e9 Genailson Bezerra para representar a unidade gestora da C\u00e2mara \nMunicipal de Po\u00e7\u00e3o\/PE como Gerenciador de Sistema na opera\u00e7\u00e3o do SCUG<\/td><td><a href=\"http:\/\/www.camarapocao.pe.gov.br\/home\/images\/Consulta\/portarias\/2015\/07-2015.pdf\" target=\"_blank\" rel=\"noreferrer noopener\">PDF<\/a><\/td><\/tr><tr><td>08\/2015<\/td><td>Designa o \nSr. Jos\u00e9 Genailson Bezerra para representar a unidade gestora da C\u00e2mara \nMunicipal de Po\u00e7\u00e3o\/PE como Gerenciador de Recursos da Sociedade &#8211; SAGRES<\/td><td><a href=\"http:\/\/www.camarapocao.pe.gov.br\/home\/images\/Consulta\/portarias\/2015\/08-2015.pdf\" target=\"_blank\" rel=\"noreferrer noopener\">PDF<\/a><\/td><\/tr><tr><td>09\/2015<\/td><td>Dispensa a \nSra Cristiane Caetano da atribui\u00e7\u00e3o de representante da unidade gestora \nda C\u00e2mara Municipal de Po\u00e7\u00e3o\/PE como gerenciador de Sistema na opera\u00e7\u00e3o \ndo SAGRES<\/td><td><a href=\"http:\/\/www.camarapocao.pe.gov.br\/home\/images\/Consulta\/portarias\/2015\/09-2015.pdf\" target=\"_blank\" rel=\"noreferrer noopener\">PDF<\/a><\/td><\/tr><tr><td>10\/2015<\/td><td>Designa o \nSr Jos\u00e9 Renato Alves de Mendo\u00e7a para representar a unidade gestora da \nC\u00e2mara Municipal de Po\u00e7\u00e3o\/PE como Gerenciador de Sistema na Opera\u00e7\u00e3o do \nSAGRES<\/td><td><a href=\"http:\/\/www.camarapocao.pe.gov.br\/home\/images\/Consulta\/portarias\/2015\/10-2015.pdf\" target=\"_blank\" rel=\"noreferrer noopener\">PDF<\/a><\/td><\/tr><tr><td>11\/2015<\/td><td>Dispensa a \nSra Suzana Bezerra da Silva da atribui\u00e7\u00e3o de representante da unidade \ngestora da C\u00e2mara Municipal de Po\u00e7\u00e3o\/PE, como Gerenciador de Sistema na \nopera\u00e7\u00e3o do SCUG<\/td><td><a href=\"http:\/\/www.camarapocao.pe.gov.br\/home\/images\/Consulta\/portarias\/2015\/11-2015.pdf\" target=\"_blank\" rel=\"noreferrer noopener\">PDF<\/a><\/td><\/tr><tr><td>12\/2015<\/td><td>Nomeia os \nservidores Jos\u00e9 Genailson Bezerra, Hozaneide Paiva e Givanildo Menino da\n Silva sob a Presid\u00eancia do primeiro nomeado, para comporem a Comiss\u00e3o \nde Licita\u00e7\u00e3o desta Casa Legislativa.<\/td><td><a href=\"http:\/\/www.camarapocao.pe.gov.br\/home\/images\/Consulta\/portarias\/2015\/12-2015.pdf\" target=\"_blank\" rel=\"noreferrer noopener\">PDF<\/a><\/td><\/tr><tr><td>13\/2015<\/td><td>Designa os \nseguintes vereadores para comporem as comiss\u00f5es permanentes da C\u00e2mara \nMunicipal de Po\u00e7\u00e3o para o bi\u00eanio 2015\/2016 (COMISS\u00c3O DE REDA\u00c7\u00c3O E \nJUSTI\u00c7A)<\/td><td><a href=\"http:\/\/www.camarapocao.pe.gov.br\/home\/images\/Consulta\/portarias\/2015\/13-2015.pdf\" target=\"_blank\" rel=\"noreferrer noopener\">PDF<\/a><\/td><\/tr><tr><td>14\/2015<\/td><td>Nomeia o servidor Pablo dos Santos para ocupar o cargo comissionado de Assistente Parlamentar.<\/td><td><a href=\"http:\/\/www.camarapocao.pe.gov.br\/home\/images\/Consulta\/portarias\/2015\/14-2015.pdf\" target=\"_blank\" rel=\"noreferrer noopener\">PDF<\/a><\/td><\/tr><tr><td>15\/2015<\/td><td>Nomeia a servidora F\u00e1bia Costa para ocupar o cargo comissionado &nbsp;de Assistente Parlamentar.<\/td><td><a href=\"http:\/\/www.camarapocao.pe.gov.br\/home\/images\/Consulta\/portarias\/2015\/15-2015.pdf\" target=\"_blank\" rel=\"noreferrer noopener\">PDF<\/a><\/td><\/tr><tr><td>16\/2015<\/td><td>Revoga para todos os efeitos a portaria n\u00b0 15 de 03 mar\u00e7o de 2015<\/td><td><a href=\"http:\/\/www.camarapocao.pe.gov.br\/home\/images\/Consulta\/portarias\/2015\/16-2015.pdf\" target=\"_blank\" rel=\"noreferrer noopener\">PDF<\/a><\/td><\/tr><tr><td>17\/2015<\/td><td>Concede ao servidor Givanildo Menino, f\u00e9rias anual a que tem direito.<\/td><td><a href=\"http:\/\/www.camarapocao.pe.gov.br\/home\/images\/Consulta\/portarias\/2015\/17-2015.pdf\" target=\"_blank\" rel=\"noreferrer noopener\">PDF<\/a><\/td><\/tr><tr><td>18\/2015<\/td><td>Concede ao servidor Jos\u00e9 Renato Mendon\u00e7a, f\u00e9rias anual a que tem direito.<\/td><td><a href=\"http:\/\/www.camarapocao.pe.gov.br\/home\/images\/Consulta\/portarias\/2015\/18-2015.pdf\" target=\"_blank\" rel=\"noreferrer noopener\">PDF<\/a><\/td><\/tr><tr><td>19\/2015<\/td><td>Suspende as f\u00e9rias do servidor Jos\u00e9 Renato Mendon\u00e7a<\/td><td><a href=\"http:\/\/www.camarapocao.pe.gov.br\/home\/images\/Consulta\/portarias\/2015\/19-2015.pdf\" target=\"_blank\" rel=\"noreferrer noopener\">PDF<\/a><\/td><\/tr><tr><td>20\/2015<\/td><td>Nomeia a servidora Katarina Cristiane Leite para ocupar o cargo comissionado de Assistente Parlamentar.<\/td><td><a href=\"http:\/\/www.camarapocao.pe.gov.br\/home\/images\/Consulta\/portarias\/2015\/20-2015.pdf\" target=\"_blank\" rel=\"noreferrer noopener\">PDF<\/a>&nbsp;<\/td><\/tr><tr><td>21\/2015<\/td><td>Concede a servidora Suzana Bezerra da Silva Paes f\u00e9rias anual, a que tem direito.<\/td><td><a href=\"http:\/\/www.camarapocao.pe.gov.br\/home\/images\/Consulta\/portarias\/2015\/21-2015.pdf\" target=\"_blank\" rel=\"noreferrer noopener\">PDF<\/a>&nbsp;<\/td><\/tr><tr><td>22\/2015<\/td><td>Suspende as f\u00e9rias da servidora Suzana Paes, a qual foi concedida atrav\u00e9s da portaria n\u00ba 21\/2015.<\/td><td>&nbsp;<a href=\"http:\/\/www.camarapocao.pe.gov.br\/home\/images\/Consulta\/portarias\/2015\/22-2015.pdf\" target=\"_blank\" rel=\"noreferrer noopener\">PDF<\/a><\/td><\/tr><tr><td>23\/2015<\/td><td>Destitui o servidor Antonio Carlos Correia do cargo de membro do Sistema de Controle Interno do Poder Legislativo do munic\u00edpio.<\/td><td>&nbsp;<a href=\"http:\/\/www.camarapocao.pe.gov.br\/home\/images\/Consulta\/portarias\/2015\/23-2015.pdf\" target=\"_blank\" rel=\"noreferrer noopener\">PDF<\/a><\/td><\/tr><tr><td>24\/2015<\/td><td>Designa os vereadores Ruth Barbosa e Evandro Aguiar, para comporem o Conselho Municipal de Sa\u00fade.<\/td><td>&nbsp;<a href=\"http:\/\/www.camarapocao.pe.gov.br\/home\/images\/Consulta\/portarias\/2015\/24-2015.pdf\" target=\"_blank\" rel=\"noreferrer noopener\">PDF<\/a><\/td><\/tr><tr><td>25\/2015<\/td><td>Designa os vereadores Iracema Luiza da Silva, Evandro Aguiar e Wrides Mendes Paz, para comporem a comiss\u00e3o de representa\u00e7\u00e3o.<\/td><td>&nbsp;<a href=\"http:\/\/www.camarapocao.pe.gov.br\/home\/images\/Consulta\/portarias\/2015\/25-2015.pdf\" target=\"_blank\" rel=\"noreferrer noopener\">PDF<\/a><\/td><\/tr><tr><td>26\/2015<\/td><td>Determina \nque o expediente da C\u00e2mara Municipal de Vereadores de Po\u00e7\u00e3o\/PE durante o\n per\u00edodo de recesso, ser\u00e1 de 09:00 \u00e0s 12:00 horas, de segunda a sexta.<\/td><td>&nbsp;<a href=\"http:\/\/www.camarapocao.pe.gov.br\/home\/images\/Consulta\/portarias\/2015\/26-2015.pdf\" target=\"_blank\" rel=\"noreferrer noopener\">PDF<\/a><\/td><\/tr><tr><td>27\/2015<\/td><td>Nomeia a senhora Regina Cristiane de Ara\u00fajo Silva, para ocupar o cargo comissionado de assistente parlamentar.<\/td><td>&nbsp;<a href=\"http:\/\/www.camarapocao.pe.gov.br\/home\/images\/Consulta\/portarias\/2015\/27-2015.pdf\" target=\"_blank\" rel=\"noreferrer noopener\">PDF<\/a><\/td><\/tr><tr><td>28\/2015<\/td><td>Concede a servidora Suzana Bezerra Paes, licen\u00e7a-maternidade, pelo prazo de 180 (cento e oitenta) dias.<\/td><td>&nbsp;<a href=\"http:\/\/www.camarapocao.pe.gov.br\/home\/images\/Consulta\/portarias\/2015\/28-2015.pdf\" target=\"_blank\" rel=\"noreferrer noopener\">PDF<\/a><\/td><\/tr><tr><td>29\/2015<\/td><td>Designas o \nservidor Pablo Neyglidson dos Santos Costa, para responder pelo cargo de\n coordenador do Sistema de Controle Interno da C\u00e2mara Municipal de Po\u00e7\u00e3o<\/td><td>&nbsp;<a href=\"http:\/\/www.camarapocao.pe.gov.br\/home\/images\/Consulta\/portarias\/2015\/29-2015.pdf\" target=\"_blank\" rel=\"noreferrer noopener\">PDF<\/a><\/td><\/tr><tr><td>30\/2015<\/td><td>Exonera o \nservidor Pablo N. dos Santos do Cargo Comissionado de Assistente \nParlamentar &#8211; CCAP &#8211; 1, nomeado atrav\u00e9s da Portaria n\u00ba 14 de 02\/03\/2015<\/td><td>&nbsp;<a href=\"http:\/\/www.camarapocao.pe.gov.br\/home\/images\/Consulta\/portarias\/2015\/30-2015.pdf\" target=\"_blank\" rel=\"noreferrer noopener\">PDF<\/a><\/td><\/tr><tr><td>31\/2015<\/td><td>Designa a \nservidora Regina Cristiane de Ara\u00fajo Silva, para responder pelo cargo de\n coordenador do sistema de controle interno da C\u00e2mara Municipal de \nPo\u00e7\u00e3o\/PE, pelo per\u00edodo que durar a licen\u00e7a maternidade Suzana Bezerra da\n Silva Paez<\/td><td>&nbsp;<a href=\"http:\/\/www.camarapocao.pe.gov.br\/home\/images\/Consulta\/portarias\/2015\/31-2015.pdf\" target=\"_blank\" rel=\"noreferrer noopener\">PDF<\/a><\/td><\/tr><tr><td>32\/2015<\/td><td>Concede ao servidor Antonio Carlos D. Correia f\u00e9rias anual<\/td><td>&nbsp;<a href=\"http:\/\/www.camarapocao.pe.gov.br\/home\/images\/Consulta\/portarias\/2015\/32-2015.pdf\" target=\"_blank\" rel=\"noreferrer noopener\">PDF<\/a><\/td><\/tr><tr><td>33\/2015<\/td><td>Suspende as f\u00e9rias do servidor Antonio Carlos D. Correia<\/td><td>&nbsp;<a href=\"http:\/\/www.camarapocao.pe.gov.br\/home\/images\/Consulta\/portarias\/2015\/33-2015.pdf\" target=\"_blank\" rel=\"noreferrer noopener\">PDF<\/a><\/td><\/tr><tr><td>34\/2015<\/td><td>Nomeia o Sr. Waldemir M. Batista para ocupar o Cargo Comissionado de Assistente Parlamentar<\/td><td>&nbsp;<a href=\"http:\/\/www.camarapocao.pe.gov.br\/home\/images\/Consulta\/portarias\/2015\/34-2015.pdf\" target=\"_blank\" rel=\"noreferrer noopener\">PDF<\/a><\/td><\/tr><tr><td>35\/2015<\/td><td>Exonera o servidor Jos\u00e9 Renato A. de Mendon\u00e7a do cargo comissionado de Tesoureiro<\/td><td>&nbsp;<a href=\"http:\/\/www.camarapocao.pe.gov.br\/home\/images\/Consulta\/portarias\/2015\/35-2015.pdf\" target=\"_blank\" rel=\"noreferrer noopener\">PDF<\/a><\/td><\/tr><tr><td>36\/2015<\/td><td>Nomeia a servidora Dayanne A. de Lima para o cargo comissionado de Tesoureiro<\/td><td>&nbsp;<a href=\"http:\/\/www.camarapocao.pe.gov.br\/home\/images\/Consulta\/portarias\/2015\/36-2015.pdf\" target=\"_blank\" rel=\"noreferrer noopener\">PDF<\/a><\/td><\/tr><tr><td>37\/2015<\/td><td>Designa a \nSra. Dayanne A. de Lima para representar a unidade gestora da C\u00e2mara de \nPo\u00e7\u00e3o\/PE como Gerenciador de Sistema na opera\u00e7\u00e3o do SAGRES<\/td><td>&nbsp;<a href=\"http:\/\/www.camarapocao.pe.gov.br\/home\/images\/Consulta\/portarias\/2015\/37-2015.pdf\" target=\"_blank\" rel=\"noreferrer noopener\">PDF<\/a><\/td><\/tr><tr><td>38\/2015<\/td><td>Determina \nque o expediente da C\u00e2mara Municipal de Po\u00e7\u00e3o\/PE durante o per\u00edodo de \nrecesso ser\u00e1 de 08:00 \u00e0s 11:00 horas, de segunda a sexta-feira.<\/td><td>&nbsp;<a href=\"http:\/\/www.camarapocao.pe.gov.br\/home\/images\/Consulta\/portarias\/2015\/38-2015.pdf\" target=\"_blank\" rel=\"noreferrer noopener\">PDF<\/a><\/td><\/tr><tr><td>39\/2015<\/td><td>Concede ao \nservidor Claudio Beserra da Silva, f\u00e9rias anual referente ao per\u00edodo de \n02 de janeiro de 2014 a a 02 de janeiro de 2015.<\/td><td>&nbsp;<a href=\"http:\/\/www.camarapocao.pe.gov.br\/home\/images\/Consulta\/portarias\/2015\/39-2015.pdf\" target=\"_blank\" rel=\"noreferrer noopener\">PDF<\/a><\/td><\/tr><tr><td>40\/2015<\/td><td>Solicita a revoga\u00e7\u00e3o da portaria n\u00ba 78\/2009<\/td><td>&nbsp;<a href=\"http:\/\/www.camarapocao.pe.gov.br\/home\/images\/Consulta\/portarias\/2015\/40-2015.pdf\" target=\"_blank\" rel=\"noreferrer noopener\">PDF<\/a><\/td><\/tr><tr><td>41\/2015<\/td><td>Concede ao servidor Antonio Correia, f\u00e9rias anual referente ao per\u00edodo de 13 de junho de 2014 a a 13 de 13 de junho de 2015.<\/td><td>&nbsp;<a href=\"http:\/\/www.camarapocao.pe.gov.br\/home\/images\/Consulta\/portarias\/2015\/41-2015.pdf\" target=\"_blank\" rel=\"noreferrer noopener\">PDF<\/a><\/td><\/tr><tr><td>42\/2015<\/td><td>Nomeia os \nservidores: Regina de Ara\u00fajo da Silva, Waldemir Batista e Givanildo \nMenino da Silva para comporem a Comiss\u00e3o de Termo de Confer\u00eancia da \nCaixa dos valores existentes na tesouraria<\/td><td>&nbsp;<a href=\"http:\/\/www.camarapocao.pe.gov.br\/home\/images\/Consulta\/portarias\/2015\/42-2015.pdf\" target=\"_blank\" rel=\"noreferrer noopener\">PDF<\/a><\/td><\/tr><\/tbody><\/table>\n","protected":false},"excerpt":{"rendered":"<p>N\u00ba do documento Descri\u00e7\u00e3o Download 01\/2015 Designa os vereadores Iracema Luiza da Silva, Evandro Aguiar e Wrides Mendes Paz, para sob a Presid\u00eancia do primeiro, <a class=\"leiamais\" href=\"https:\/\/camarapocao.pe.gov.br\/v1\/portarias-2015\/\"><i class=\"fa fa-angle-double-right\" aria-hidden=\"true\"><\/i><br \/>\n<\/a><\/p>\n","protected":false},"author":2,"featured_media":0,"parent":0,"menu_order":0,"comment_status":"closed","ping_status":"closed","template":"","meta":{"footnotes":""},"class_list":["post-536","page","type-page","status-publish","hentry","active"],"aioseo_notices":[],"_links":{"self":[{"href":"https:\/\/camarapocao.pe.gov.br\/v1\/wp-json\/wp\/v2\/pages\/536","targetHints":{"allow":["GET"]}}],"collection":[{"href":"https:\/\/camarapocao.pe.gov.br\/v1\/wp-json\/wp\/v2\/pages"}],"about":[{"href":"https:\/\/camarapocao.pe.gov.br\/v1\/wp-json\/wp\/v2\/types\/page"}],"author":[{"embeddable":true,"href":"https:\/\/camarapocao.pe.gov.br\/v1\/wp-json\/wp\/v2\/users\/2"}],"replies":[{"embeddable":true,"href":"https:\/\/camarapocao.pe.gov.br\/v1\/wp-json\/wp\/v2\/comments?post=536"}],"version-history":[{"count":1,"href":"https:\/\/camarapocao.pe.gov.br\/v1\/wp-json\/wp\/v2\/pages\/536\/revisions"}],"predecessor-version":[{"id":537,"href":"https:\/\/camarapocao.pe.gov.br\/v1\/wp-json\/wp\/v2\/pages\/536\/revisions\/537"}],"wp:attachment":[{"href":"https:\/\/camarapocao.pe.gov.br\/v1\/wp-json\/wp\/v2\/media?parent=536"}],"curies":[{"name":"wp","href":"https:\/\/api.w.org\/{rel}","templated":true}]}}