{"id":504,"date":"2019-02-25T14:29:14","date_gmt":"2019-02-25T17:29:14","guid":{"rendered":"http:\/\/camarapocao.pe.gov.br\/v1\/?page_id=504"},"modified":"2019-02-25T14:29:14","modified_gmt":"2019-02-25T17:29:14","slug":"decretos-aprovados-em-2014","status":"publish","type":"page","link":"https:\/\/camarapocao.pe.gov.br\/v1\/decretos-aprovados-em-2014\/","title":{"rendered":"Decretos aprovados em 2014"},"content":{"rendered":"\n<table class=\"wp-block-table is-style-stripes\"><tbody><tr><td><strong>N\u00ba do documento<\/strong><\/td><td><strong>Descri\u00e7\u00e3o<\/strong><\/td><td><strong>Download<\/strong><\/td><\/tr><tr><td>01<\/td><td>Disp\u00f5es sobre concess\u00e3o de t\u00edtulo de cidad\u00e3o do munic\u00edpio de Po\u00e7\u00e3o<\/td><td><a href=\"http:\/\/camarapocao.pe.gov.br\/home\/images\/Consulta\/decretos\/2014\/01.pdf\" target=\"_blank\" rel=\"noreferrer noopener\">PDF<\/a><\/td><\/tr><tr><td>02<\/td><td>Disp\u00f5e \nsobre a concess\u00e3o de Medalha Malaquias Vieira ao Ilmo. Sr. C\u00edcero \nErivaldo de Melo por representar a cidade de Po\u00e7\u00e3o no Campeonato \nBrasileiro de Taekwondo<\/td><td><a href=\"http:\/\/camarapocao.pe.gov.br\/home\/images\/Consulta\/decretos\/2014\/02.pdf\" target=\"_blank\" rel=\"noreferrer noopener\">PDF<\/a><\/td><\/tr><tr><td>03<\/td><td>Disp\u00f5e \nsobre a concess\u00e3o de Medalha Malaquias Vieira aos jovens atletas \npo\u00e7\u00e3oenses: Lucas Bezerra, Marcos Amorim, Juliana da Silva, Manoel Silva\n e Jurandy da Silva, pelo brilhante desempenho no Campeonato Brasileiro \nde Taekwondo<\/td><td><a href=\"http:\/\/camarapocao.pe.gov.br\/home\/images\/Consulta\/decretos\/2014\/03.pdf\" target=\"_blank\" rel=\"noreferrer noopener\">PDF<\/a><\/td><\/tr><tr><td>04<\/td><td>Disp\u00f5es sobre concess\u00e3o de t\u00edtulo de cidad\u00e3o do munic\u00edpio de Po\u00e7\u00e3o<\/td><td><a href=\"http:\/\/camarapocao.pe.gov.br\/home\/images\/Consulta\/decretos\/2014\/04.pdf\" target=\"_blank\" rel=\"noreferrer noopener\">PDF<\/a><\/td><\/tr><\/tbody><\/table>\n","protected":false},"excerpt":{"rendered":"<p>N\u00ba do documento Descri\u00e7\u00e3o Download 01 Disp\u00f5es sobre concess\u00e3o de t\u00edtulo de cidad\u00e3o do munic\u00edpio de Po\u00e7\u00e3o PDF 02 Disp\u00f5e sobre a concess\u00e3o de Medalha <a class=\"leiamais\" href=\"https:\/\/camarapocao.pe.gov.br\/v1\/decretos-aprovados-em-2014\/\"><i class=\"fa fa-angle-double-right\" aria-hidden=\"true\"><\/i><br \/>\n<\/a><\/p>\n","protected":false},"author":2,"featured_media":0,"parent":0,"menu_order":0,"comment_status":"closed","ping_status":"closed","template":"","meta":{"footnotes":""},"class_list":["post-504","page","type-page","status-publish","hentry","active"],"aioseo_notices":[],"_links":{"self":[{"href":"https:\/\/camarapocao.pe.gov.br\/v1\/wp-json\/wp\/v2\/pages\/504","targetHints":{"allow":["GET"]}}],"collection":[{"href":"https:\/\/camarapocao.pe.gov.br\/v1\/wp-json\/wp\/v2\/pages"}],"about":[{"href":"https:\/\/camarapocao.pe.gov.br\/v1\/wp-json\/wp\/v2\/types\/page"}],"author":[{"embeddable":true,"href":"https:\/\/camarapocao.pe.gov.br\/v1\/wp-json\/wp\/v2\/users\/2"}],"replies":[{"embeddable":true,"href":"https:\/\/camarapocao.pe.gov.br\/v1\/wp-json\/wp\/v2\/comments?post=504"}],"version-history":[{"count":1,"href":"https:\/\/camarapocao.pe.gov.br\/v1\/wp-json\/wp\/v2\/pages\/504\/revisions"}],"predecessor-version":[{"id":505,"href":"https:\/\/camarapocao.pe.gov.br\/v1\/wp-json\/wp\/v2\/pages\/504\/revisions\/505"}],"wp:attachment":[{"href":"https:\/\/camarapocao.pe.gov.br\/v1\/wp-json\/wp\/v2\/media?parent=504"}],"curies":[{"name":"wp","href":"https:\/\/api.w.org\/{rel}","templated":true}]}}

<table class="wp-block-table is-style-stripes"><tbody><tr><td><strong>Nº do documento</strong></td><td><strong>Descrição</strong></td><td><strong>Download</strong></td></tr><tr><td>01</td><td>Dispões sobre concessão de título de cidadão do município de Poção</td><td><a href="http://camarapocao.pe.gov.br/home/images/Consulta/decretos/2014/01.pdf" target="_blank" rel="noreferrer noopener">PDF</a></td></tr><tr><td>02</td><td>Dispõe 
sobre a concessão de Medalha Malaquias Vieira ao Ilmo. Sr. Cícero 
Erivaldo de Melo por representar a cidade de Poção no Campeonato 
Brasileiro de Taekwondo</td><td><a href="http://camarapocao.pe.gov.br/home/images/Consulta/decretos/2014/02.pdf" target="_blank" rel="noreferrer noopener">PDF</a></td></tr><tr><td>03</td><td>Dispõe 
sobre a concessão de Medalha Malaquias Vieira aos jovens atletas 
poçãoenses: Lucas Bezerra, Marcos Amorim, Juliana da Silva, Manoel Silva
 e Jurandy da Silva, pelo brilhante desempenho no Campeonato Brasileiro 
de Taekwondo</td><td><a href="http://camarapocao.pe.gov.br/home/images/Consulta/decretos/2014/03.pdf" target="_blank" rel="noreferrer noopener">PDF</a></td></tr><tr><td>04</td><td>Dispões sobre concessão de título de cidadão do município de Poção</td><td><a href="http://camarapocao.pe.gov.br/home/images/Consulta/decretos/2014/04.pdf" target="_blank" rel="noreferrer noopener">PDF</a></td></tr></tbody></table>

<p>Nº do documento Descrição Download 01 Dispões sobre concessão de título de cidadão do município de Poção PDF 02 Dispõe sobre a concessão de Medalha <a class="leiamais" href="https://camarapocao.pe.gov.br/v1/decretos-aprovados-em-2014/"><i class="fa fa-angle-double-right" aria-hidden="true"></i><br />
</a></p>
