{"id":436,"date":"2019-02-24T10:24:26","date_gmt":"2019-02-24T13:24:26","guid":{"rendered":"http:\/\/camarapocao.pe.gov.br\/v1\/?page_id=436"},"modified":"2025-03-17T09:38:32","modified_gmt":"2025-03-17T12:38:32","slug":"leis-aprovadas-em-2013","status":"publish","type":"page","link":"https:\/\/camarapocao.pe.gov.br\/v1\/leis-aprovadas-em-2013\/","title":{"rendered":"Leis aprovadas em 2013"},"content":{"rendered":"\r\n<table class=\"wp-block-table is-style-stripes\">\r\n<tbody>\r\n<tr>\r\n<td><strong>N\u00ba do documento<\/strong><\/td>\r\n<td><strong>Descri\u00e7\u00e3o<\/strong><\/td>\r\n<td><strong>Download<\/strong><\/td>\r\n<\/tr>\r\n<tr>\r\n<td>639<\/td>\r\n<td>Fixa o valor do sal\u00e1rio m\u00ednimo dos servidores municipais, disp\u00f5e sobre os vencimentos dos professores, estabelece o valor da bolsa dos monitores pedag\u00f3gicos do\u00a0PETI e do peja e d\u00e1 outras providencias.<\/td>\r\n<td><a href=\"http:\/\/www.camarapocao.pe.gov.br\/home\/images\/Consulta\/leis\/2013\/626.pdf\" target=\"_blank\" rel=\"noreferrer noopener\">PDF<\/a><\/td>\r\n<\/tr>\r\n<tr>\r\n<td>640<\/td>\r\n<td>Cria a Secretaria Municipal de esportes, reajusta remunera\u00e7\u00e3o de cargos do poder Executivo Municipal e da outras provid\u00eancias.<\/td>\r\n<td><a href=\"http:\/\/www.camarapocao.pe.gov.br\/home\/images\/Consulta\/leis\/2013\/627.pdf\" target=\"_blank\" rel=\"noreferrer noopener\">PDF<\/a><\/td>\r\n<\/tr>\r\n<tr>\r\n<td>641<\/td>\r\n<td>Altera a reda\u00e7\u00e3o dada pela Lei n\u00b0 632\/2012 e determina outras provid\u00eancias.<\/td>\r\n<td><a href=\"http:\/\/www.camarapocao.pe.gov.br\/home\/images\/Consulta\/leis\/2013\/628.pdf\" target=\"_blank\" rel=\"noreferrer noopener\">PDF<\/a><\/td>\r\n<\/tr>\r\n<tr>\r\n<td>642<\/td>\r\n<td>Inclui o Fundo de Desenvolvimento Municipal do Munic\u00edpio de Po\u00e7\u00e3o, Estado de Pernambuco, e da outras provid\u00eancias.<\/td>\r\n<td><a href=\"http:\/\/www.camarapocao.pe.gov.br\/home\/images\/Consulta\/leis\/2013\/629.rar\" target=\"_blank\" rel=\"noreferrer noopener\">.RAR<\/a><\/td>\r\n<\/tr>\r\n<tr>\r\n<td>643<\/td>\r\n<td>Disp\u00f5e sobre autoriza\u00e7\u00e3o para abertura de cr\u00e9dito adicional junto ao or\u00e7amento de 2013 e d\u00e1 outras provid\u00eancias.<\/td>\r\n<td><a href=\"http:\/\/www.camarapocao.pe.gov.br\/home\/images\/Consulta\/leis\/2012\/630.pdf\" target=\"_blank\" rel=\"noreferrer noopener\">PDF<\/a><\/td>\r\n<\/tr>\r\n<tr>\r\n<td>644<\/td>\r\n<td>Inclui o programa e a\u00e7\u00e3o no plano plurianual &#8211; PPA 2010\/2013 e abre cr\u00e9dito especial ao or\u00e7amento fiscal do munic\u00edpio, em favor do FDM, relativo ao exerc\u00edcio de 2013, e d\u00e1 outras provid\u00eancias.<\/td>\r\n<td><a href=\"http:\/\/www.camarapocao.pe.gov.br\/home\/images\/Consulta\/leis\/2013\/644.pdf\" target=\"_blank\" rel=\"noreferrer noopener\">PDF<\/a><\/td>\r\n<\/tr>\r\n<tr>\r\n<td>645<\/td>\r\n<td>Cria o programa municipal de est\u00e1gio &#8211; &#8220;Pr\u00f3 est\u00e1gio&#8221;<\/td>\r\n<td><a href=\"http:\/\/www.camarapocao.pe.gov.br\/home\/images\/Consulta\/leis\/2013\/645.pdf\" target=\"_blank\" rel=\"noreferrer noopener\">PDF<\/a><\/td>\r\n<\/tr>\r\n<tr>\r\n<td>646<\/td>\r\n<td>Disp\u00f5e sobre a altera\u00e7\u00e3o da Lei 528\/07, e\u00a0d\u00e1 outras provid\u00eancias.<\/td>\r\n<td><a href=\"http:\/\/www.camarapocao.pe.gov.br\/home\/images\/Consulta\/leis\/2013\/646.pdf\" target=\"_blank\" rel=\"noreferrer noopener\">PDF<\/a><\/td>\r\n<\/tr>\r\n<tr>\r\n<td>647<\/td>\r\n<td>Fica institu\u00edda a SEMANA DO BEB\u00ca DE PO\u00c7\u00c3O, na segunda semana do\u00a0m\u00eas de outubro de cada ano, iniciando suas atividades no domingo que comemora o dia das\u00a0crian\u00e7as.<\/td>\r\n<td><a href=\"http:\/\/www.camarapocao.pe.gov.br\/home\/images\/Consulta\/leis\/2013\/647.pdf\" target=\"_blank\" rel=\"noreferrer noopener\">PDF<\/a><\/td>\r\n<\/tr>\r\n<tr>\r\n<td>648<\/td>\r\n<td>Lei de Diretrizes Or\u00e7ament\u00e1rias 2014.1<\/td>\r\n<td><a href=\"http:\/\/www.camarapocao.pe.gov.br\/home\/images\/Consulta\/leis\/2013\/648.rar\" target=\"_blank\" rel=\"noreferrer noopener\">.RAR<\/a><\/td>\r\n<\/tr>\r\n<tr>\r\n<td>649<\/td>\r\n<td>Institui no munic\u00edpio de Po\u00e7\u00e3o, O dia da renda &#8220;Renascen\u00e7a&#8221; de Po\u00e7\u00e3o\/PE.<\/td>\r\n<td><a href=\"http:\/\/www.camarapocao.pe.gov.br\/home\/images\/Consulta\/leis\/2013\/649.pdf\" target=\"_blank\" rel=\"noreferrer noopener\">PDF<\/a><\/td>\r\n<\/tr>\r\n<tr>\r\n<td>650<\/td>\r\n<td>Cria os cargos de Coordenador do CRAS do Programa Bolsa Fam\u00edlia, Coordenador do PETI, e d\u00e1 outras provid\u00eancias.<\/td>\r\n<td><a href=\"http:\/\/www.camarapocao.pe.gov.br\/home\/images\/Consulta\/leis\/2013\/650.pdf\" target=\"_blank\" rel=\"noreferrer noopener\">PDF<\/a><\/td>\r\n<\/tr>\r\n<tr>\r\n<td>651<\/td>\r\n<td>Disp\u00f5e sobre a autoriza\u00e7\u00e3o para o poder executivo municipal criar o programa municipal de desenvolvimento da cadeia produtiva agricola familiar, e d\u00e1 outras provid\u00eancias<\/td>\r\n<td><a href=\"http:\/\/www.camarapocao.pe.gov.br\/home\/images\/Consulta\/leis\/2013\/651.pdf\" target=\"_blank\" rel=\"noreferrer noopener\">PDF<\/a><\/td>\r\n<\/tr>\r\n<tr>\r\n<td>652<\/td>\r\n<td>Cria a coordenadoria municipal de pol\u00edticas para as mulheres no munic\u00edpio de po\u00e7\u00e3o e d\u00e1 outras provid\u00eancias<\/td>\r\n<td><a href=\"http:\/\/www.camarapocao.pe.gov.br\/home\/images\/Consulta\/leis\/2013\/652.pdf\" target=\"_blank\" rel=\"noreferrer noopener\">PDF<\/a><\/td>\r\n<\/tr>\r\n<tr>\r\n<td>653<\/td>\r\n<td>Disp\u00f5e sobre denomina\u00e7\u00e3o de avenidas, ruas, logradouros p\u00fablicos e determina outras provid\u00eancias.<\/td>\r\n<td><a href=\"http:\/\/www.camarapocao.pe.gov.br\/home\/images\/Consulta\/leis\/2013\/653.pdf\" target=\"_blank\" rel=\"noreferrer noopener\">PDF<\/a><\/td>\r\n<\/tr>\r\n<tr>\r\n<td>654<\/td>\r\n<td>Disp\u00f5e sobre denomina\u00e7\u00e3o de avenidas, ruas, logradouros p\u00fablicos e determina outras provid\u00eancias.<\/td>\r\n<td><a href=\"http:\/\/www.camarapocao.pe.gov.br\/home\/images\/Consulta\/leis\/2013\/654.pdf\" target=\"_blank\" rel=\"noreferrer noopener\">.RAR<\/a><\/td>\r\n<\/tr>\r\n<tr>\r\n<td>655<\/td>\r\n<td>Disp\u00f5e sobre denomina\u00e7\u00e3o de logradouros p\u00fablicos e determina outras provid\u00eancias<\/td>\r\n<td><a href=\"http:\/\/www.camarapocao.pe.gov.br\/home\/images\/Consulta\/leis\/2013\/655.pdf\" target=\"_blank\" rel=\"noreferrer noopener\">.RAR<\/a><\/td>\r\n<\/tr>\r\n<tr>\r\n<td>656<\/td>\r\n<td>Modifica o artigo 12 da lei municipal n\u00b0 517\/2006<\/td>\r\n<td><a href=\"http:\/\/www.camarapocao.pe.gov.br\/home\/images\/Consulta\/leis\/2013\/656.pdf\" target=\"_blank\" rel=\"noreferrer noopener\">PDF<\/a><\/td>\r\n<\/tr>\r\n<tr>\r\n<td>657<\/td>\r\n<td>Disp\u00f5e sobre o conselho municipal de turismo do munic\u00edpio de Po\u00e7\u00e3o e d\u00e1 outras provid\u00eancias<\/td>\r\n<td><a href=\"http:\/\/www.camarapocao.pe.gov.br\/home\/images\/Consulta\/leis\/2013\/657.pdf\" target=\"_blank\" rel=\"noreferrer noopener\">PDF<\/a><\/td>\r\n<\/tr>\r\n<tr>\r\n<td>658<\/td>\r\n<td>Disp\u00f5e sobre o conselho municipal de cultura do munic\u00edpio de Po\u00e7\u00e3o e d\u00e1 outras provid\u00eancias<\/td>\r\n<td><a href=\"http:\/\/www.camarapocao.pe.gov.br\/home\/images\/Consulta\/leis\/2013\/658.pdf\" target=\"_blank\" rel=\"noreferrer noopener\">PDF<\/a><\/td>\r\n<\/tr>\r\n<tr>\r\n<td>659<\/td>\r\n<td>ESTIMA A RECEITA E FIXA A DESPESA DO MUNIC\u00cdPIO DE PO\u00c7\u00c3O PARA O EXERC\u00cdCIO FINANCEIRO DE 2014.<\/td>\r\n<td><a href=\"http:\/\/www.camarapocao.pe.gov.br\/home\/images\/Consulta\/leis\/2013\/659.rar\" target=\"_blank\" rel=\"noreferrer noopener\">PDF<\/a><\/td>\r\n<\/tr>\r\n<tr>\r\n<td>660<\/td>\r\n<td>DISP\u00d5E SOBRE A O PLANO PLURIANUAL DO MUNIC\u00cdPIO DE PO\u00c7\u00c3O PARA OS EXERC\u00cdCIOS DE 2014 A 2017 E D\u00c1 OUTRAS PROVID\u00caNCIAS.<\/td>\r\n<td><a href=\"http:\/\/www.camarapocao.pe.gov.br\/home\/images\/Consulta\/leis\/2013\/660.rar\" target=\"_blank\" rel=\"noreferrer noopener\">PDF<\/a><\/td>\r\n<\/tr>\r\n<tr>\r\n<td>661<\/td>\r\n<td>Disp\u00f5e sobre o Bras\u00e3o do Munic\u00edpio de Po\u00e7\u00e3o e d\u00e1 outras provid\u00eancias<\/td>\r\n<td><a href=\"http:\/\/www.camarapocao.pe.gov.br\/home\/images\/Consulta\/leis\/2013\/661.pdf\" target=\"_blank\" rel=\"noreferrer noopener\">PDF<\/a><\/td>\r\n<\/tr>\r\n<tr>\r\n<td>662<\/td>\r\n<td>Estabelece par\u00e2metros m\u00ednimos e procedimentos a serem observados pelo munic\u00edpio na execu\u00e7\u00e3o do Programa Mais M\u00e9dicos<\/td>\r\n<td><a href=\"http:\/\/www.camarapocao.pe.gov.br\/home\/images\/Consulta\/leis\/2013\/662.pdf\" target=\"_blank\" rel=\"noreferrer noopener\">PDF<\/a><\/td>\r\n<\/tr>\r\n<\/tbody>\r\n<\/table>\r\n","protected":false},"excerpt":{"rendered":"<p>N\u00ba do documento Descri\u00e7\u00e3o Download 639 Fixa o valor do sal\u00e1rio m\u00ednimo dos servidores municipais, disp\u00f5e sobre os vencimentos dos professores, estabelece o valor da <a class=\"leiamais\" href=\"https:\/\/camarapocao.pe.gov.br\/v1\/leis-aprovadas-em-2013\/\"><i class=\"fa fa-angle-double-right\" aria-hidden=\"true\"><\/i><br \/>\n<\/a><\/p>\n","protected":false},"author":2,"featured_media":0,"parent":0,"menu_order":0,"comment_status":"closed","ping_status":"closed","template":"","meta":{"footnotes":""},"class_list":["post-436","page","type-page","status-publish","hentry","active"],"aioseo_notices":[],"_links":{"self":[{"href":"https:\/\/camarapocao.pe.gov.br\/v1\/wp-json\/wp\/v2\/pages\/436","targetHints":{"allow":["GET"]}}],"collection":[{"href":"https:\/\/camarapocao.pe.gov.br\/v1\/wp-json\/wp\/v2\/pages"}],"about":[{"href":"https:\/\/camarapocao.pe.gov.br\/v1\/wp-json\/wp\/v2\/types\/page"}],"author":[{"embeddable":true,"href":"https:\/\/camarapocao.pe.gov.br\/v1\/wp-json\/wp\/v2\/users\/2"}],"replies":[{"embeddable":true,"href":"https:\/\/camarapocao.pe.gov.br\/v1\/wp-json\/wp\/v2\/comments?post=436"}],"version-history":[{"count":2,"href":"https:\/\/camarapocao.pe.gov.br\/v1\/wp-json\/wp\/v2\/pages\/436\/revisions"}],"predecessor-version":[{"id":1834,"href":"https:\/\/camarapocao.pe.gov.br\/v1\/wp-json\/wp\/v2\/pages\/436\/revisions\/1834"}],"wp:attachment":[{"href":"https:\/\/camarapocao.pe.gov.br\/v1\/wp-json\/wp\/v2\/media?parent=436"}],"curies":[{"name":"wp","href":"https:\/\/api.w.org\/{rel}","templated":true}]}}