{"id":417,"date":"2019-02-24T10:12:46","date_gmt":"2019-02-24T13:12:46","guid":{"rendered":"http:\/\/camarapocao.pe.gov.br\/v1\/?page_id=417"},"modified":"2019-02-24T10:13:10","modified_gmt":"2019-02-24T13:13:10","slug":"contratos-fechados-em-2017","status":"publish","type":"page","link":"https:\/\/camarapocao.pe.gov.br\/v1\/contratos-fechados-em-2017\/","title":{"rendered":"Contratos Fechados em 2017"},"content":{"rendered":"\n<table class=\"wp-block-table is-style-stripes\"><tbody><tr><td><strong>N\u00ba do documento<\/strong><\/td><td><strong>Descri\u00e7\u00e3o<\/strong><\/td><td><strong>Download<\/strong><\/td><\/tr><tr><td>1\/2017<\/td><td>Contrato de presta\u00e7\u00e3o de servi\u00e7o de acesso a internet<\/td><td><a href=\"http:\/\/www.camarapocao.pe.gov.br\/home\/images\/Consulta\/contratos\/2017\/01-2017.pdf\" target=\"_blank\" rel=\"noreferrer noopener\">PDF<\/a><\/td><\/tr><tr><td>2\/2017<\/td><td>Contrato de presta\u00e7\u00e3o de servi\u00e7os de hospedagem, manuten\u00e7\u00e3o e atualiza\u00e7\u00e3o do s\u00edtio da C\u00e2mara de Po\u00e7\u00e3o na internet<\/td><td><a href=\"http:\/\/www.camarapocao.pe.gov.br\/home\/images\/Consulta\/contratos\/2017\/02-2017.pdf\" target=\"_blank\" rel=\"noreferrer noopener\">PDF<\/a><\/td><\/tr><tr><td>3\/2017<\/td><td>Contrato de presta\u00e7\u00e3o de servi\u00e7os de implanta\u00e7\u00e3o, manuten\u00e7\u00e3o mensal, suporte e direito de uso do sistema de protocolo (SCC)<\/td><td><a href=\"http:\/\/www.camarapocao.pe.gov.br\/home\/images\/Consulta\/contratos\/2017\/03-2017.pdf\" target=\"_blank\" rel=\"noreferrer noopener\">PDF<\/a><\/td><\/tr><tr><td>4\/2017<\/td><td>Contrato de presta\u00e7\u00e3o de \nservi\u00e7os de consultoria e assessoria em recursos humanos, com \ndisponibiliza\u00e7\u00e3o de software para elabora\u00e7\u00e3o de folha de pagamento<\/td><td><a href=\"http:\/\/www.camarapocao.pe.gov.br\/home\/images\/Consulta\/contratos\/2017\/04-2017.pdf\" target=\"_blank\" rel=\"noreferrer noopener\">PDF<\/a><\/td><\/tr><tr><td>4A\/2017<\/td><td>Cess\u00e3o de uso de um \nsistema de gerenciamento de publica\u00e7\u00e3o de documentos exigidos pela LF \n9.755\/98, LC 101\/00 e Portal da transpar\u00eancias (LC 131\/09), em meio \neletr\u00f4nico, on-line.<\/td><td><a href=\"http:\/\/www.camarapocao.pe.gov.br\/home\/images\/Consulta\/contratos\/2017\/04A-2017.pdf\" target=\"_blank\" rel=\"noreferrer noopener\">PDF<\/a><\/td><\/tr><tr><td>5\/2017<\/td><td>Presta\u00e7\u00e3o de servi\u00e7os \nprofissionais t\u00e9cnicos especializados de assessoria e consultoria \nadministrativa e gerencial nas \u00e1reas cont\u00e1bil e financeira, incluindo \nsistema informatizado de contabilidade e o&#8230;<\/td><td><a href=\"http:\/\/www.camarapocao.pe.gov.br\/home\/images\/Consulta\/contratos\/2017\/05-2017.pdf\" target=\"_blank\" rel=\"noreferrer noopener\">PDF<\/a><\/td><\/tr><tr><td>6\/2017<\/td><td>Presta\u00e7\u00e3o de servi\u00e7os \nt\u00e9cnicos especializados de assessoria e consultoria jur\u00eddica na \u00e1rea \nlegislativa, incluindo treinamento de pessoal<\/td><td><a href=\"http:\/\/www.camarapocao.pe.gov.br\/home\/images\/Consulta\/contratos\/2017\/06-2017.pdf\" target=\"_blank\" rel=\"noreferrer noopener\">PDF<\/a><\/td><\/tr><tr><td>Termo de afilia\u00e7\u00e3o na C\u00e2mara dos Vereadores de Pernambuco<\/td><td>Trata do termo de afilia\u00e7\u00e3o da C\u00e2mara Municipal de Po\u00e7\u00e3o na Uni\u00e3o dos Vereadores de Pernambuco<\/td><td><a href=\"http:\/\/www.camarapocao.pe.gov.br\/home\/images\/Consulta\/contratos\/2017\/termo_upv_2017.pdf\" target=\"_blank\" rel=\"noreferrer noopener\">PDF<\/a><\/td><\/tr><tr><td>07\/2017<\/td><td>Presta\u00e7\u00e3o de servi\u00e7os de transcri\u00e7\u00e3o de dados (atas, leis, resolu\u00e7\u00f5es, decretos e outros) para registro em livros espec\u00edficos<\/td><td><a href=\"http:\/\/www.camarapocao.pe.gov.br\/home\/images\/Consulta\/contratos\/2017\/07-2017.pdf\" target=\"_blank\" rel=\"noreferrer noopener\">PDF<\/a><\/td><\/tr><tr><td>08\/2017<\/td><td>Constitui objeto deste \ninstrumento \u00e0 presta\u00e7\u00e3o de servi\u00e7os t\u00e9cnicos profissionais \nespecializados de acessoria e consultoria nas \u00e1reas cont\u00e1bil, financeira\n e de gest\u00e3o fiscal.<\/td><td><a href=\"http:\/\/www.camarapocao.pe.gov.br\/home\/images\/Consulta\/contratos\/2017\/08-2017.pdf\" target=\"_blank\" rel=\"noreferrer noopener\">PDF<\/a><\/td><\/tr><tr><td>09\/2017<\/td><td>Presta\u00e7\u00e3o de servi\u00e7os t\u00e9cnicos especializados de assessoria e consultoria legislativa<\/td><td><a href=\"http:\/\/www.camarapocao.pe.gov.br\/home\/images\/Consulta\/contratos\/2017\/09-2017.pdf\" target=\"_blank\" rel=\"noreferrer noopener\">PDF<\/a><\/td><\/tr><tr><td>10\/2017<\/td><td>Presta\u00e7\u00e3o de servi\u00e7o de elabora\u00e7\u00e3o e confec\u00e7\u00e3o do SAGRES<\/td><td><a href=\"http:\/\/www.camarapocao.pe.gov.br\/home\/images\/Consulta\/contratos\/2017\/10-2017.pdf\" target=\"_blank\" rel=\"noreferrer noopener\">PDF<\/a><\/td><\/tr><tr><td>11\/2017<\/td><td>Presta\u00e7\u00e3o de servi\u00e7os gerais<\/td><td><a href=\"http:\/\/www.camarapocao.pe.gov.br\/home\/images\/Consulta\/contratos\/2017\/11-2017.pdf\" target=\"_blank\" rel=\"noreferrer noopener\">PDF<\/a><\/td><\/tr><\/tbody><\/table>\n","protected":false},"excerpt":{"rendered":"<p>N\u00ba do documento Descri\u00e7\u00e3o Download 1\/2017 Contrato de presta\u00e7\u00e3o de servi\u00e7o de acesso a internet PDF 2\/2017 Contrato de presta\u00e7\u00e3o de servi\u00e7os de hospedagem, manuten\u00e7\u00e3o <a class=\"leiamais\" href=\"https:\/\/camarapocao.pe.gov.br\/v1\/contratos-fechados-em-2017\/\"><i class=\"fa fa-angle-double-right\" aria-hidden=\"true\"><\/i><br \/>\n<\/a><\/p>\n","protected":false},"author":2,"featured_media":0,"parent":0,"menu_order":0,"comment_status":"closed","ping_status":"closed","template":"","meta":{"footnotes":""},"class_list":["post-417","page","type-page","status-publish","hentry","active"],"aioseo_notices":[],"_links":{"self":[{"href":"https:\/\/camarapocao.pe.gov.br\/v1\/wp-json\/wp\/v2\/pages\/417","targetHints":{"allow":["GET"]}}],"collection":[{"href":"https:\/\/camarapocao.pe.gov.br\/v1\/wp-json\/wp\/v2\/pages"}],"about":[{"href":"https:\/\/camarapocao.pe.gov.br\/v1\/wp-json\/wp\/v2\/types\/page"}],"author":[{"embeddable":true,"href":"https:\/\/camarapocao.pe.gov.br\/v1\/wp-json\/wp\/v2\/users\/2"}],"replies":[{"embeddable":true,"href":"https:\/\/camarapocao.pe.gov.br\/v1\/wp-json\/wp\/v2\/comments?post=417"}],"version-history":[{"count":2,"href":"https:\/\/camarapocao.pe.gov.br\/v1\/wp-json\/wp\/v2\/pages\/417\/revisions"}],"predecessor-version":[{"id":419,"href":"https:\/\/camarapocao.pe.gov.br\/v1\/wp-json\/wp\/v2\/pages\/417\/revisions\/419"}],"wp:attachment":[{"href":"https:\/\/camarapocao.pe.gov.br\/v1\/wp-json\/wp\/v2\/media?parent=417"}],"curies":[{"name":"wp","href":"https:\/\/api.w.org\/{rel}","templated":true}]}}