{"id":407,"date":"2019-02-24T10:06:46","date_gmt":"2019-02-24T13:06:46","guid":{"rendered":"http:\/\/camarapocao.pe.gov.br\/v1\/?page_id=407"},"modified":"2019-02-24T10:06:46","modified_gmt":"2019-02-24T13:06:46","slug":"contratos-fechados-em-2012","status":"publish","type":"page","link":"https:\/\/camarapocao.pe.gov.br\/v1\/contratos-fechados-em-2012\/","title":{"rendered":"Contratos Fechados em 2012"},"content":{"rendered":"\n<table class=\"wp-block-table is-style-stripes\"><tbody><tr><td><strong>N\u00ba do documento<\/strong><\/td><td><strong>Descri\u00e7\u00e3o<\/strong><\/td><td><strong>Download<\/strong><\/td><\/tr><tr><td>1\/2012<\/td><td>Loca\u00e7\u00e3o de im\u00f3vel, para utiliza\u00e7\u00e3o da C\u00e2mara Municipal de Po\u00e7\u00e3o-PE<\/td><td><a href=\"http:\/\/www.camarapocao.pe.gov.br\/home\/images\/Consulta\/contratos\/2012\/01-2012.pdf\">PDF<\/a><\/td><\/tr><tr><td>1\/2012.2<\/td><td>Termo de prorroga\u00e7\u00e3o de contrato referente ao contrato N\u00b001\/2012<\/td><td><a href=\"http:\/\/www.camarapocao.pe.gov.br\/home\/images\/Consulta\/contratos\/2012\/01-2012-2.pdf\" target=\"_blank\" rel=\"noreferrer noopener\">PDF<\/a><\/td><\/tr><tr><td>2\/2012<\/td><td>Loca\u00e7\u00e3o de im\u00f3vel, para utiliza\u00e7\u00e3o da C\u00e2mara de Po\u00e7\u00e3o na coloca\u00e7\u00e3o do ve\u00edculo oficial do Poder Legislativo Municipal<\/td><td><a href=\"http:\/\/www.camarapocao.pe.gov.br\/home\/images\/Consulta\/contratos\/2012\/02-2012.pdf\" target=\"_blank\" rel=\"noreferrer noopener\">PDF<\/a><\/td><\/tr><tr><td>3\/2012<\/td><td>Presta\u00e7\u00e3o de servi\u00e7os de hospedagem, manuten\u00e7\u00e3o e atualiza\u00e7\u00e3o do site da C\u00e2mara Municipal de Po\u00e7\u00e3o<\/td><td><a href=\"http:\/\/www.camarapocao.pe.gov.br\/home\/images\/Consulta\/contratos\/2012\/03-2012.pdf\" target=\"_blank\" rel=\"noreferrer noopener\">PDF<\/a><\/td><\/tr><tr><td>4\/2012<\/td><td>Prest\u00e7\u00e3o de servi\u00e7os \nespecializados de consultoria e assessoria na \u00e1rea de RH, com a \nutiliza\u00e7\u00e3o do sistema software gerenciador de pessoal adequando-o \u00e0s \naltera\u00e7\u00f5es or\u00e7ament\u00e1rias<\/td><td><a href=\"http:\/\/www.camarapocao.pe.gov.br\/home\/images\/Consulta\/contratos\/2012\/04-2012.pdf\" target=\"_blank\" rel=\"noreferrer noopener\">PDF<\/a><\/td><\/tr><tr><td>5\/2012<\/td><td>Presta\u00e7\u00e3o de servi\u00e7os de acesso \u00e0 internet<\/td><td><a href=\"http:\/\/www.camarapocao.pe.gov.br\/home\/images\/Consulta\/contratos\/2012\/05-2012.pdf\" target=\"_blank\" rel=\"noreferrer noopener\">PDF<\/a><\/td><\/tr><tr><td>6\/2012<\/td><td>Loca\u00e7\u00e3o de software de \ninterface gr\u00e1fica, com banco de dados, para processamento da execu\u00e7\u00e3o \nor\u00e7ament\u00e1ria e da contabilidade p\u00fablica<\/td><td><a href=\"http:\/\/www.camarapocao.pe.gov.br\/home\/images\/Consulta\/contratos\/2012\/06-2012.pdf\" target=\"_blank\" rel=\"noreferrer noopener\">PDF<\/a><\/td><\/tr><tr><td>7\/2012<\/td><td>Termo aditivo &#8211; Processo licitat\u00f3rio 01\/2011<\/td><td><a href=\"http:\/\/www.camarapocao.pe.gov.br\/home\/images\/Consulta\/contratos\/2012\/termo_aditivo.pdf\" target=\"_blank\" rel=\"noreferrer noopener\">PDF<\/a><\/td><\/tr><tr><td>Termo I<\/td><td>1\u00b0 Temo aditivo ao contrato de presta\u00e7\u00e3o de servi\u00e7os<\/td><td><a href=\"http:\/\/www.camarapocao.pe.gov.br\/home\/images\/Consulta\/contratos\/2012\/termo_1.pdf\" target=\"_blank\" rel=\"noreferrer noopener\">PDF<\/a><\/td><\/tr><tr><td>Termo II<\/td><td>2\u00b0 Termo aditivo ao contrato de presta\u00e7\u00e3o de servi\u00e7os<\/td><td><a href=\"http:\/\/www.camarapocao.pe.gov.br\/home\/images\/Consulta\/contratos\/2012\/termo_2.pdf\" target=\"_blank\" rel=\"noreferrer noopener\">PDF<\/a><\/td><\/tr><tr><td>Termo III<\/td><td>3\u00b0 Termo aditivo ao contrato de presta\u00e7\u00e3o de servi\u00e7os<\/td><td><a href=\"http:\/\/www.camarapocao.pe.gov.br\/home\/images\/Consulta\/contratos\/2012\/termo_3.pdf\" target=\"_blank\" rel=\"noreferrer noopener\">PDF<\/a><\/td><\/tr><tr><td>Termo IV<\/td><td>4\u00b0 Termo aditivo ao contrato de presta\u00e7\u00e3o de servi\u00e7os<\/td><td><a href=\"http:\/\/www.camarapocao.pe.gov.br\/home\/images\/Consulta\/contratos\/2012\/termo_4.pdf\" target=\"_blank\" rel=\"noreferrer noopener\">PDF<\/a><\/td><\/tr><tr><td>Termo V<\/td><td>5\u00b0 Termo aditivo ao contrato de presta\u00e7\u00e3o de servi\u00e7os<\/td><td><a href=\"http:\/\/www.camarapocao.pe.gov.br\/home\/images\/Consulta\/contratos\/2012\/termo_5.pdf\" target=\"_blank\" rel=\"noreferrer noopener\">PDF<\/a><\/td><\/tr><\/tbody><\/table>\n","protected":false},"excerpt":{"rendered":"<p>N\u00ba do documento Descri\u00e7\u00e3o Download 1\/2012 Loca\u00e7\u00e3o de im\u00f3vel, para utiliza\u00e7\u00e3o da C\u00e2mara Municipal de Po\u00e7\u00e3o-PE PDF 1\/2012.2 Termo de prorroga\u00e7\u00e3o de contrato referente ao <a class=\"leiamais\" href=\"https:\/\/camarapocao.pe.gov.br\/v1\/contratos-fechados-em-2012\/\"><i class=\"fa fa-angle-double-right\" aria-hidden=\"true\"><\/i><br \/>\n<\/a><\/p>\n","protected":false},"author":2,"featured_media":0,"parent":0,"menu_order":0,"comment_status":"closed","ping_status":"closed","template":"","meta":{"footnotes":""},"class_list":["post-407","page","type-page","status-publish","hentry","active"],"aioseo_notices":[],"_links":{"self":[{"href":"https:\/\/camarapocao.pe.gov.br\/v1\/wp-json\/wp\/v2\/pages\/407","targetHints":{"allow":["GET"]}}],"collection":[{"href":"https:\/\/camarapocao.pe.gov.br\/v1\/wp-json\/wp\/v2\/pages"}],"about":[{"href":"https:\/\/camarapocao.pe.gov.br\/v1\/wp-json\/wp\/v2\/types\/page"}],"author":[{"embeddable":true,"href":"https:\/\/camarapocao.pe.gov.br\/v1\/wp-json\/wp\/v2\/users\/2"}],"replies":[{"embeddable":true,"href":"https:\/\/camarapocao.pe.gov.br\/v1\/wp-json\/wp\/v2\/comments?post=407"}],"version-history":[{"count":1,"href":"https:\/\/camarapocao.pe.gov.br\/v1\/wp-json\/wp\/v2\/pages\/407\/revisions"}],"predecessor-version":[{"id":408,"href":"https:\/\/camarapocao.pe.gov.br\/v1\/wp-json\/wp\/v2\/pages\/407\/revisions\/408"}],"wp:attachment":[{"href":"https:\/\/camarapocao.pe.gov.br\/v1\/wp-json\/wp\/v2\/media?parent=407"}],"curies":[{"name":"wp","href":"https:\/\/api.w.org\/{rel}","templated":true}]}}

<table class="wp-block-table is-style-stripes"><tbody><tr><td><strong>Nº do documento</strong></td><td><strong>Descrição</strong></td><td><strong>Download</strong></td></tr><tr><td>1/2012</td><td>Locação de imóvel, para utilização da Câmara Municipal de Poção-PE</td><td><a href="http://www.camarapocao.pe.gov.br/home/images/Consulta/contratos/2012/01-2012.pdf">PDF</a></td></tr><tr><td>1/2012.2</td><td>Termo de prorrogação de contrato referente ao contrato N°01/2012</td><td><a href="http://www.camarapocao.pe.gov.br/home/images/Consulta/contratos/2012/01-2012-2.pdf" target="_blank" rel="noreferrer noopener">PDF</a></td></tr><tr><td>2/2012</td><td>Locação de imóvel, para utilização da Câmara de Poção na colocação do veículo oficial do Poder Legislativo Municipal</td><td><a href="http://www.camarapocao.pe.gov.br/home/images/Consulta/contratos/2012/02-2012.pdf" target="_blank" rel="noreferrer noopener">PDF</a></td></tr><tr><td>3/2012</td><td>Prestação de serviços de hospedagem, manutenção e atualização do site da Câmara Municipal de Poção</td><td><a href="http://www.camarapocao.pe.gov.br/home/images/Consulta/contratos/2012/03-2012.pdf" target="_blank" rel="noreferrer noopener">PDF</a></td></tr><tr><td>4/2012</td><td>Prestção de serviços 
especializados de consultoria e assessoria na área de RH, com a 
utilização do sistema software gerenciador de pessoal adequando-o às 
alterações orçamentárias</td><td><a href="http://www.camarapocao.pe.gov.br/home/images/Consulta/contratos/2012/04-2012.pdf" target="_blank" rel="noreferrer noopener">PDF</a></td></tr><tr><td>5/2012</td><td>Prestação de serviços de acesso à internet</td><td><a href="http://www.camarapocao.pe.gov.br/home/images/Consulta/contratos/2012/05-2012.pdf" target="_blank" rel="noreferrer noopener">PDF</a></td></tr><tr><td>6/2012</td><td>Locação de software de 
interface gráfica, com banco de dados, para processamento da execução 
orçamentária e da contabilidade pública</td><td><a href="http://www.camarapocao.pe.gov.br/home/images/Consulta/contratos/2012/06-2012.pdf" target="_blank" rel="noreferrer noopener">PDF</a></td></tr><tr><td>7/2012</td><td>Termo aditivo &#8211; Processo licitatório 01/2011</td><td><a href="http://www.camarapocao.pe.gov.br/home/images/Consulta/contratos/2012/termo_aditivo.pdf" target="_blank" rel="noreferrer noopener">PDF</a></td></tr><tr><td>Termo I</td><td>1° Temo aditivo ao contrato de prestação de serviços</td><td><a href="http://www.camarapocao.pe.gov.br/home/images/Consulta/contratos/2012/termo_1.pdf" target="_blank" rel="noreferrer noopener">PDF</a></td></tr><tr><td>Termo II</td><td>2° Termo aditivo ao contrato de prestação de serviços</td><td><a href="http://www.camarapocao.pe.gov.br/home/images/Consulta/contratos/2012/termo_2.pdf" target="_blank" rel="noreferrer noopener">PDF</a></td></tr><tr><td>Termo III</td><td>3° Termo aditivo ao contrato de prestação de serviços</td><td><a href="http://www.camarapocao.pe.gov.br/home/images/Consulta/contratos/2012/termo_3.pdf" target="_blank" rel="noreferrer noopener">PDF</a></td></tr><tr><td>Termo IV</td><td>4° Termo aditivo ao contrato de prestação de serviços</td><td><a href="http://www.camarapocao.pe.gov.br/home/images/Consulta/contratos/2012/termo_4.pdf" target="_blank" rel="noreferrer noopener">PDF</a></td></tr><tr><td>Termo V</td><td>5° Termo aditivo ao contrato de prestação de serviços</td><td><a href="http://www.camarapocao.pe.gov.br/home/images/Consulta/contratos/2012/termo_5.pdf" target="_blank" rel="noreferrer noopener">PDF</a></td></tr></tbody></table>

<p>Nº do documento Descrição Download 1/2012 Locação de imóvel, para utilização da Câmara Municipal de Poção-PE PDF 1/2012.2 Termo de prorrogação de contrato referente ao <a class="leiamais" href="https://camarapocao.pe.gov.br/v1/contratos-fechados-em-2012/"><i class="fa fa-angle-double-right" aria-hidden="true"></i><br />
</a></p>
