{"id":1841,"date":"2025-04-20T19:46:36","date_gmt":"2025-04-20T22:46:36","guid":{"rendered":"https:\/\/camarapocao.pe.gov.br\/v1\/?page_id=1841"},"modified":"2025-04-20T19:46:36","modified_gmt":"2025-04-20T22:46:36","slug":"decretos-aprovados-em-2025","status":"publish","type":"page","link":"https:\/\/camarapocao.pe.gov.br\/v1\/decretos-aprovados-em-2025\/","title":{"rendered":"DECRETOS APROVADOS EM 2025"},"content":{"rendered":"\n<table id=\"tablepress-47\" class=\"tablepress tablepress-id-47\">\n<thead>\n<tr class=\"row-1\">\n\t<th class=\"column-1\">N\u00ba do Documento<\/th><th class=\"column-2\">Ementa<\/th><th class=\"column-3\">Download<\/th>\n<\/tr>\n<\/thead>\n<tbody class=\"row-striping row-hover\">\n<tr class=\"row-2\">\n\t<td class=\"column-1\">1<\/td><td class=\"column-2\">Disp\u00f5es sobre a concess\u00e3o de T\u00edtulo de Cidad\u00e3o Po\u00e7\u00e3oense ao Sr. Dr. Diosbel Perez, Cl\u00ednico Geralda UBS Gilson Mergulh\u00e3o.<\/td><td class=\"column-3\"><a href=\"https:\/\/www.camarapocao.pe.gov.br\/home\/images\/Consulta\/decretos\/2025\/dl (1).pdf\" rel=\"noopener\" target=\"_blank\">PDF<\/a><\/td>\n<\/tr>\n<tr class=\"row-3\">\n\t<td class=\"column-1\">2<\/td><td class=\"column-2\">Disp\u00f5es sobre a concess\u00e3o de T\u00edtulo de Cidad\u00e3o Po\u00e7\u00e3oense ao Sr. Erm\u00edrio Bezerra Filho.<\/td><td class=\"column-3\"><a href=\"https:\/\/www.camarapocao.pe.gov.br\/home\/images\/Consulta\/decretos\/2025\/dl (2).pdf\" rel=\"noopener\" target=\"_blank\">PDF<\/a><\/td>\n<\/tr>\n<tr class=\"row-4\">\n\t<td class=\"column-1\">3<\/td><td class=\"column-2\">Disp\u00f5e da concess\u00e3o de T\u00edtulo de Cidad\u00e3o Po\u00e7\u00e3oense ao Sr. Jos\u00e9 Augustinho da Silva (Z\u00e9 do Banco).<\/td><td class=\"column-3\"><a href=\"https:\/\/www.camarapocao.pe.gov.br\/home\/images\/Consulta\/decretos\/2025\/dl (3).pdf\" rel=\"noopener\" target=\"_blank\">PDF<\/a><\/td>\n<\/tr>\n<tr class=\"row-5\">\n\t<td class=\"column-1\">4<\/td><td class=\"column-2\">Regulamenta a lei federal n\u00ba 14.129 no \u00e2mbito do Poder Legislativo Municipal, instituindo o programa de Governo Digital da C\u00e2mara de Po\u00e7\u00e3o\/PE.<\/td><td class=\"column-3\"><a href=\"https:\/\/www.camarapocao.pe.gov.br\/home\/images\/Consulta\/decretos\/2025\/dl (4).pdf\" rel=\"noopener\" target=\"_blank\">PDF<\/a><\/td>\n<\/tr>\n<tr class=\"row-6\">\n\t<td class=\"column-1\">5<\/td><td class=\"column-2\">Disp\u00f5e da concess\u00e3o de T\u00edtulo de Cidad\u00e3o Po\u00e7\u00e3oense ao Exmo. Deputado Sr.Renildo Vasconcelos Calheiros.<\/td><td class=\"column-3\"><a href=\"https:\/\/www.camarapocao.pe.gov.br\/home\/images\/Consulta\/decretos\/2025\/dl (5).pdf\" rel=\"noopener\" target=\"_blank\">PDF<\/a><\/td>\n<\/tr>\n<tr class=\"row-7\">\n\t<td class=\"column-1\">6<\/td><td class=\"column-2\">Disp\u00f5e da concess\u00e3o de T\u00edtulo de Cidad\u00e3o Po\u00e7\u00e3oense ao Exmo. Deputado Sr. Waldemar Alberto Borges.<\/td><td class=\"column-3\"><a href=\"https:\/\/www.camarapocao.pe.gov.br\/home\/images\/Consulta\/decretos\/2025\/dl (6).pdf\" rel=\"noopener\" target=\"_blank\">PDF<\/a><\/td>\n<\/tr>\n<tr class=\"row-8\">\n\t<td class=\"column-1\">7<\/td><td class=\"column-2\">Disp\u00f5e da concess\u00e3o de T\u00edtulo de Cidad\u00e3 Po\u00e7\u00e3oense a Exma. Vereadora Sra. Sandra Silva de Carvalho.<\/td><td class=\"column-3\"><a href=\"https:\/\/www.camarapocao.pe.gov.br\/home\/images\/Consulta\/decretos\/2025\/dl (7).pdf\" rel=\"noopener\" target=\"_blank\">PDF<\/a><\/td>\n<\/tr>\n<tr class=\"row-9\">\n\t<td class=\"column-1\">8<\/td><td class=\"column-2\">Disp\u00f5e sobre a concess\u00e3o de Medalha Malaquias Vieira ao Ilmo. Sr. Luiz de Fran\u00e7a Cordeiro Vasconcelos pelos relevantes servi\u00e7os prestados ao munic\u00edpio de Po\u00e7\u00e3o\/PE.<\/td><td class=\"column-3\"><a href=\"https:\/\/www.camarapocao.pe.gov.br\/home\/images\/Consulta\/decretos\/2025\/dl (8).pdf\" rel=\"noopener\" target=\"_blank\">PDF<\/a><\/td>\n<\/tr>\n<tr class=\"row-10\">\n\t<td class=\"column-1\">9<\/td><td class=\"column-2\">Disp\u00f5e da concess\u00e3o de T\u00edtulo de Cidad\u00e3o Po\u00e7\u00e3oense ao Exmo. Sr. Elias Pereira de Moura.<\/td><td class=\"column-3\"><a href=\"https:\/\/www.camarapocao.pe.gov.br\/home\/images\/Consulta\/decretos\/2025\/dl (9).pdf\" rel=\"noopener\" target=\"_blank\">PDF<\/a><\/td>\n<\/tr>\n<tr class=\"row-11\">\n\t<td class=\"column-1\">10<\/td><td class=\"column-2\">Disp\u00f5e sobre aplica\u00e7\u00e3o da Lei Federal 13.709 no \u00e2mbito da C\u00e2mara Municipal de Po\u00e7\u00e3o\/PE.<\/td><td class=\"column-3\"><a href=\"https:\/\/www.camarapocao.pe.gov.br\/home\/images\/Consulta\/decretos\/2025\/dl (10).pdf\" rel=\"noopener\" target=\"_blank\">PDF<\/a><\/td>\n<\/tr>\n<tr class=\"row-12\">\n\t<td class=\"column-1\">11<\/td><td class=\"column-2\">Disp\u00f5e sobre a concess\u00e3o de Medalha Malaquias Vieira ao Ilmo. Sr. Exmo. Romero Sales pelos relevantes servi\u00e7os prestados \u00e0 cidade de Po\u00e7\u00e3o PE<\/td><td class=\"column-3\"><a href=\"https:\/\/www.camarapocao.pe.gov.br\/home\/images\/Consulta\/decretos\/2025\/dl (11).pdf\" rel=\"noopener\" target=\"_blank\">PDF<\/a><\/td>\n<\/tr>\n<tr class=\"row-13\">\n\t<td class=\"column-1\">12<\/td><td class=\"column-2\">Disp\u00f5e da concess\u00e3o de T\u00edtulo de Cidad\u00e3o Po\u00e7\u00e3oense ao Exmo. Sr. Ionas Santana<\/td><td class=\"column-3\"><a href=\"https:\/\/www.camarapocao.pe.gov.br\/home\/images\/Consulta\/decretos\/2025\/dl (12).pdf\" rel=\"noopener\" target=\"_blank\">PDF<\/a><\/td>\n<\/tr>\n<tr class=\"row-14\">\n\t<td class=\"column-1\">13<\/td><td class=\"column-2\">Disp\u00f5e da concess\u00e3o de T\u00edtulo de Cidad\u00e3o Po\u00e7\u00e3oense ao Exmo. Sr. Heleno Val\u00e9rio Jr.<\/td><td class=\"column-3\"><a href=\"https:\/\/www.camarapocao.pe.gov.br\/home\/images\/Consulta\/decretos\/2025\/dl (13).pdf\" rel=\"noopener\" target=\"_blank\">PDF<\/a><\/td>\n<\/tr>\n<tr class=\"row-15\">\n\t<td class=\"column-1\">14<\/td><td class=\"column-2\">Disp\u00f5e da concess\u00e3o de T\u00edtulo de Cidad\u00e3 Po\u00e7\u00e3oense a Exma. Sra. Raquel Paiva.<\/td><td class=\"column-3\"><a href=\"https:\/\/www.camarapocao.pe.gov.br\/home\/images\/Consulta\/decretos\/2025\/dl (14).pdf\" rel=\"noopener\" target=\"_blank\">PDF<\/a><\/td>\n<\/tr>\n<tr class=\"row-16\">\n\t<td class=\"column-1\">15<\/td><td class=\"column-2\">Disp\u00f5e sobre concess\u00e3o de T\u00edtulo de Cidad\u00e3o Po\u00e7\u00e3oense para o Sr. Paulo Henrique Feitosa pelos relevantes servi\u00e7os prestados.<\/td><td class=\"column-3\"><a href=\"https:\/\/www.camarapocao.pe.gov.br\/home\/images\/Consulta\/decretos\/2025\/dl (15).pdf\" rel=\"noopener\" target=\"_blank\">PDF<\/a><\/td>\n<\/tr>\n<tr class=\"row-17\">\n\t<td class=\"column-1\">16<\/td><td class=\"column-2\">Disp\u00f5e sobre concess\u00e3o de T\u00edtulo de Cidad\u00e3o Po\u00e7\u00e3oense para a Sra. Djanira Quit\u00e9ria do Nascimento pelos relevantes servi\u00e7os prestados.<\/td><td class=\"column-3\"><a href=\"https:\/\/www.camarapocao.pe.gov.br\/home\/images\/Consulta\/decretos\/2025\/dl (16).pdf\" rel=\"noopener\" target=\"_blank\">PDF<\/a><\/td>\n<\/tr>\n<tr class=\"row-18\">\n\t<td class=\"column-1\">17<\/td><td class=\"column-2\">Disp\u00f5e sobre concess\u00e3o de T\u00edtulo de Cidad\u00e3o Po\u00e7\u00e3oense para o Sr. Hor\u00e1cio Luiz do Nascimento pelos relevantes servi\u00e7os prestados.<\/td><td class=\"column-3\"><a href=\"https:\/\/www.camarapocao.pe.gov.br\/home\/images\/Consulta\/decretos\/2025\/dl (17).pdf\" rel=\"noopener\" target=\"_blank\">PDF<\/a><\/td>\n<\/tr>\n<tr class=\"row-19\">\n\t<td class=\"column-1\">18<\/td><td class=\"column-2\">Disp\u00f5e sobre concess\u00e3o de T\u00edtulo de Cidad\u00e3o Po\u00e7\u00e3oense para o Sr. Marcos Ant\u00f4no dos Santos. pelos relevantes servi\u00e7os prestados.<\/td><td class=\"column-3\"><a href=\"https:\/\/www.camarapocao.pe.gov.br\/home\/images\/Consulta\/decretos\/2025\/dl (18).pdf\" rel=\"noopener\" target=\"_blank\">PDF<\/a><\/td>\n<\/tr>\n<tr class=\"row-20\">\n\t<td class=\"column-1\">19<\/td><td class=\"column-2\">Fica Concedido o T\u00edtulo de Cidad\u00e3o Po\u00e7oense ao Ilmo (Professor) Sr\u00ba. JOSU\u00c9 BARBOSA DOS SANTOS, pelos relevantes servi\u00e7os prestados ao nosso Munic\u00edpio.<\/td><td class=\"column-3\"><a href=\"https:\/\/www.camarapocao.pe.gov.br\/home\/images\/Consulta\/decretos\/2025\/dl (19).pdf\" rel=\"noopener\" target=\"_blank\">PDF<\/a><\/td>\n<\/tr>\n<tr class=\"row-21\">\n\t<td class=\"column-1\">20<\/td><td class=\"column-2\">Fica Concedido o T\u00edtulo de Cidad\u00e3o Po\u00e7oense a Ilm\u00aa. Sr\u00aa. Terezinha da Costa Jatob\u00e1 Batista, pelos relevantes servi\u00e7os prestados ao nosso Munic\u00edpio.<\/td><td class=\"column-3\"><a href=\"https:\/\/www.camarapocao.pe.gov.br\/home\/images\/Consulta\/decretos\/2025\/dl (20).pdf\" rel=\"noopener\" target=\"_blank\">PDF<\/a><\/td>\n<\/tr>\n<tr class=\"row-22\">\n\t<td class=\"column-1\">21<\/td><td class=\"column-2\">Fica Concedido o T\u00cdTULO DE CIDAD\u00c3O PO\u00c7\u00c3OENSE, ao Ilustr\u00edssimo Subtenente da PMPE., Sr. JOS\u00c9 ELTON DELGADO FERREIRA, pelos relevantes servi\u00e7os prestados ao munic\u00edpio de Po\u00e7\u00e3o, Pernambuco.<\/td><td class=\"column-3\"><a href=\"https:\/\/www.camarapocao.pe.gov.br\/home\/images\/Consulta\/decretos\/2025\/dl (21).pdf\" rel=\"noopener\" target=\"_blank\">PDF<\/a><\/td>\n<\/tr>\n<tr class=\"row-23\">\n\t<td class=\"column-1\">22<\/td><td class=\"column-2\">Fica Concedido a MEDALHA MALAQUIAS VIEIRA aos Ilustr\u00edssimos senhores \u00c1lvaro Henrique Silva Gomes, Evando Francisco de Freitas, e ilustr\u00edssimas senhoras, Maria Jos\u00e9 Cordeiro Almeida, Maria Patr\u00edcia Nunes dos Santos e Ver\u00f4nica Gomes de Ara\u00fajo, conselheiros tutelares do munic\u00edpio, pelos relevantes servi\u00e7os prestados ao munic\u00edpio de Po\u00e7\u00e3o, Pernambuco.<\/td><td class=\"column-3\"><a href=\"https:\/\/www.camarapocao.pe.gov.br\/home\/images\/Consulta\/decretos\/2025\/dl (22).pdf\" rel=\"noopener\" target=\"_blank\">PDF<\/a><\/td>\n<\/tr>\n<\/tbody>\n<\/table>\n<!-- #tablepress-47 from cache -->\n","protected":false},"excerpt":{"rendered":"","protected":false},"author":3,"featured_media":0,"parent":0,"menu_order":0,"comment_status":"closed","ping_status":"closed","template":"","meta":{"footnotes":""},"class_list":["post-1841","page","type-page","status-publish","hentry","active"],"aioseo_notices":[],"_links":{"self":[{"href":"https:\/\/camarapocao.pe.gov.br\/v1\/wp-json\/wp\/v2\/pages\/1841","targetHints":{"allow":["GET"]}}],"collection":[{"href":"https:\/\/camarapocao.pe.gov.br\/v1\/wp-json\/wp\/v2\/pages"}],"about":[{"href":"https:\/\/camarapocao.pe.gov.br\/v1\/wp-json\/wp\/v2\/types\/page"}],"author":[{"embeddable":true,"href":"https:\/\/camarapocao.pe.gov.br\/v1\/wp-json\/wp\/v2\/users\/3"}],"replies":[{"embeddable":true,"href":"https:\/\/camarapocao.pe.gov.br\/v1\/wp-json\/wp\/v2\/comments?post=1841"}],"version-history":[{"count":1,"href":"https:\/\/camarapocao.pe.gov.br\/v1\/wp-json\/wp\/v2\/pages\/1841\/revisions"}],"predecessor-version":[{"id":1842,"href":"https:\/\/camarapocao.pe.gov.br\/v1\/wp-json\/wp\/v2\/pages\/1841\/revisions\/1842"}],"wp:attachment":[{"href":"https:\/\/camarapocao.pe.gov.br\/v1\/wp-json\/wp\/v2\/media?parent=1841"}],"curies":[{"name":"wp","href":"https:\/\/api.w.org\/{rel}","templated":true}]}}

<table id="tablepress-47" class="tablepress tablepress-id-47">
<thead>
<tr class="row-1">
	<th class="column-1">Nº do Documento</th><th class="column-2">Ementa</th><th class="column-3">Download</th>
</tr>
</thead>
<tbody class="row-striping row-hover">
<tr class="row-2">
	<td class="column-1">1</td><td class="column-2">Dispões sobre a concessão de Título de Cidadão Poçãoense ao Sr. Dr. Diosbel Perez, Clínico Geralda UBS Gilson Mergulhão.</td><td class="column-3"><a href="https://www.camarapocao.pe.gov.br/home/images/Consulta/decretos/2025/dl (1).pdf" rel="noopener" target="_blank">PDF</a></td>
</tr>
<tr class="row-3">
	<td class="column-1">2</td><td class="column-2">Dispões sobre a concessão de Título de Cidadão Poçãoense ao Sr. Ermírio Bezerra Filho.</td><td class="column-3"><a href="https://www.camarapocao.pe.gov.br/home/images/Consulta/decretos/2025/dl (2).pdf" rel="noopener" target="_blank">PDF</a></td>
</tr>
<tr class="row-4">
	<td class="column-1">3</td><td class="column-2">Dispõe da concessão de Título de Cidadão Poçãoense ao Sr. José Augustinho da Silva (Zé do Banco).</td><td class="column-3"><a href="https://www.camarapocao.pe.gov.br/home/images/Consulta/decretos/2025/dl (3).pdf" rel="noopener" target="_blank">PDF</a></td>
</tr>
<tr class="row-5">
	<td class="column-1">4</td><td class="column-2">Regulamenta a lei federal nº 14.129 no âmbito do Poder Legislativo Municipal, instituindo o programa de Governo Digital da Câmara de Poção/PE.</td><td class="column-3"><a href="https://www.camarapocao.pe.gov.br/home/images/Consulta/decretos/2025/dl (4).pdf" rel="noopener" target="_blank">PDF</a></td>
</tr>
<tr class="row-6">
	<td class="column-1">5</td><td class="column-2">Dispõe da concessão de Título de Cidadão Poçãoense ao Exmo. Deputado Sr.Renildo Vasconcelos Calheiros.</td><td class="column-3"><a href="https://www.camarapocao.pe.gov.br/home/images/Consulta/decretos/2025/dl (5).pdf" rel="noopener" target="_blank">PDF</a></td>
</tr>
<tr class="row-7">
	<td class="column-1">6</td><td class="column-2">Dispõe da concessão de Título de Cidadão Poçãoense ao Exmo. Deputado Sr. Waldemar Alberto Borges.</td><td class="column-3"><a href="https://www.camarapocao.pe.gov.br/home/images/Consulta/decretos/2025/dl (6).pdf" rel="noopener" target="_blank">PDF</a></td>
</tr>
<tr class="row-8">
	<td class="column-1">7</td><td class="column-2">Dispõe da concessão de Título de Cidadã Poçãoense a Exma. Vereadora Sra. Sandra Silva de Carvalho.</td><td class="column-3"><a href="https://www.camarapocao.pe.gov.br/home/images/Consulta/decretos/2025/dl (7).pdf" rel="noopener" target="_blank">PDF</a></td>
</tr>
<tr class="row-9">
	<td class="column-1">8</td><td class="column-2">Dispõe sobre a concessão de Medalha Malaquias Vieira ao Ilmo. Sr. Luiz de França Cordeiro Vasconcelos pelos relevantes serviços prestados ao município de Poção/PE.</td><td class="column-3"><a href="https://www.camarapocao.pe.gov.br/home/images/Consulta/decretos/2025/dl (8).pdf" rel="noopener" target="_blank">PDF</a></td>
</tr>
<tr class="row-10">
	<td class="column-1">9</td><td class="column-2">Dispõe da concessão de Título de Cidadão Poçãoense ao Exmo. Sr. Elias Pereira de Moura.</td><td class="column-3"><a href="https://www.camarapocao.pe.gov.br/home/images/Consulta/decretos/2025/dl (9).pdf" rel="noopener" target="_blank">PDF</a></td>
</tr>
<tr class="row-11">
	<td class="column-1">10</td><td class="column-2">Dispõe sobre aplicação da Lei Federal 13.709 no âmbito da Câmara Municipal de Poção/PE.</td><td class="column-3"><a href="https://www.camarapocao.pe.gov.br/home/images/Consulta/decretos/2025/dl (10).pdf" rel="noopener" target="_blank">PDF</a></td>
</tr>
<tr class="row-12">
	<td class="column-1">11</td><td class="column-2">Dispõe sobre a concessão de Medalha Malaquias Vieira ao Ilmo. Sr. Exmo. Romero Sales pelos relevantes serviços prestados à cidade de Poção PE</td><td class="column-3"><a href="https://www.camarapocao.pe.gov.br/home/images/Consulta/decretos/2025/dl (11).pdf" rel="noopener" target="_blank">PDF</a></td>
</tr>
<tr class="row-13">
	<td class="column-1">12</td><td class="column-2">Dispõe da concessão de Título de Cidadão Poçãoense ao Exmo. Sr. Ionas Santana</td><td class="column-3"><a href="https://www.camarapocao.pe.gov.br/home/images/Consulta/decretos/2025/dl (12).pdf" rel="noopener" target="_blank">PDF</a></td>
</tr>
<tr class="row-14">
	<td class="column-1">13</td><td class="column-2">Dispõe da concessão de Título de Cidadão Poçãoense ao Exmo. Sr. Heleno Valério Jr.</td><td class="column-3"><a href="https://www.camarapocao.pe.gov.br/home/images/Consulta/decretos/2025/dl (13).pdf" rel="noopener" target="_blank">PDF</a></td>
</tr>
<tr class="row-15">
	<td class="column-1">14</td><td class="column-2">Dispõe da concessão de Título de Cidadã Poçãoense a Exma. Sra. Raquel Paiva.</td><td class="column-3"><a href="https://www.camarapocao.pe.gov.br/home/images/Consulta/decretos/2025/dl (14).pdf" rel="noopener" target="_blank">PDF</a></td>
</tr>
<tr class="row-16">
	<td class="column-1">15</td><td class="column-2">Dispõe sobre concessão de Título de Cidadão Poçãoense para o Sr. Paulo Henrique Feitosa pelos relevantes serviços prestados.</td><td class="column-3"><a href="https://www.camarapocao.pe.gov.br/home/images/Consulta/decretos/2025/dl (15).pdf" rel="noopener" target="_blank">PDF</a></td>
</tr>
<tr class="row-17">
	<td class="column-1">16</td><td class="column-2">Dispõe sobre concessão de Título de Cidadão Poçãoense para a Sra. Djanira Quitéria do Nascimento pelos relevantes serviços prestados.</td><td class="column-3"><a href="https://www.camarapocao.pe.gov.br/home/images/Consulta/decretos/2025/dl (16).pdf" rel="noopener" target="_blank">PDF</a></td>
</tr>
<tr class="row-18">
	<td class="column-1">17</td><td class="column-2">Dispõe sobre concessão de Título de Cidadão Poçãoense para o Sr. Horácio Luiz do Nascimento pelos relevantes serviços prestados.</td><td class="column-3"><a href="https://www.camarapocao.pe.gov.br/home/images/Consulta/decretos/2025/dl (17).pdf" rel="noopener" target="_blank">PDF</a></td>
</tr>
<tr class="row-19">
	<td class="column-1">18</td><td class="column-2">Dispõe sobre concessão de Título de Cidadão Poçãoense para o Sr. Marcos Antôno dos Santos. pelos relevantes serviços prestados.</td><td class="column-3"><a href="https://www.camarapocao.pe.gov.br/home/images/Consulta/decretos/2025/dl (18).pdf" rel="noopener" target="_blank">PDF</a></td>
</tr>
<tr class="row-20">
	<td class="column-1">19</td><td class="column-2">Fica Concedido o Título de Cidadão Poçoense ao Ilmo (Professor) Srº. JOSUÉ BARBOSA DOS SANTOS, pelos relevantes serviços prestados ao nosso Município.</td><td class="column-3"><a href="https://www.camarapocao.pe.gov.br/home/images/Consulta/decretos/2025/dl (19).pdf" rel="noopener" target="_blank">PDF</a></td>
</tr>
<tr class="row-21">
	<td class="column-1">20</td><td class="column-2">Fica Concedido o Título de Cidadão Poçoense a Ilmª. Srª. Terezinha da Costa Jatobá Batista, pelos relevantes serviços prestados ao nosso Município.</td><td class="column-3"><a href="https://www.camarapocao.pe.gov.br/home/images/Consulta/decretos/2025/dl (20).pdf" rel="noopener" target="_blank">PDF</a></td>
</tr>
<tr class="row-22">
	<td class="column-1">21</td><td class="column-2">Fica Concedido o TÍTULO DE CIDADÃO POÇÃOENSE, ao Ilustríssimo Subtenente da PMPE., Sr. JOSÉ ELTON DELGADO FERREIRA, pelos relevantes serviços prestados ao município de Poção, Pernambuco.</td><td class="column-3"><a href="https://www.camarapocao.pe.gov.br/home/images/Consulta/decretos/2025/dl (21).pdf" rel="noopener" target="_blank">PDF</a></td>
</tr>
<tr class="row-23">
	<td class="column-1">22</td><td class="column-2">Fica Concedido a MEDALHA MALAQUIAS VIEIRA aos Ilustríssimos senhores Álvaro Henrique Silva Gomes, Evando Francisco de Freitas, e ilustríssimas senhoras, Maria José Cordeiro Almeida, Maria Patrícia Nunes dos Santos e Verônica Gomes de Araújo, conselheiros tutelares do município, pelos relevantes serviços prestados ao município de Poção, Pernambuco.</td><td class="column-3"><a href="https://www.camarapocao.pe.gov.br/home/images/Consulta/decretos/2025/dl (22).pdf" rel="noopener" target="_blank">PDF</a></td>
</tr>
</tbody>
</table>
<!-- #tablepress-47 from cache -->
