{"id":1631,"date":"2024-04-14T22:52:18","date_gmt":"2024-04-15T01:52:18","guid":{"rendered":"https:\/\/camarapocao.pe.gov.br\/?page_id=1631"},"modified":"2024-04-14T22:52:18","modified_gmt":"2024-04-15T01:52:18","slug":"resolucoes-aprovadas-em-2024","status":"publish","type":"page","link":"https:\/\/camarapocao.pe.gov.br\/v1\/resolucoes-aprovadas-em-2024\/","title":{"rendered":"RESOLU\u00c7\u00d5ES APROVADAS EM 2024"},"content":{"rendered":"\n<table id=\"tablepress-39\" class=\"tablepress tablepress-id-39\">\n<thead>\n<tr class=\"row-1\">\n\t<th class=\"column-1\">N\u00ba do documento<\/th><th class=\"column-2\">Ementa<\/th><th class=\"column-3\">Download<\/th>\n<\/tr>\n<\/thead>\n<tbody class=\"row-striping row-hover\">\n<tr class=\"row-2\">\n\t<td class=\"column-1\">114<\/td><td class=\"column-2\">Regulamenta a Lei n\u00ba 14.133 que dip\u00f5e sobre licita\u00e7\u00f5es e contratos administrativos.<\/td><td class=\"column-3\"><a href=\"https:\/\/www.camarapocao.pe.gov.br\/home\/images\/Consulta\/resolucoes\/2024\/resolucao2024 (1).pdf\" rel=\"noopener\" target=\"_blank\">PDF<\/a><\/td>\n<\/tr>\n<tr class=\"row-3\">\n\t<td class=\"column-1\">115<\/td><td class=\"column-2\">Fixa os subs\u00eddios para o per\u00edodo de 2025 a 2028 e d\u00e1 outras provid\u00eancias.<\/td><td class=\"column-3\"><a href=\"https:\/\/www.camarapocao.pe.gov.br\/home\/images\/Consulta\/resolucoes\/2024\/resolucao2024 (2).pdf\" rel=\"noopener\" target=\"_blank\">PDF<\/a><\/td>\n<\/tr>\n<tr class=\"row-4\">\n\t<td class=\"column-1\">116<\/td><td class=\"column-2\">Disp\u00f5e sobre o or\u00e7amento parcial do poder legislativo para o exerc\u00edcio financeiro de 2025 e d\u00e1 outras provid\u00eancias.<\/td><td class=\"column-3\"><a href=\"https:\/\/www.camarapocao.pe.gov.br\/home\/images\/Consulta\/resolucoes\/2024\/resolucao2024 (3).pdf\" rel=\"noopener\" target=\"_blank\">PDF<\/a><\/td>\n<\/tr>\n<tr class=\"row-5\">\n\t<td class=\"column-1\">117<\/td><td class=\"column-2\">Aprova com ressalvas as contas do exerc\u00edcio de 2021 da Prefeitura de Po\u00e7\u00e3o\/PE (Processo N\u00ba 22100609-6 do TC-PE.<\/td><td class=\"column-3\"><a href=\"https:\/\/www.camarapocao.pe.gov.br\/home\/images\/Consulta\/resolucoes\/2024\/resolucao2024 (4).pdf\" rel=\"noopener\" target=\"_blank\">PDF<\/a><\/td>\n<\/tr>\n<tr class=\"row-6\">\n\t<td class=\"column-1\">118<\/td><td class=\"column-2\">Aprova com ressalvas as contas do exerc\u00edcio de 2022 da Prefeitura de Po\u00e7\u00e3o\/PE (Processo N\u00ba 23100679-2 do TC-PE.<\/td><td class=\"column-3\"><a href=\"https:\/\/www.camarapocao.pe.gov.br\/home\/images\/Consulta\/resolucoes\/2024\/resolucao2024 (5).pdf\" rel=\"noopener\" target=\"_blank\">PDF<\/a><\/td>\n<\/tr>\n<tr class=\"row-7\">\n\t<td class=\"column-1\">119<\/td><td class=\"column-2\">Disp\u00f5e sobre a concess\u00e3o de di\u00e1rias aos agentes pol\u00edticos, servidores p\u00fablicos da C\u00e2mara de Po\u00e7\u00e3o e d\u00e1 outras provid\u00eancias.<\/td><td class=\"column-3\"><a href=\"https:\/\/www.camarapocao.pe.gov.br\/home\/images\/Consulta\/resolucoes\/2024\/resolucao2024 (6).pdf\" rel=\"noopener\" target=\"_blank\">PDF<\/a><\/td>\n<\/tr>\n<\/tbody>\n<\/table>\n<!-- #tablepress-39 from cache -->\n","protected":false},"excerpt":{"rendered":"","protected":false},"author":3,"featured_media":0,"parent":0,"menu_order":0,"comment_status":"closed","ping_status":"closed","template":"","meta":{"footnotes":""},"class_list":["post-1631","page","type-page","status-publish","hentry","active"],"aioseo_notices":[],"_links":{"self":[{"href":"https:\/\/camarapocao.pe.gov.br\/v1\/wp-json\/wp\/v2\/pages\/1631","targetHints":{"allow":["GET"]}}],"collection":[{"href":"https:\/\/camarapocao.pe.gov.br\/v1\/wp-json\/wp\/v2\/pages"}],"about":[{"href":"https:\/\/camarapocao.pe.gov.br\/v1\/wp-json\/wp\/v2\/types\/page"}],"author":[{"embeddable":true,"href":"https:\/\/camarapocao.pe.gov.br\/v1\/wp-json\/wp\/v2\/users\/3"}],"replies":[{"embeddable":true,"href":"https:\/\/camarapocao.pe.gov.br\/v1\/wp-json\/wp\/v2\/comments?post=1631"}],"version-history":[{"count":1,"href":"https:\/\/camarapocao.pe.gov.br\/v1\/wp-json\/wp\/v2\/pages\/1631\/revisions"}],"predecessor-version":[{"id":1632,"href":"https:\/\/camarapocao.pe.gov.br\/v1\/wp-json\/wp\/v2\/pages\/1631\/revisions\/1632"}],"wp:attachment":[{"href":"https:\/\/camarapocao.pe.gov.br\/v1\/wp-json\/wp\/v2\/media?parent=1631"}],"curies":[{"name":"wp","href":"https:\/\/api.w.org\/{rel}","templated":true}]}}