{"id":1615,"date":"2024-04-14T22:27:30","date_gmt":"2024-04-15T01:27:30","guid":{"rendered":"https:\/\/camarapocao.pe.gov.br\/?page_id=1615"},"modified":"2024-04-14T22:27:30","modified_gmt":"2024-04-15T01:27:30","slug":"projetos-de-lei-tramitados-2024","status":"publish","type":"page","link":"https:\/\/camarapocao.pe.gov.br\/v1\/projetos-de-lei-tramitados-2024\/","title":{"rendered":"PROJETOS DE LEI TRAMITADOS \u2013 2024"},"content":{"rendered":"\n<table id=\"tablepress-37\" class=\"tablepress tablepress-id-37\">\n<thead>\n<tr class=\"row-1\">\n\t<th class=\"column-1\">PROJETO DE LEI<\/th><th class=\"column-2\">EMENTA<\/th><th class=\"column-3\">AUTORIA<\/th><th class=\"column-4\">Tramita\u00e7\u00e3o<\/th><th class=\"column-5\">RELATORES<\/th><th class=\"column-6\">Situa\u00e7\u00e3o Atual<\/th><th class=\"column-7\">Lista Nominal de Vota\u00e7\u00e3o<\/th><th class=\"column-8\">Download<\/th>\n<\/tr>\n<\/thead>\n<tbody class=\"row-striping row-hover\">\n<tr class=\"row-2\">\n\t<td class=\"column-1\">1<\/td><td class=\"column-2\">Disp\u00f5e sobre a cria\u00e7\u00e3o de cargos comissionados na estrutura administrativa do Poder Legislativo da c\u00e2mara municipal de vereadores de Po\u00e7\u00e3o.<\/td><td class=\"column-3\">Mesa Diretora<\/td><td class=\"column-4\">Comiss\u00e3o de Reda\u00e7\u00e3o e Justi\u00e7a, Or\u00e7amento e Finan\u00e7as.<\/td><td class=\"column-5\">Silas Marconi, Silvio de Souza.<\/td><td class=\"column-6\">Aprovado por 5 votos.<\/td><td class=\"column-7\">Napole\u00e3o Cordeiro, Ruth Barbosa, Silas Marconi, Silvio de Souza e Wrides Mendes.<\/td><td class=\"column-8\"><a href=\"https:\/\/www.camarapocao.pe.gov.br\/home\/images\/Consulta\/pl\/2024\/pl (1).pdf\" rel=\"noopener\" target=\"_blank\">PDF<\/a><\/td>\n<\/tr>\n<tr class=\"row-3\">\n\t<td class=\"column-1\">2<\/td><td class=\"column-2\">Fixa o valor do sal\u00e1rio m\u00ednimo dos servidores municipais e d\u00e1 outras provid\u00eancias.<\/td><td class=\"column-3\">Poder Executivo<\/td><td class=\"column-4\">Comiss\u00e3o de Reda\u00e7\u00e3o e Justi\u00e7a e Or\u00e7amento e Finan\u00e7as.<\/td><td class=\"column-5\">Ruth Barbosa e Wrides Mendes.<\/td><td class=\"column-6\">Aprovado por 5 votos.<\/td><td class=\"column-7\">Napole\u00e3o Cordeiro, Ruth Barbosa, Silas Marconi, Silvio de Souza e Wrides Mendes.<\/td><td class=\"column-8\"><a href=\"https:\/\/www.camarapocao.pe.gov.br\/home\/images\/Consulta\/pl\/2024\/pl (2).pdf\" rel=\"noopener\" target=\"_blank\">PDF<\/a><\/td>\n<\/tr>\n<tr class=\"row-4\">\n\t<td class=\"column-1\">3<\/td><td class=\"column-2\">Fixa o valor do vencimento dos conselheiros tutelares municipais e d\u00e1 outras provid\u00eancias.<\/td><td class=\"column-3\">Poder Executivo<\/td><td class=\"column-4\">Comiss\u00e3o de Reda\u00e7\u00e3o e Justi\u00e7a, Or\u00e7amento e Finan\u00e7as..<\/td><td class=\"column-5\">Wrides Mendes, Junior Roberto.<\/td><td class=\"column-6\">Aprovado por 5 votos.<\/td><td class=\"column-7\">Napole\u00e3o Cordeiro, Ruth Barbosa, Silas Marconi, Silvio de Souza e Wrides Mendes<\/td><td class=\"column-8\"><a href=\"https:\/\/www.camarapocao.pe.gov.br\/home\/images\/Consulta\/pl\/2024\/pl (3).pdf\" rel=\"noopener\" target=\"_blank\">PDF<\/a><\/td>\n<\/tr>\n<tr class=\"row-5\">\n\t<td class=\"column-1\">4<\/td><td class=\"column-2\">Disp\u00f5e sobre o piso salarial dos professores efetivos da rede municipal de ensino e d\u00e1 outras provid\u00eancias.<\/td><td class=\"column-3\">Poder Executivo<\/td><td class=\"column-4\">Comiss\u00e3o de Reda\u00e7\u00e3o e Justi\u00e7a, Or\u00e7amento e Finan\u00e7as.<\/td><td class=\"column-5\">Silas Marconi e Silvio de Souza.<\/td><td class=\"column-6\">Aprovado por 5 votos.<\/td><td class=\"column-7\">Napole\u00e3o Cordeiro, Ruth Barbosa, Silas Marconi, Silvio de Souza e Wrides Mendes<\/td><td class=\"column-8\"><a href=\"https:\/\/www.camarapocao.pe.gov.br\/home\/images\/Consulta\/pl\/2024\/pl (4).pdf\" rel=\"noopener\" target=\"_blank\">PDF<\/a><\/td>\n<\/tr>\n<tr class=\"row-6\">\n\t<td class=\"column-1\">5<\/td><td class=\"column-2\">Disp\u00f5e sobre denomina\u00e7\u00e3o de Ruas, Avenidas, Logradouros P\u00fablicos e determina outras provid\u00eancias.<\/td><td class=\"column-3\">Vereador Jos\u00e9 Gleison Rodrigues de Santana<\/td><td class=\"column-4\">Comiss\u00e3o de Reda\u00e7\u00e3o e Justi\u00e7a.<\/td><td class=\"column-5\">Ruth Barbosa Silva Alves<\/td><td class=\"column-6\">Aprovado<\/td><td class=\"column-7\">Napole\u00e3o Cordeiro, Ruth Barbosa, Silas Marconi,  Wrides Mendes, Junior Roberto, Jose Gleison  e Jos\u00e9 Silvestre.<\/td><td class=\"column-8\"><a href=\"https:\/\/www.camarapocao.pe.gov.br\/home\/images\/Consulta\/pl\/2024\/pl (5).pdf\" rel=\"noopener\" target=\"_blank\">PDF<\/a><\/td>\n<\/tr>\n<tr class=\"row-7\">\n\t<td class=\"column-1\">6<\/td><td class=\"column-2\">Concede reajuste geral aos vencimentos dos servidores p\u00fablicos efetivos e comissionados da C\u00e2mara Municipal de Vereadores de Po\u00e7\u00e3o.<\/td><td class=\"column-3\">Mesa Diretora<\/td><td class=\"column-4\">Comiss\u00e3o de Reda\u00e7\u00e3o e Justi\u00e7a e Or\u00e7amento e Finan\u00e7as.<\/td><td class=\"column-5\">Wrides Mendes Paz pelas duas comiss\u00f5es.<\/td><td class=\"column-6\">Aprovado<\/td><td class=\"column-7\">Napole\u00e3o Cordeiro, Ruth Barbosa, Silas Marconi,  Wrides Mendes, Junior Roberto, Jose Gleison  e Jos\u00e9 Silvestre.<\/td><td class=\"column-8\"><a href=\"https:\/\/www.camarapocao.pe.gov.br\/home\/images\/Consulta\/pl\/2024\/pl (6).pdf\" rel=\"noopener\" target=\"_blank\">PDF<\/a><\/td>\n<\/tr>\n<tr class=\"row-8\">\n\t<td class=\"column-1\">7<\/td><td class=\"column-2\">Disp\u00f5e acerca da majora\u00e7\u00e3o do vencimento base de cargos p\u00fablicos efetivos e d\u00e1 outras provid\u00eancias.<\/td><td class=\"column-3\">Poder Executivo<\/td><td class=\"column-4\">Comiss\u00e3o de Reda\u00e7\u00e3o e Justi\u00e7a e Or\u00e7amento e Finan\u00e7as.<\/td><td class=\"column-5\">Silas Marconi e Junior Roberto.<\/td><td class=\"column-6\">Aprovado<\/td><td class=\"column-7\">Ruth Barbosa, Silas Marconi, Jos\u00e9 Gleison, Jos\u00e9 Silvestre, Junior Roberto, Silvio de Souza, Wrides Mendes e Napole\u00e3o Cordeiro.<\/td><td class=\"column-8\"><a href=\"https:\/\/www.camarapocao.pe.gov.br\/home\/images\/Consulta\/pl\/2024\/pl (7).pdf\" rel=\"noopener\" target=\"_blank\">PDF<\/a><\/td>\n<\/tr>\n<tr class=\"row-9\">\n\t<td class=\"column-1\">8<\/td><td class=\"column-2\">Institui no munic\u00edpio de Po\u00e7\u00e3o \u2013 PE \u00a8A Semana de conscientiza\u00e7\u00e3o sobre o Autismo e d\u00e1 outras provid\u00eancias.<\/td><td class=\"column-3\">Vereador Ca\u00edque Alberto de Oliveira Ger\u00f4nimo<\/td><td class=\"column-4\">Comiss\u00e3o de Reda\u00e7\u00e3o e Justi\u00e7a<\/td><td class=\"column-5\">Ruth Barbosa<\/td><td class=\"column-6\">Aprovado por 5 votos.<\/td><td class=\"column-7\">Napole\u00e3o Cordeiro, Ruth Barbosa,   Wrides Mendes,  Jos\u00e9 Gleison  e Jos\u00e9 Silvestre.<\/td><td class=\"column-8\"><a href=\"https:\/\/www.camarapocao.pe.gov.br\/home\/images\/Consulta\/pl\/2024\/pl (8).pdf\" rel=\"noopener\" target=\"_blank\">PDF<\/a><\/td>\n<\/tr>\n<tr class=\"row-10\">\n\t<td class=\"column-1\">9<\/td><td class=\"column-2\">Fixa os subs\u00eddios do Prefeito, Vice-Prefeito e Secret\u00e1rios Municipais para o per\u00edodo da Legislatura 2025 a 2028 e d\u00e1 outras provid\u00eancias.<\/td><td class=\"column-3\">Mesa Diretora<\/td><td class=\"column-4\">Comiss\u00e3o de Reda\u00e7\u00e3o e Justi\u00e7a e Or\u00e7amento de Finan\u00e7as<\/td><td class=\"column-5\">Wrides Mendes e Silvio de Souza<\/td><td class=\"column-6\">Aprovado por 6 votos.<\/td><td class=\"column-7\">Napole\u00e3o Cordeiro, Ruth Barbosa, Silas Marconi,  Wrides Mendes, , Jose Gleison  e Jos\u00e9 Silvestre.<\/td><td class=\"column-8\"><a href=\"https:\/\/www.camarapocao.pe.gov.br\/home\/images\/Consulta\/pl\/2024\/pl (9).pdf\" rel=\"noopener\" target=\"_blank\">PDF<\/a><\/td>\n<\/tr>\n<tr class=\"row-11\">\n\t<td class=\"column-1\">10<\/td><td class=\"column-2\">Promove adequa\u00e7\u00e3o or\u00e7ament\u00e1ria no \u00e2mbito do Munic\u00edpio de Po\u00e7\u00e3o e autoria a abertura de cr\u00e9dito especial ao or\u00e7amento anual de 2024 no valor de R$ 18.811,42.<\/td><td class=\"column-3\">Poder Executivo<\/td><td class=\"column-4\">Comiss\u00e3o de Reda\u00e7\u00e3o e Justi\u00e7a e Or\u00e7amento e finan\u00e7as<\/td><td class=\"column-5\">Silas Marconi e Wrides Mendes<\/td><td class=\"column-6\">Aprovado por 6 votos.<\/td><td class=\"column-7\">Ruth Barbosa, Silas Marconi, Jos\u00e9 Gleison, Jos\u00e9 Silvestre, , Wrides Mendes e Napole\u00e3o Cordeiro.<\/td><td class=\"column-8\"><a href=\"https:\/\/www.camarapocao.pe.gov.br\/home\/images\/Consulta\/pl\/2024\/pl (10).pdf\" rel=\"noopener\" target=\"_blank\">PDF<\/a><\/td>\n<\/tr>\n<tr class=\"row-12\">\n\t<td class=\"column-1\">11<\/td><td class=\"column-2\">Disp\u00f5e sobre denomina\u00e7\u00e3o de Ruas, Avenidas, Logradouros P\u00fablicos e determina outras provid\u00eancias.<\/td><td class=\"column-3\">Vereador Ca\u00edque Alberto de Oliveira Ger\u00f4nimo<\/td><td class=\"column-4\">Comiss\u00e3o de Reda\u00e7\u00e3o e Justi\u00e7a<\/td><td class=\"column-5\">Ruth Barbosa<\/td><td class=\"column-6\">Aprovado por 6 votos.<\/td><td class=\"column-7\">Ruth Barbosa, Silas Marconi, Jos\u00e9 Gleison, Jos\u00e9 Silvestre, , Wrides Mendes e Napole\u00e3o Cordeiro<\/td><td class=\"column-8\"><a href=\"https:\/\/www.camarapocao.pe.gov.br\/home\/images\/Consulta\/pl\/2024\/pl (11).pdf\" rel=\"noopener\" target=\"_blank\">PDF<\/a><\/td>\n<\/tr>\n<tr class=\"row-13\">\n\t<td class=\"column-1\">12<\/td><td class=\"column-2\">Regulamenta no munic\u00edpio de Po\u00e7\u00e3o (PE), a nova metodologia de cofinanciamento federal do Piso de Aten\u00e7\u00e3o Prim\u00e1ria \u00e0 Sa\u00fade \u2013 APS, no \u00e2mbito do sistema \u00fanico de sa\u00fade (SUS), que que autoriza o pagamento da gratifica\u00e7\u00e3o por desempenho na aten\u00e7\u00e3o Prim\u00e1ria a sa\u00fade e d\u00e1 outras provid\u00eancias.<\/td><td class=\"column-3\">Poder Executivo<\/td><td class=\"column-4\">Comiss\u00e3o de Reda\u00e7\u00e3o e Justi\u00e7a e Or\u00e7amento e Finan\u00e7as.<\/td><td class=\"column-5\">Wrides Mendes Paz e Junior Roberto Silva.<\/td><td class=\"column-6\">Aprovado por 7 votos.<\/td><td class=\"column-7\">Ruth Barbosa, Silas Marconi, Jos\u00e9 Gleison, Jos\u00e9 Silvestre, Junior Roberto, Wrides Mendes e Napole\u00e3o Cordeiro.<\/td><td class=\"column-8\"><a href=\"https:\/\/www.camarapocao.pe.gov.br\/home\/images\/Consulta\/pl\/2024\/pl (12).pdf\" rel=\"noopener\" target=\"_blank\">PDF<\/a><\/td>\n<\/tr>\n<tr class=\"row-14\">\n\t<td class=\"column-1\">13<\/td><td class=\"column-2\">Disp\u00f5e sobre a isen\u00e7\u00e3o do imposto de transmiss\u00e3o de bens im\u00f3veis (ITBI) para im\u00f3veis que integrem o programa minha casa minha vida.<\/td><td class=\"column-3\">Poder Executivo<\/td><td class=\"column-4\">Comiss\u00e3o de Reda\u00e7\u00e3o e Justi\u00e7a e Or\u00e7amento de Finan\u00e7as<\/td><td class=\"column-5\">Silas Marconi Galindo e Silvio de Souza Andrade.<\/td><td class=\"column-6\">Aprovado por 6 votos.<\/td><td class=\"column-7\">Silas Marconi, , Jos\u00e9 Silvestre, Junior Roberto, Wrides Mendes, Silvio de Souza e Napole\u00e3o Cordeiro.<\/td><td class=\"column-8\"><a href=\"https:\/\/www.camarapocao.pe.gov.br\/home\/images\/Consulta\/pl\/2024\/pl (13).pdf\" rel=\"noopener\" target=\"_blank\">PDF<\/a><\/td>\n<\/tr>\n<tr class=\"row-15\">\n\t<td class=\"column-1\">14<\/td><td class=\"column-2\">Disp\u00f5e sobre denomina\u00e7\u00e3o de Ruas, Avenidas, Logradouros P\u00fablicos e determina outras provid\u00eancias.<\/td><td class=\"column-3\">Ruth Barbosa e Ca\u00edque Alberto.<\/td><td class=\"column-4\">Comiss\u00e3o de Reda\u00e7\u00e3o.<\/td><td class=\"column-5\">Ruth Barbosa Silva Alves.<\/td><td class=\"column-6\">Aprovado por 6 votos.<\/td><td class=\"column-7\">Silas Marconi, , Jos\u00e9 Silvestre, Junior Roberto, Wrides Mendes, Silvio de Souza e Napole\u00e3o Cordeiro<\/td><td class=\"column-8\"><a href=\"https:\/\/www.camarapocao.pe.gov.br\/home\/images\/Consulta\/pl\/2024\/pl (14).pdf\" rel=\"noopener\" target=\"_blank\">PDF<\/a><\/td>\n<\/tr>\n<tr class=\"row-16\">\n\t<td class=\"column-1\">15<\/td><td class=\"column-2\">Disp\u00f5e sobre denomina\u00e7\u00e3o de Ruas, Avenidas, Logradouros P\u00fablicos e determina outras provid\u00eancias.<\/td><td class=\"column-3\">Ca\u00edque Alberto e Ruth Barbosa.<\/td><td class=\"column-4\">Comiss\u00e3o de Reda\u00e7\u00e3o e Justi\u00e7a<\/td><td class=\"column-5\">Wrides Mendes Paz.<\/td><td class=\"column-6\">Aprovado por 6 votos.<\/td><td class=\"column-7\">Silas Marconi, , Jos\u00e9 Silvestre, Junior Roberto, Wrides Mendes, Silvio de Souza e Napole\u00e3o Cordeiro<\/td><td class=\"column-8\"><a href=\"https:\/\/www.camarapocao.pe.gov.br\/home\/images\/Consulta\/pl\/2024\/pl (15).pdf\" rel=\"noopener\" target=\"_blank\">PDF<\/a><\/td>\n<\/tr>\n<tr class=\"row-17\">\n\t<td class=\"column-1\">16<\/td><td class=\"column-2\">Estabelece as diretrizes or\u00e7ament\u00e1rias para o exerc\u00edcio de 2025 e d\u00e1 outras provid\u00eancias.<\/td><td class=\"column-3\">Poder Executivo<\/td><td class=\"column-4\">Comiss\u00e3o de Reda\u00e7\u00e3o e Justi\u00e7a e Or\u00e7amento e Finan\u00e7as.<\/td><td class=\"column-5\">Silas Marconi e Wrides Mendes.<\/td><td class=\"column-6\">Aprovado<\/td><td class=\"column-7\">Napole\u00e3o Cordeiro, Wrides Mendes, Silvio de Souza, Junior Roberto, Jos\u00e9 Silvestre.<\/td><td class=\"column-8\"><a href=\"https:\/\/www.camarapocao.pe.gov.br\/home\/images\/Consulta\/pl\/2024\/pl (16).pdf\" rel=\"noopener\" target=\"_blank\">PROJETO DE LEI - PDF<\/a><br \/>\n<br \/>\n<a href=\"https:\/\/www.camarapocao.pe.gov.br\/home\/images\/Consulta\/pl\/2024\/pl (16).pdf\" rel=\"noopener\" target=\"_blank\">PARECER OPINATIVO - PDF<\/a><\/td>\n<\/tr>\n<tr class=\"row-18\">\n\t<td class=\"column-1\">17<\/td><td class=\"column-2\">Promove adequa\u00e7\u00e3o or\u00e7ament\u00e1ria no \u00e2mbito do Munic\u00edpio de Po\u00e7\u00e3o e autoriza a abertura de cr\u00e9dito especial ao or\u00e7amento anual de 2024 no valor de R$ 97.484,54, para utiliza\u00e7\u00e3o dos recursos oriundos da lei federal n\u00ba 14.399, de 8 de julho de 2022, que institui a Pol\u00edtica Nacional Aldir Blanc de Fomento \u00e0 Cultura, e d\u00e1 outras provid\u00eancias.<\/td><td class=\"column-3\">Poder Executivo<\/td><td class=\"column-4\">Comiss\u00e3o de Reda\u00e7\u00e3o e Justi\u00e7a e Or\u00e7amento e Finan\u00e7as.<\/td><td class=\"column-5\">Ruth Barbosa e Junior Roberto.<\/td><td class=\"column-6\">Aprovado<\/td><td class=\"column-7\">Napole\u00e3o Cordeiro, Wrides Mendes, Silvio de Souza, Junior Roberto, Jos\u00e9 Silvestre<\/td><td class=\"column-8\"><a href=\"https:\/\/www.camarapocao.pe.gov.br\/home\/images\/Consulta\/pl\/2024\/pl (17).pdf\" rel=\"noopener\" target=\"_blank\">PDF<\/a><\/td>\n<\/tr>\n<tr class=\"row-19\">\n\t<td class=\"column-1\">18<\/td><td class=\"column-2\">Disp\u00f5e sobre projeto de lei complementar referente ao plano plurianual e d\u00e1 outras provid\u00eancias.<\/td><td class=\"column-3\">Poder Executivo<\/td><td class=\"column-4\">Comiss\u00e3o de Reda\u00e7\u00e3o e Justi\u00e7a e Or\u00e7amento e Finan\u00e7as.<\/td><td class=\"column-5\">Wrides Mendes e Silvio de Souza<\/td><td class=\"column-6\">Aprovado<\/td><td class=\"column-7\">Ruth Barbosa, Silas Marconi, Napole\u00e3o Cordeiro, Wrides Mendes, Silvio de Souza, , Jos\u00e9 Silvestre, Jos\u00e9 Gleison.<\/td><td class=\"column-8\"><a href=\"https:\/\/www.camarapocao.pe.gov.br\/home\/images\/Consulta\/pl\/2024\/pl (18).pdf\" rel=\"noopener\" target=\"_blank\">PDF<\/a><\/td>\n<\/tr>\n<tr class=\"row-20\">\n\t<td class=\"column-1\">19<\/td><td class=\"column-2\">Estima a Receita e fixa a DESPESA do Munic\u00edpio para o exerc\u00edcio financeiro de 2025.<\/td><td class=\"column-3\">Poder Executivo<\/td><td class=\"column-4\">Comiss\u00e3o de Reda\u00e7\u00e3o e Justi\u00e7a e Or\u00e7amento e Finan\u00e7as.<\/td><td class=\"column-5\">Silas Marconi e Silvio de Souza.<\/td><td class=\"column-6\">Aprovado<\/td><td class=\"column-7\">Ruth Barbosa, Napole\u00e3o Cordeiro, Wrides Mendes, Silvio de Souza, Junior Roberto, Jos\u00e9 Silvestre e Jos\u00e9 Gleison.<\/td><td class=\"column-8\"><a href=\"https:\/\/www.camarapocao.pe.gov.br\/home\/images\/Consulta\/pl\/2024\/pl (19).pdf\" rel=\"noopener\" target=\"_blank\">PDF<\/a><\/td>\n<\/tr>\n<tr class=\"row-21\">\n\t<td class=\"column-1\">20<\/td><td class=\"column-2\">Estabelece determinado per\u00edmetro como \u00e1rea urbana do munic\u00edpio de Po\u00e7\u00e3o\/PE.<\/td><td class=\"column-3\">Poder Executivo<\/td><td class=\"column-4\">Comiss\u00e3o  de Reda\u00e7\u00e3o e Justi\u00e7a e Or\u00e7amento e Finan\u00e7as<\/td><td class=\"column-5\">Ruth Barbosa e Wrides Mendes.<\/td><td class=\"column-6\">Aprovado<\/td><td class=\"column-7\">Napole\u00e3o Cordeiro, Wrides Mendes, Silvio de Souza, Junior Roberto, Jos\u00e9 Silvestre e Jos\u00e9 Gleison.<\/td><td class=\"column-8\"><a href=\"https:\/\/www.camarapocao.pe.gov.br\/home\/images\/Consulta\/pl\/2024\/pl (20).pdf\" rel=\"noopener\" target=\"_blank\">PDF<\/a><\/td>\n<\/tr>\n<tr class=\"row-22\">\n\t<td class=\"column-1\">21<\/td><td class=\"column-2\">Institui a pol\u00edtica de conscientiza\u00e7\u00e3o e incentivo da doa\u00e7\u00e3o de sangue, \u00f3rg\u00e3os, tecidos e leite materno - Promo\u00e7\u00e3o 3D no munic\u00edpio de Po\u00e7\u00e3o.<\/td><td class=\"column-3\">Ruth Barbosa Silva Alves<\/td><td class=\"column-4\">Comiss\u00e3o de Reda\u00e7\u00e3o<\/td><td class=\"column-5\">Wrides Mendes Paz.<\/td><td class=\"column-6\">Aprovado<\/td><td class=\"column-7\">Napole\u00e3o Cordeiro, Wrides Mendes, Silvio de Souza, Junior Roberto, Jos\u00e9 Silvestre e Jos\u00e9 Gleison.<\/td><td class=\"column-8\"><a href=\"https:\/\/www.camarapocao.pe.gov.br\/home\/images\/Consulta\/pl\/2024\/pl (21).pdf\" rel=\"noopener\" target=\"_blank\">PDF<\/a><\/td>\n<\/tr>\n<\/tbody>\n<\/table>\n<!-- #tablepress-37 from cache -->\n","protected":false},"excerpt":{"rendered":"","protected":false},"author":3,"featured_media":0,"parent":0,"menu_order":0,"comment_status":"closed","ping_status":"closed","template":"","meta":{"footnotes":""},"class_list":["post-1615","page","type-page","status-publish","hentry","active"],"aioseo_notices":[],"_links":{"self":[{"href":"https:\/\/camarapocao.pe.gov.br\/v1\/wp-json\/wp\/v2\/pages\/1615","targetHints":{"allow":["GET"]}}],"collection":[{"href":"https:\/\/camarapocao.pe.gov.br\/v1\/wp-json\/wp\/v2\/pages"}],"about":[{"href":"https:\/\/camarapocao.pe.gov.br\/v1\/wp-json\/wp\/v2\/types\/page"}],"author":[{"embeddable":true,"href":"https:\/\/camarapocao.pe.gov.br\/v1\/wp-json\/wp\/v2\/users\/3"}],"replies":[{"embeddable":true,"href":"https:\/\/camarapocao.pe.gov.br\/v1\/wp-json\/wp\/v2\/comments?post=1615"}],"version-history":[{"count":1,"href":"https:\/\/camarapocao.pe.gov.br\/v1\/wp-json\/wp\/v2\/pages\/1615\/revisions"}],"predecessor-version":[{"id":1619,"href":"https:\/\/camarapocao.pe.gov.br\/v1\/wp-json\/wp\/v2\/pages\/1615\/revisions\/1619"}],"wp:attachment":[{"href":"https:\/\/camarapocao.pe.gov.br\/v1\/wp-json\/wp\/v2\/media?parent=1615"}],"curies":[{"name":"wp","href":"https:\/\/api.w.org\/{rel}","templated":true}]}}