{"id":1563,"date":"2024-04-12T22:43:27","date_gmt":"2024-04-13T01:43:27","guid":{"rendered":"https:\/\/camarapocao.pe.gov.br\/?page_id=1563"},"modified":"2024-04-12T22:43:27","modified_gmt":"2024-04-13T01:43:27","slug":"requerimentos-vereador-wrides-mendes","status":"publish","type":"page","link":"https:\/\/camarapocao.pe.gov.br\/v1\/requerimentos-vereador-wrides-mendes\/","title":{"rendered":"REQUERIMENTOS \u2013 VEREADOR WRIDES MENDES"},"content":{"rendered":"\n<table id=\"tablepress-29\" class=\"tablepress tablepress-id-29\">\n<thead>\n<tr class=\"row-1\">\n\t<th class=\"column-1\">N\u00daMERO<\/th><th class=\"column-2\">EMENTA<\/th><th class=\"column-3\">AUTOR<\/th><th class=\"column-4\">ANO<\/th>\n<\/tr>\n<\/thead>\n<tbody class=\"row-striping row-hover\">\n<tr class=\"row-2\">\n\t<td class=\"column-1\">001\/2023<\/td><td class=\"column-2\">Requer reforma do Pr\u00e9dio onde funcionava a antiga Escola do s\u00edtio Po\u00e7os dos Cavalos e em seguida instalar um Posto de Sa\u00fade.<\/td><td class=\"column-3\">Wrides Mendes e S\u00edlvio Andrade.<\/td><td class=\"column-4\">2024<\/td>\n<\/tr>\n<tr class=\"row-3\">\n\t<td class=\"column-1\">002\/2024<\/td><td class=\"column-2\">Requer que desenvolvam esfor\u00e7os com o objetivo de cercar e construir dois vesti\u00e1rios no Campo de Futebol localizado no S\u00edtio Po\u00e7os dos Cavalos.<\/td><td class=\"column-3\">Wrides Mendes e S\u00edlvio Andrade.<\/td><td class=\"column-4\">2024<\/td>\n<\/tr>\n<tr class=\"row-4\">\n\t<td class=\"column-1\">016\/2024<\/td><td class=\"column-2\">Requer Projeto de Lei concedendo reajuste salarial aos Profissionais Efetivos do Munic\u00edpio.<\/td><td class=\"column-3\">Todos os Edis.<\/td><td class=\"column-4\">2024<\/td>\n<\/tr>\n<tr class=\"row-5\">\n\t<td class=\"column-1\">028\/2024<\/td><td class=\"column-2\">Requer aquisi\u00e7\u00e3o de um Terreno para constru\u00e7\u00e3o de Creche no Munic\u00edpio.<\/td><td class=\"column-3\">Todos os Edis.<\/td><td class=\"column-4\">2024<\/td>\n<\/tr>\n<tr class=\"row-6\">\n\t<td class=\"column-1\">042\/2024<\/td><td class=\"column-2\">Requer constru\u00e7\u00e3o de um Posto de Sa\u00fade no s\u00edtio Lagoa Seca.<\/td><td class=\"column-3\">Wrides Mendes.<\/td><td class=\"column-4\">2024<\/td>\n<\/tr>\n<tr class=\"row-7\">\n\t<td class=\"column-1\">043\/2024<\/td><td class=\"column-2\">Requer constru\u00e7\u00e3o de cal\u00e7amentos nas seguintes localidades; Rua Jo\u00e3o Francisco Marinho (rua principal), Rua Malaquias Correia Ventura (rua transversal), Rua Manoel Severino da Silva (segunda transversal).<\/td><td class=\"column-3\">Wrides Mendes.<\/td><td class=\"column-4\">2024<\/td>\n<\/tr>\n<tr class=\"row-8\">\n\t<td class=\"column-1\">116\/2024<\/td><td class=\"column-2\">Requer constru\u00e7\u00e3o de cal\u00e7amentos na Aldeia P\u00e3o de A\u00e7\u00facar.<\/td><td class=\"column-3\">Wrides Mendes e Jos\u00e9 Gleison.<\/td><td class=\"column-4\">2024<\/td>\n<\/tr>\n<tr class=\"row-9\">\n\t<td class=\"column-1\">169\/2024<\/td><td class=\"column-2\">Requer Voto de Pesar pelo falecimento do Sr. Jos\u00e9 Lucas Sobrinho ex- Vereador e Funcion\u00e1rio Efetivo do Munic\u00edpio.<\/td><td class=\"column-3\">Todos os Edis.<\/td><td class=\"column-4\">2024<\/td>\n<\/tr>\n<tr class=\"row-10\">\n\t<td class=\"column-1\">196\/2024<\/td><td class=\"column-2\">Requer aquisi\u00e7\u00e3o de um Trator para a Asssocia\u00e7\u00e3o do s\u00edtio Chorador.<\/td><td class=\"column-3\">Wrides Mendes.<\/td><td class=\"column-4\">2024<\/td>\n<\/tr>\n<tr class=\"row-11\">\n\t<td class=\"column-1\">241\/2024<\/td><td class=\"column-2\">Requer Voto de Congratula\u00e7\u00f5es e Aplausos para a Sra. Maria Renata Mendes da Siva, T\u00e9cnica em Enfermagem do PSF do s\u00edtio Azevem.<\/td><td class=\"column-3\">Wrides Mendes.<\/td><td class=\"column-4\">05\/11\/2024<\/td>\n<\/tr>\n<tr class=\"row-12\">\n\t<td class=\"column-1\">008\/2023<\/td><td class=\"column-2\">Requer reforma e reativa\u00e7\u00e3o do Pr\u00e9dio onde funcionava o Posto de Sa\u00fade do S\u00edtio Azevem.<\/td><td class=\"column-3\">Wrides Mendes.<\/td><td class=\"column-4\">2023<\/td>\n<\/tr>\n<tr class=\"row-13\">\n\t<td class=\"column-1\">009\/2023<\/td><td class=\"column-2\">Requer constru\u00e7\u00e3o de um Posto de Sa\u00fade no s\u00edtio Lagoa Seca.<\/td><td class=\"column-3\">Wrides Mendes.<\/td><td class=\"column-4\">2023<\/td>\n<\/tr>\n<tr class=\"row-14\">\n\t<td class=\"column-1\">010\/2023<\/td><td class=\"column-2\">Requer reforma do Pr\u00e9dio onde funcionava a Escola do s\u00edtio Po\u00e7os dos Cavalos e em seguida implanta\u00e7\u00e3o de um Posto de Sa\u00fade.<\/td><td class=\"column-3\">Wrides Mendes e S\u00edlvio Andrade.<\/td><td class=\"column-4\">2023<\/td>\n<\/tr>\n<tr class=\"row-15\">\n\t<td class=\"column-1\">012\/2023<\/td><td class=\"column-2\">Requer manuten\u00e7\u00e3o em algumas estradas do Munic\u00edpio.<\/td><td class=\"column-3\">Wrides Mendes.<\/td><td class=\"column-4\">2023<\/td>\n<\/tr>\n<tr class=\"row-16\">\n\t<td class=\"column-1\">012\/2023<\/td><td class=\"column-2\">Requer reajuste salarial do Piso Nacional dos Professores da Rede Municipal de Ensino.<\/td><td class=\"column-3\">Napole\u00e3o Cordeiro e concedida associa\u00e7\u00e3o aos demais Edis.<\/td><td class=\"column-4\">2023<\/td>\n<\/tr>\n<tr class=\"row-17\">\n\t<td class=\"column-1\">022\/2023<\/td><td class=\"column-2\">Requer que seja solucionada a situa\u00e7\u00e3o de uma cratera localizada na rua Teodoro Alves de Carvalho.<\/td><td class=\"column-3\">Wrides Mendes.<\/td><td class=\"column-4\">2023<\/td>\n<\/tr>\n<tr class=\"row-18\">\n\t<td class=\"column-1\">044\/2023<\/td><td class=\"column-2\">Requer constru\u00e7\u00e3o de cal\u00e7amentos na Aldeia P\u00e3o de A\u00e7\u00facar.<\/td><td class=\"column-3\">Wrides Mendes.<\/td><td class=\"column-4\">2023<\/td>\n<\/tr>\n<tr class=\"row-19\">\n\t<td class=\"column-1\">046\/2023<\/td><td class=\"column-2\">Requer Votos de Congratula\u00e7\u00f5es e Aplausos para a Sra. Maria das Gra\u00e7as Monteiro Bezerra.<\/td><td class=\"column-3\">Wrides Mendes.<\/td><td class=\"column-4\">2023<\/td>\n<\/tr>\n<tr class=\"row-20\">\n\t<td class=\"column-1\">066\/2023<\/td><td class=\"column-2\">Requer Voto de Pesar pelo falecimento do Sr. Paulo Fernandes Feitoza.<\/td><td class=\"column-3\">Wrides Mendes e Jos\u00e9 Gleison.<\/td><td class=\"column-4\">2023<\/td>\n<\/tr>\n<tr class=\"row-21\">\n\t<td class=\"column-1\">074\/2023<\/td><td class=\"column-2\">Requer instala\u00e7\u00e3o da Bomba do Po\u00e7o Artesiano localizado no s\u00edtio Po\u00e7os dos Cavalos.<\/td><td class=\"column-3\">Wrides Mendes.<\/td><td class=\"column-4\">2023<\/td>\n<\/tr>\n<tr class=\"row-22\">\n\t<td class=\"column-1\">078\/2023<\/td><td class=\"column-2\">Requer reparos no Po\u00e7o Artesiano localizado no s\u00edtio Lagoa Seca.<\/td><td class=\"column-3\">Wrides Mendes.<\/td><td class=\"column-4\">2023<\/td>\n<\/tr>\n<tr class=\"row-23\">\n\t<td class=\"column-1\">097\/2023<\/td><td class=\"column-2\">Requer Projeto de Lei concedendo reajuste no valor do Bolsa Volunt\u00e1rio.<\/td><td class=\"column-3\">Todos os Edis.<\/td><td class=\"column-4\">2023<\/td>\n<\/tr>\n<tr class=\"row-24\">\n\t<td class=\"column-1\">107\/2023<\/td><td class=\"column-2\">Requer instala\u00e7\u00e3o da rede de WIFI na Pra\u00e7a da Aldeia P\u00e3o de A\u00e7\u00facar e na Pra\u00e7a do S\u00edtio Azevem.<\/td><td class=\"column-3\">Wrides Mendes.<\/td><td class=\"column-4\">2023<\/td>\n<\/tr>\n<tr class=\"row-25\">\n\t<td class=\"column-1\">108\/2023<\/td><td class=\"column-2\">Requer ara\u00e7\u00e3o de terras em alguns S\u00edtios do Munic\u00edpio.<\/td><td class=\"column-3\">Wrides Mendes.<\/td><td class=\"column-4\">2023<\/td>\n<\/tr>\n<tr class=\"row-26\">\n\t<td class=\"column-1\">117\/2023<\/td><td class=\"column-2\">Requer constru\u00e7\u00e3o de cal\u00e7amentos em determinadas Ruas do Munic\u00edpio.<\/td><td class=\"column-3\">Wrides Mendes.<\/td><td class=\"column-4\">2023<\/td>\n<\/tr>\n<tr class=\"row-27\">\n\t<td class=\"column-1\">118\/2023<\/td><td class=\"column-2\">Requer constru\u00e7\u00e3o de cal\u00e7amentos em determinadas Ruas do Munic\u00edpio.<\/td><td class=\"column-3\">Wrides Mendes.<\/td><td class=\"column-4\">2023<\/td>\n<\/tr>\n<tr class=\"row-28\">\n\t<td class=\"column-1\">119\/2023<\/td><td class=\"column-2\">Requer Votos de Congratula\u00e7\u00f5es e Aplausos para a Exma. Sra. Vereadora Ruth Alves.<\/td><td class=\"column-3\">Todos os Edis.<\/td><td class=\"column-4\">2023<\/td>\n<\/tr>\n<tr class=\"row-29\">\n\t<td class=\"column-1\">165\/2023<\/td><td class=\"column-2\">Requer conclus\u00e3o de cal\u00e7amento nas ruas Alfredo Magalh\u00e3es e dos Milagres<\/td><td class=\"column-3\">Wrides Mendes.<\/td><td class=\"column-4\">2023<\/td>\n<\/tr>\n<tr class=\"row-30\">\n\t<td class=\"column-1\">171\/2023<\/td><td class=\"column-2\">Requer pintura e sinaliza\u00e7\u00e3o do meio fio de frente a Casa das Ra\u00e7\u00f5es, para estacionamento dos \u00d4nibus Escolares.<\/td><td class=\"column-3\">Wrides Mendes.<\/td><td class=\"column-4\">2023<\/td>\n<\/tr>\n<tr class=\"row-31\">\n\t<td class=\"column-1\">184\/2023<\/td><td class=\"column-2\">Requer coloca\u00e7\u00e3o de material nas po\u00e7as de \u00e1gua existentes no trajeto da Aldeia P\u00e3o de A\u00e7\u00facar at\u00e9 o pared\u00e3o da Barragem.<\/td><td class=\"column-3\">Wrides Mendes.<\/td><td class=\"column-4\">2023<\/td>\n<\/tr>\n<tr class=\"row-32\">\n\t<td class=\"column-1\">219\/2023<\/td><td class=\"column-2\">Requer Votos de Congratula\u00e7\u00f5es e Aplausos para a Sra. Maria Aparecida Gomes da Silva.<\/td><td class=\"column-3\">Wrides Mendes.<\/td><td class=\"column-4\">2023<\/td>\n<\/tr>\n<tr class=\"row-33\">\n\t<td class=\"column-1\">274\/2023<\/td><td class=\"column-2\">Requer Votos de Congratula\u00e7\u00f5es e Aplausos para os Senhores(a) Gildo Mergulh\u00e3o Bezerra e Juliana Maria dos Santos.<\/td><td class=\"column-3\">Wrides Mendes.<\/td><td class=\"column-4\">2023<\/td>\n<\/tr>\n<tr class=\"row-34\">\n\t<td class=\"column-1\">291\/2023<\/td><td class=\"column-2\">Requer aquisi\u00e7\u00e3o de novos Ve\u00edculos para a Secretaria de Sa\u00fade.<\/td><td class=\"column-3\">Todos os Edis.<\/td><td class=\"column-4\">2023<\/td>\n<\/tr>\n<tr class=\"row-35\">\n\t<td class=\"column-1\">306\/2023<\/td><td class=\"column-2\">Requer aquisi\u00e7\u00e3o de Tanque Resfriador para os pequenos e m\u00e9dios Criadores.<\/td><td class=\"column-3\">Wrides Mendes.<\/td><td class=\"column-4\">2023<\/td>\n<\/tr>\n<tr class=\"row-36\">\n\t<td class=\"column-1\">320\/2023<\/td><td class=\"column-2\">Requer Votos de Congratula\u00e7\u00f5es e Aplausos para a Sra. Maria Auxiliadora da Silva.<\/td><td class=\"column-3\">Wrides Mendes.<\/td><td class=\"column-4\">2023<\/td>\n<\/tr>\n<tr class=\"row-37\">\n\t<td class=\"column-1\">321\/2023<\/td><td class=\"column-2\">Requer Votos de Congratula\u00e7\u00f5es e Aplausos para o Sr. Ednaldo Jos\u00e9 Silva.<\/td><td class=\"column-3\">Wrides Mendes.<\/td><td class=\"column-4\">2023<\/td>\n<\/tr>\n<tr class=\"row-38\">\n\t<td class=\"column-1\">322\/2023<\/td><td class=\"column-2\">Requer Votos de Congratula\u00e7\u00f5es e Aplausos para o Sr. Luciv\u00e2nio Cordeiro Ferreira de Oliveira.<\/td><td class=\"column-3\">Wrides Mendes.<\/td><td class=\"column-4\">2023<\/td>\n<\/tr>\n<tr class=\"row-39\">\n\t<td class=\"column-1\">332\/2023<\/td><td class=\"column-2\">Requer Voto de Pesar pelo falecimento do Sr. Manoel Jos\u00e9 Neto, ex-Vereador do Munic\u00edpio.<\/td><td class=\"column-3\">Todos os Edis.<\/td><td class=\"column-4\">2023<\/td>\n<\/tr>\n<tr class=\"row-40\">\n\t<td class=\"column-1\">334\/2023<\/td><td class=\"column-2\">Requer Voto de Pesar pelo falecimento da Sra. Josefa Francisca Monteiro de Farias, ex-Professora do Munic\u00edpio.<\/td><td class=\"column-3\">Wrides Mendes e Silas Marconi.<\/td><td class=\"column-4\">2023<\/td>\n<\/tr>\n<tr class=\"row-41\">\n\t<td class=\"column-1\">335\/2023<\/td><td class=\"column-2\">Requer Voto de Pesar pelo Falecimento do Sr. Lourival Cordeiro Vasconcelos.<\/td><td class=\"column-3\">Wrides Mendes, Jos\u00e9 Gleison e Silas Marconi.<\/td><td class=\"column-4\">2023<\/td>\n<\/tr>\n<tr class=\"row-42\">\n\t<td class=\"column-1\">344\/2023<\/td><td class=\"column-2\">Requer isen\u00e7\u00e3o de taxas do IPVA para os Moto Taxistas do Munic\u00edpio.<\/td><td class=\"column-3\">Wrides Mendes.<\/td><td class=\"column-4\">2023<\/td>\n<\/tr>\n<tr class=\"row-43\">\n\t<td class=\"column-1\">371\/2023<\/td><td class=\"column-2\">Requer Votos de Congratula\u00e7\u00f5es e Aplausos para a equipe Organizadora do Show do Mission\u00e1rio Ivaldo Dias.<\/td><td class=\"column-3\">Wrides Mendes e Napole\u00e3o Cordeiro.<\/td><td class=\"column-4\">2023<\/td>\n<\/tr>\n<tr class=\"row-44\">\n\t<td class=\"column-1\">373\/2023<\/td><td class=\"column-2\">Requer Votos de Congratula\u00e7\u00f5es e Aplausos para o Grupo dos Desbravadores.<\/td><td class=\"column-3\">Wrides Mendes, Caique Alberto e S\u00edlvio Andrade.<\/td><td class=\"column-4\">2023<\/td>\n<\/tr>\n<tr class=\"row-45\">\n\t<td class=\"column-1\">380\/2023<\/td><td class=\"column-2\">Requer Votos de Congratula\u00e7\u00f5es e Aplausos para a Sra. Tha\u00eds Ribeiro Paz.<\/td><td class=\"column-3\">Wrides Mendes.<\/td><td class=\"column-4\">2023<\/td>\n<\/tr>\n<tr class=\"row-46\">\n\t<td class=\"column-1\">381\/2023<\/td><td class=\"column-2\">Requer instala\u00e7\u00e3o de energia el\u00e9trica nos Vesti\u00e1rios do Campo de Futebol Malaquias Vieira de Melo.<\/td><td class=\"column-3\">Wrides Mendes.<\/td><td class=\"column-4\">2023<\/td>\n<\/tr>\n<\/tbody>\n<\/table>\n<!-- #tablepress-29 from cache -->\n","protected":false},"excerpt":{"rendered":"","protected":false},"author":3,"featured_media":0,"parent":0,"menu_order":0,"comment_status":"closed","ping_status":"closed","template":"","meta":{"footnotes":""},"class_list":["post-1563","page","type-page","status-publish","hentry","active"],"aioseo_notices":[],"_links":{"self":[{"href":"https:\/\/camarapocao.pe.gov.br\/v1\/wp-json\/wp\/v2\/pages\/1563","targetHints":{"allow":["GET"]}}],"collection":[{"href":"https:\/\/camarapocao.pe.gov.br\/v1\/wp-json\/wp\/v2\/pages"}],"about":[{"href":"https:\/\/camarapocao.pe.gov.br\/v1\/wp-json\/wp\/v2\/types\/page"}],"author":[{"embeddable":true,"href":"https:\/\/camarapocao.pe.gov.br\/v1\/wp-json\/wp\/v2\/users\/3"}],"replies":[{"embeddable":true,"href":"https:\/\/camarapocao.pe.gov.br\/v1\/wp-json\/wp\/v2\/comments?post=1563"}],"version-history":[{"count":1,"href":"https:\/\/camarapocao.pe.gov.br\/v1\/wp-json\/wp\/v2\/pages\/1563\/revisions"}],"predecessor-version":[{"id":1566,"href":"https:\/\/camarapocao.pe.gov.br\/v1\/wp-json\/wp\/v2\/pages\/1563\/revisions\/1566"}],"wp:attachment":[{"href":"https:\/\/camarapocao.pe.gov.br\/v1\/wp-json\/wp\/v2\/media?parent=1563"}],"curies":[{"name":"wp","href":"https:\/\/api.w.org\/{rel}","templated":true}]}}