{"id":1522,"date":"2024-03-05T00:12:06","date_gmt":"2024-03-05T03:12:06","guid":{"rendered":"https:\/\/camarapocao.pe.gov.br\/?page_id=1522"},"modified":"2024-03-05T00:12:06","modified_gmt":"2024-03-05T03:12:06","slug":"portarias-publicadas-em-2024","status":"publish","type":"page","link":"https:\/\/camarapocao.pe.gov.br\/v1\/portarias-publicadas-em-2024\/","title":{"rendered":"Portarias publicadas em 2024"},"content":{"rendered":"\n<table id=\"tablepress-25\" class=\"tablepress tablepress-id-25\">\n<thead>\n<tr class=\"row-1\">\n\t<th class=\"column-1\">N\u00ba do documento<\/th><th class=\"column-2\">Ementa<\/th><th class=\"column-3\">Download <\/th>\n<\/tr>\n<\/thead>\n<tbody class=\"row-striping row-hover\">\n<tr class=\"row-2\">\n\t<td class=\"column-1\">01<\/td><td class=\"column-2\">Disp\u00f5e sobre a nomea\u00e7\u00e3o do agente de contrata\u00e7\u00e3o, do pregoeiro, da equipe de apoio e da comiss\u00e3o de contrata\u00e7\u00e3o da C\u00e2mara Municipal.<\/td><td class=\"column-3\"><a href=\"https:\/\/www.camarapocao.pe.gov.br\/home\/images\/Consulta\/portarias\/2024\/portaria2024 (1).pdf\" rel=\"noopener\" target=\"_blank\">PDF<\/a><\/td>\n<\/tr>\n<tr class=\"row-3\">\n\t<td class=\"column-1\">02<\/td><td class=\"column-2\">Concede f\u00e9rias anual ao Sr. Danilo da Silva.<\/td><td class=\"column-3\"><a href=\"https:\/\/www.camarapocao.pe.gov.br\/home\/images\/Consulta\/portarias\/2024\/portaria2024 (2).pdf\" rel=\"noopener\" target=\"_blank\">PDF<\/a><\/td>\n<\/tr>\n<tr class=\"row-4\">\n\t<td class=\"column-1\">03<\/td><td class=\"column-2\">Concede ao servidor Sr. Ant\u00f4nio Carlos Correia licen\u00e7a por motivo de doen\u00e7a em pessoa da fam\u00edlia.<\/td><td class=\"column-3\"><a href=\"https:\/\/www.camarapocao.pe.gov.br\/home\/images\/Consulta\/portarias\/2024\/portaria2024 (3).pdf\" rel=\"noopener\" target=\"_blank\">PDF<\/a><\/td>\n<\/tr>\n<tr class=\"row-5\">\n\t<td class=\"column-1\">04<\/td><td class=\"column-2\">Designa\u00e7\u00e3o de vereador para recompor a comiss\u00e3o de or\u00e7amento e finan\u00e7as da C\u00e2mara Municipal.<\/td><td class=\"column-3\"><a href=\"https:\/\/www.camarapocao.pe.gov.br\/home\/images\/Consulta\/portarias\/2024\/portaria2024 (4).pdf\" rel=\"noopener\" target=\"_blank\">PDF<\/a><\/td>\n<\/tr>\n<tr class=\"row-6\">\n\t<td class=\"column-1\">05<\/td><td class=\"column-2\">Concede f\u00e9rias anuala ao Sr. Givanildo Menino da Silva.<\/td><td class=\"column-3\"><a href=\"https:\/\/www.camarapocao.pe.gov.br\/home\/images\/Consulta\/portarias\/2024\/portaria2024 (5).pdf\" rel=\"noopener\" target=\"_blank\">PDF<\/a><\/td>\n<\/tr>\n<tr class=\"row-7\">\n\t<td class=\"column-1\">06<\/td><td class=\"column-2\">Concede f\u00e9rias anuala ao Sr. Josenildo Texeira.<\/td><td class=\"column-3\"><a href=\"https:\/\/www.camarapocao.pe.gov.br\/home\/images\/Consulta\/portarias\/2024\/portaria2024 (6).pdf\" rel=\"noopener\" target=\"_blank\">PDF<\/a><\/td>\n<\/tr>\n<tr class=\"row-8\">\n\t<td class=\"column-1\">07<\/td><td class=\"column-2\">Concede f\u00e9rias anuala ao Sra. Josefa Sueli da Silva.<\/td><td class=\"column-3\"><a href=\"https:\/\/www.camarapocao.pe.gov.br\/home\/images\/Consulta\/portarias\/2024\/portaria2024 (7).pdf\" rel=\"noopener\" target=\"_blank\">PDF<\/a><\/td>\n<\/tr>\n<tr class=\"row-9\">\n\t<td class=\"column-1\">08<\/td><td class=\"column-2\">Nomea o sr Paulo de Melo Silva para ocupar o cargo comissionado de assessor da mesa diretora.<\/td><td class=\"column-3\"><a href=\"https:\/\/www.camarapocao.pe.gov.br\/home\/images\/Consulta\/portarias\/2024\/portaria2024 (8).pdf\" rel=\"noopener\" target=\"_blank\">PDF<\/a><\/td>\n<\/tr>\n<tr class=\"row-10\">\n\t<td class=\"column-1\">09<\/td><td class=\"column-2\">Nomea a sra Eulalia Maria de Oliveira para ocupar o cargo comissionado de assessora da mesa diretora.<\/td><td class=\"column-3\"><a href=\"https:\/\/www.camarapocao.pe.gov.br\/home\/images\/Consulta\/portarias\/2024\/portaria2024 (9).pdf\" rel=\"noopener\" target=\"_blank\">PDF<\/a><\/td>\n<\/tr>\n<tr class=\"row-11\">\n\t<td class=\"column-1\">10<\/td><td class=\"column-2\">Nomea o sr Elisnan de Aguiar Espindola para ocupar o cargo comissionado de assessor legislativo.<\/td><td class=\"column-3\"><a href=\"https:\/\/www.camarapocao.pe.gov.br\/home\/images\/Consulta\/portarias\/2024\/portaria2024 (10).pdf\" rel=\"noopener\" target=\"_blank\">PDF<\/a><\/td>\n<\/tr>\n<tr class=\"row-12\">\n\t<td class=\"column-1\">11<\/td><td class=\"column-2\">Nomea o sr Carlos Mikhael Mergulh\u00e3o para ocupar o cargo comissionado de assessor legislativo.<\/td><td class=\"column-3\"><a href=\"https:\/\/www.camarapocao.pe.gov.br\/home\/images\/Consulta\/portarias\/2024\/portaria2024 (11).pdf\" rel=\"noopener\" target=\"_blank\">PDF<\/a><\/td>\n<\/tr>\n<tr class=\"row-13\">\n\t<td class=\"column-1\">12<\/td><td class=\"column-2\">Nomea o sr Johnne George sa Silva para ocupar o cargo comissionado de assessor legislativo.<\/td><td class=\"column-3\"><a href=\"https:\/\/www.camarapocao.pe.gov.br\/home\/images\/Consulta\/portarias\/2024\/portaria2024 (12).pdf\" rel=\"noopener\" target=\"_blank\">PDF<\/a><\/td>\n<\/tr>\n<tr class=\"row-14\">\n\t<td class=\"column-1\">13<\/td><td class=\"column-2\">Concede f\u00e9rias a Sra. Aline Nunes.<\/td><td class=\"column-3\"><a href=\"https:\/\/www.camarapocao.pe.gov.br\/home\/images\/Consulta\/portarias\/2024\/portaria2024 (13).pdf\" rel=\"noopener\" target=\"_blank\">PDF<\/a><\/td>\n<\/tr>\n<tr class=\"row-15\">\n\t<td class=\"column-1\">14<\/td><td class=\"column-2\">Concede Licen\u00e7a Pr\u00eamio ao Sr. Antonio Carlos Correia.<\/td><td class=\"column-3\"><a href=\"https:\/\/www.camarapocao.pe.gov.br\/home\/images\/Consulta\/portarias\/2024\/portaria2024 (14).pdf\" rel=\"noopener\" target=\"_blank\">PDF<\/a><\/td>\n<\/tr>\n<tr class=\"row-16\">\n\t<td class=\"column-1\">15<\/td><td class=\"column-2\">Nomea o Sr. Patr\u00edcio de Carvalho para ocupar o cargo de Assessor Legislativo.<\/td><td class=\"column-3\"><a href=\"https:\/\/www.camarapocao.pe.gov.br\/home\/images\/Consulta\/portarias\/2024\/portaria2024 (15).pdf\" rel=\"noopener\" target=\"_blank\">PDF<\/a><\/td>\n<\/tr>\n<tr class=\"row-17\">\n\t<td class=\"column-1\">16<\/td><td class=\"column-2\">Designa os vereadores Ca\u00edque Alverto, Ruth Barbosa e Sila Oliveira para comporem a Comiss\u00e3o Permanente de Representa\u00e7\u00e3o.<\/td><td class=\"column-3\"><a href=\"https:\/\/www.camarapocao.pe.gov.br\/home\/images\/Consulta\/portarias\/2024\/portaria2024 (16).pdf\" rel=\"noopener\" target=\"_blank\">PDF<\/a><\/td>\n<\/tr>\n<tr class=\"row-18\">\n\t<td class=\"column-1\">17<\/td><td class=\"column-2\">Determina o expediente da C\u00e2mara durante o recesso parlamentar de 01\/07 \u00e0 31\/07\/2024.<\/td><td class=\"column-3\"><a href=\"https:\/\/www.camarapocao.pe.gov.br\/home\/images\/Consulta\/portarias\/2024\/portaria2024 (17).pdf\" rel=\"noopener\" target=\"_blank\">PDF<\/a><\/td>\n<\/tr>\n<tr class=\"row-19\">\n\t<td class=\"column-1\">18<\/td><td class=\"column-2\">Concede f\u00e9rias anual ao sr. Ant\u00f4nio Carlos Correia.<\/td><td class=\"column-3\"><a href=\"https:\/\/www.camarapocao.pe.gov.br\/home\/images\/Consulta\/portarias\/2024\/portaria2024 (18).pdf\" rel=\"noopener\" target=\"_blank\">PDF<\/a><\/td>\n<\/tr>\n<tr class=\"row-20\">\n\t<td class=\"column-1\">19<\/td><td class=\"column-2\">Concede f\u00e9rias anual ao servidor Jos\u00e9 Renato Cruz.<\/td><td class=\"column-3\"><a href=\"https:\/\/www.camarapocao.pe.gov.br\/home\/images\/Consulta\/portarias\/2024\/portaria2024 (19).pdf\" rel=\"noopener\" target=\"_blank\">PDF<\/a><\/td>\n<\/tr>\n<tr class=\"row-21\">\n\t<td class=\"column-1\">20<\/td><td class=\"column-2\">Suspende f\u00e9rias anual ao servidor Ant\u00f4nio Carlos Correia.<\/td><td class=\"column-3\"><a href=\"https:\/\/www.camarapocao.pe.gov.br\/home\/images\/Consulta\/portarias\/2024\/portaria2024 (20).pdf\" rel=\"noopener\" target=\"_blank\">PDF<\/a><\/td>\n<\/tr>\n<tr class=\"row-22\">\n\t<td class=\"column-1\">21<\/td><td class=\"column-2\">Concede licen\u00e7a maternidade \u00e0 servidora Eul\u00e1lia Rocha.<\/td><td class=\"column-3\"><a href=\"https:\/\/www.camarapocao.pe.gov.br\/home\/images\/Consulta\/portarias\/2024\/portaria2024 (21).pdf\" rel=\"noopener\" target=\"_blank\">PDF<\/a><\/td>\n<\/tr>\n<tr class=\"row-23\">\n\t<td class=\"column-1\">22<\/td><td class=\"column-2\">Concede f\u00e9rias a Poliana Lins.<\/td><td class=\"column-3\"><a href=\"https:\/\/www.camarapocao.pe.gov.br\/home\/images\/Consulta\/portarias\/2024\/portaria2024 (22).pdf\" rel=\"noopener\" target=\"_blank\">PDF<\/a><\/td>\n<\/tr>\n<tr class=\"row-24\">\n\t<td class=\"column-1\">23<\/td><td class=\"column-2\">Concede f\u00e9rias a Suzana Bezerra.<\/td><td class=\"column-3\"><a href=\"https:\/\/www.camarapocao.pe.gov.br\/home\/images\/Consulta\/portarias\/2024\/portaria2024 (23).pdf\" rel=\"noopener\" target=\"_blank\">PDF<\/a><\/td>\n<\/tr>\n<tr class=\"row-25\">\n\t<td class=\"column-1\">24<\/td><td class=\"column-2\">Determina implanta\u00e7\u00e3o do 7\u00ba. quinqu\u00eanio em favor do servidor Givanildo Menino.<\/td><td class=\"column-3\"><a href=\"https:\/\/www.camarapocao.pe.gov.br\/home\/images\/Consulta\/portarias\/2024\/portaria2024 (24).pdf\" rel=\"noopener\" target=\"_blank\">PDF<\/a><\/td>\n<\/tr>\n<tr class=\"row-26\">\n\t<td class=\"column-1\">25<\/td><td class=\"column-2\">Determina que o expediente da C\u00e2mara no per\u00edodo de recesso ser\u00e1 das 8:00 \u00e0s 11:00.<\/td><td class=\"column-3\"><a href=\"https:\/\/www.camarapocao.pe.gov.br\/home\/images\/Consulta\/portarias\/2024\/portaria2024 (25).pdf\" rel=\"noopener\" target=\"_blank\">PDF<\/a><\/td>\n<\/tr>\n<tr class=\"row-27\">\n\t<td class=\"column-1\">26<\/td><td class=\"column-2\">Designa os Vereadores Ca\u00edque e Silas para comporem a Comiss\u00e3o de Representa\u00e7\u00e3o durante o per\u00edodo de recesso parlamentar.<\/td><td class=\"column-3\"><a href=\"https:\/\/www.camarapocao.pe.gov.br\/home\/images\/Consulta\/portarias\/2024\/portaria2024 (26).pdf\" rel=\"noopener\" target=\"_blank\">PDF<\/a><\/td>\n<\/tr>\n<\/tbody>\n<\/table>\n<!-- #tablepress-25 from cache -->\n","protected":false},"excerpt":{"rendered":"","protected":false},"author":3,"featured_media":0,"parent":0,"menu_order":0,"comment_status":"closed","ping_status":"closed","template":"","meta":{"footnotes":""},"class_list":["post-1522","page","type-page","status-publish","hentry","active"],"aioseo_notices":[],"_links":{"self":[{"href":"https:\/\/camarapocao.pe.gov.br\/v1\/wp-json\/wp\/v2\/pages\/1522","targetHints":{"allow":["GET"]}}],"collection":[{"href":"https:\/\/camarapocao.pe.gov.br\/v1\/wp-json\/wp\/v2\/pages"}],"about":[{"href":"https:\/\/camarapocao.pe.gov.br\/v1\/wp-json\/wp\/v2\/types\/page"}],"author":[{"embeddable":true,"href":"https:\/\/camarapocao.pe.gov.br\/v1\/wp-json\/wp\/v2\/users\/3"}],"replies":[{"embeddable":true,"href":"https:\/\/camarapocao.pe.gov.br\/v1\/wp-json\/wp\/v2\/comments?post=1522"}],"version-history":[{"count":1,"href":"https:\/\/camarapocao.pe.gov.br\/v1\/wp-json\/wp\/v2\/pages\/1522\/revisions"}],"predecessor-version":[{"id":1523,"href":"https:\/\/camarapocao.pe.gov.br\/v1\/wp-json\/wp\/v2\/pages\/1522\/revisions\/1523"}],"wp:attachment":[{"href":"https:\/\/camarapocao.pe.gov.br\/v1\/wp-json\/wp\/v2\/media?parent=1522"}],"curies":[{"name":"wp","href":"https:\/\/api.w.org\/{rel}","templated":true}]}}

<table id="tablepress-25" class="tablepress tablepress-id-25">
<thead>
<tr class="row-1">
	<th class="column-1">Nº do documento</th><th class="column-2">Ementa</th><th class="column-3">Download </th>
</tr>
</thead>
<tbody class="row-striping row-hover">
<tr class="row-2">
	<td class="column-1">01</td><td class="column-2">Dispõe sobre a nomeação do agente de contratação, do pregoeiro, da equipe de apoio e da comissão de contratação da Câmara Municipal.</td><td class="column-3"><a href="https://www.camarapocao.pe.gov.br/home/images/Consulta/portarias/2024/portaria2024 (1).pdf" rel="noopener" target="_blank">PDF</a></td>
</tr>
<tr class="row-3">
	<td class="column-1">02</td><td class="column-2">Concede férias anual ao Sr. Danilo da Silva.</td><td class="column-3"><a href="https://www.camarapocao.pe.gov.br/home/images/Consulta/portarias/2024/portaria2024 (2).pdf" rel="noopener" target="_blank">PDF</a></td>
</tr>
<tr class="row-4">
	<td class="column-1">03</td><td class="column-2">Concede ao servidor Sr. Antônio Carlos Correia licença por motivo de doença em pessoa da família.</td><td class="column-3"><a href="https://www.camarapocao.pe.gov.br/home/images/Consulta/portarias/2024/portaria2024 (3).pdf" rel="noopener" target="_blank">PDF</a></td>
</tr>
<tr class="row-5">
	<td class="column-1">04</td><td class="column-2">Designação de vereador para recompor a comissão de orçamento e finanças da Câmara Municipal.</td><td class="column-3"><a href="https://www.camarapocao.pe.gov.br/home/images/Consulta/portarias/2024/portaria2024 (4).pdf" rel="noopener" target="_blank">PDF</a></td>
</tr>
<tr class="row-6">
	<td class="column-1">05</td><td class="column-2">Concede férias anuala ao Sr. Givanildo Menino da Silva.</td><td class="column-3"><a href="https://www.camarapocao.pe.gov.br/home/images/Consulta/portarias/2024/portaria2024 (5).pdf" rel="noopener" target="_blank">PDF</a></td>
</tr>
<tr class="row-7">
	<td class="column-1">06</td><td class="column-2">Concede férias anuala ao Sr. Josenildo Texeira.</td><td class="column-3"><a href="https://www.camarapocao.pe.gov.br/home/images/Consulta/portarias/2024/portaria2024 (6).pdf" rel="noopener" target="_blank">PDF</a></td>
</tr>
<tr class="row-8">
	<td class="column-1">07</td><td class="column-2">Concede férias anuala ao Sra. Josefa Sueli da Silva.</td><td class="column-3"><a href="https://www.camarapocao.pe.gov.br/home/images/Consulta/portarias/2024/portaria2024 (7).pdf" rel="noopener" target="_blank">PDF</a></td>
</tr>
<tr class="row-9">
	<td class="column-1">08</td><td class="column-2">Nomea o sr Paulo de Melo Silva para ocupar o cargo comissionado de assessor da mesa diretora.</td><td class="column-3"><a href="https://www.camarapocao.pe.gov.br/home/images/Consulta/portarias/2024/portaria2024 (8).pdf" rel="noopener" target="_blank">PDF</a></td>
</tr>
<tr class="row-10">
	<td class="column-1">09</td><td class="column-2">Nomea a sra Eulalia Maria de Oliveira para ocupar o cargo comissionado de assessora da mesa diretora.</td><td class="column-3"><a href="https://www.camarapocao.pe.gov.br/home/images/Consulta/portarias/2024/portaria2024 (9).pdf" rel="noopener" target="_blank">PDF</a></td>
</tr>
<tr class="row-11">
	<td class="column-1">10</td><td class="column-2">Nomea o sr Elisnan de Aguiar Espindola para ocupar o cargo comissionado de assessor legislativo.</td><td class="column-3"><a href="https://www.camarapocao.pe.gov.br/home/images/Consulta/portarias/2024/portaria2024 (10).pdf" rel="noopener" target="_blank">PDF</a></td>
</tr>
<tr class="row-12">
	<td class="column-1">11</td><td class="column-2">Nomea o sr Carlos Mikhael Mergulhão para ocupar o cargo comissionado de assessor legislativo.</td><td class="column-3"><a href="https://www.camarapocao.pe.gov.br/home/images/Consulta/portarias/2024/portaria2024 (11).pdf" rel="noopener" target="_blank">PDF</a></td>
</tr>
<tr class="row-13">
	<td class="column-1">12</td><td class="column-2">Nomea o sr Johnne George sa Silva para ocupar o cargo comissionado de assessor legislativo.</td><td class="column-3"><a href="https://www.camarapocao.pe.gov.br/home/images/Consulta/portarias/2024/portaria2024 (12).pdf" rel="noopener" target="_blank">PDF</a></td>
</tr>
<tr class="row-14">
	<td class="column-1">13</td><td class="column-2">Concede férias a Sra. Aline Nunes.</td><td class="column-3"><a href="https://www.camarapocao.pe.gov.br/home/images/Consulta/portarias/2024/portaria2024 (13).pdf" rel="noopener" target="_blank">PDF</a></td>
</tr>
<tr class="row-15">
	<td class="column-1">14</td><td class="column-2">Concede Licença Prêmio ao Sr. Antonio Carlos Correia.</td><td class="column-3"><a href="https://www.camarapocao.pe.gov.br/home/images/Consulta/portarias/2024/portaria2024 (14).pdf" rel="noopener" target="_blank">PDF</a></td>
</tr>
<tr class="row-16">
	<td class="column-1">15</td><td class="column-2">Nomea o Sr. Patrício de Carvalho para ocupar o cargo de Assessor Legislativo.</td><td class="column-3"><a href="https://www.camarapocao.pe.gov.br/home/images/Consulta/portarias/2024/portaria2024 (15).pdf" rel="noopener" target="_blank">PDF</a></td>
</tr>
<tr class="row-17">
	<td class="column-1">16</td><td class="column-2">Designa os vereadores Caíque Alverto, Ruth Barbosa e Sila Oliveira para comporem a Comissão Permanente de Representação.</td><td class="column-3"><a href="https://www.camarapocao.pe.gov.br/home/images/Consulta/portarias/2024/portaria2024 (16).pdf" rel="noopener" target="_blank">PDF</a></td>
</tr>
<tr class="row-18">
	<td class="column-1">17</td><td class="column-2">Determina o expediente da Câmara durante o recesso parlamentar de 01/07 à 31/07/2024.</td><td class="column-3"><a href="https://www.camarapocao.pe.gov.br/home/images/Consulta/portarias/2024/portaria2024 (17).pdf" rel="noopener" target="_blank">PDF</a></td>
</tr>
<tr class="row-19">
	<td class="column-1">18</td><td class="column-2">Concede férias anual ao sr. Antônio Carlos Correia.</td><td class="column-3"><a href="https://www.camarapocao.pe.gov.br/home/images/Consulta/portarias/2024/portaria2024 (18).pdf" rel="noopener" target="_blank">PDF</a></td>
</tr>
<tr class="row-20">
	<td class="column-1">19</td><td class="column-2">Concede férias anual ao servidor José Renato Cruz.</td><td class="column-3"><a href="https://www.camarapocao.pe.gov.br/home/images/Consulta/portarias/2024/portaria2024 (19).pdf" rel="noopener" target="_blank">PDF</a></td>
</tr>
<tr class="row-21">
	<td class="column-1">20</td><td class="column-2">Suspende férias anual ao servidor Antônio Carlos Correia.</td><td class="column-3"><a href="https://www.camarapocao.pe.gov.br/home/images/Consulta/portarias/2024/portaria2024 (20).pdf" rel="noopener" target="_blank">PDF</a></td>
</tr>
<tr class="row-22">
	<td class="column-1">21</td><td class="column-2">Concede licença maternidade à servidora Eulália Rocha.</td><td class="column-3"><a href="https://www.camarapocao.pe.gov.br/home/images/Consulta/portarias/2024/portaria2024 (21).pdf" rel="noopener" target="_blank">PDF</a></td>
</tr>
<tr class="row-23">
	<td class="column-1">22</td><td class="column-2">Concede férias a Poliana Lins.</td><td class="column-3"><a href="https://www.camarapocao.pe.gov.br/home/images/Consulta/portarias/2024/portaria2024 (22).pdf" rel="noopener" target="_blank">PDF</a></td>
</tr>
<tr class="row-24">
	<td class="column-1">23</td><td class="column-2">Concede férias a Suzana Bezerra.</td><td class="column-3"><a href="https://www.camarapocao.pe.gov.br/home/images/Consulta/portarias/2024/portaria2024 (23).pdf" rel="noopener" target="_blank">PDF</a></td>
</tr>
<tr class="row-25">
	<td class="column-1">24</td><td class="column-2">Determina implantação do 7º. quinquênio em favor do servidor Givanildo Menino.</td><td class="column-3"><a href="https://www.camarapocao.pe.gov.br/home/images/Consulta/portarias/2024/portaria2024 (24).pdf" rel="noopener" target="_blank">PDF</a></td>
</tr>
<tr class="row-26">
	<td class="column-1">25</td><td class="column-2">Determina que o expediente da Câmara no período de recesso será das 8:00 às 11:00.</td><td class="column-3"><a href="https://www.camarapocao.pe.gov.br/home/images/Consulta/portarias/2024/portaria2024 (25).pdf" rel="noopener" target="_blank">PDF</a></td>
</tr>
<tr class="row-27">
	<td class="column-1">26</td><td class="column-2">Designa os Vereadores Caíque e Silas para comporem a Comissão de Representação durante o período de recesso parlamentar.</td><td class="column-3"><a href="https://www.camarapocao.pe.gov.br/home/images/Consulta/portarias/2024/portaria2024 (26).pdf" rel="noopener" target="_blank">PDF</a></td>
</tr>
</tbody>
</table>
<!-- #tablepress-25 from cache -->
