{"id":1469,"date":"2024-03-04T21:13:53","date_gmt":"2024-03-05T00:13:53","guid":{"rendered":"https:\/\/camarapocao.pe.gov.br\/?page_id=1469"},"modified":"2024-03-04T21:13:53","modified_gmt":"2024-03-05T00:13:53","slug":"avisos-de-licitacoes-2023","status":"publish","type":"page","link":"https:\/\/camarapocao.pe.gov.br\/v1\/avisos-de-licitacoes-2023\/","title":{"rendered":"Avisos de Licita\u00e7\u00f5es &#8211; 2023"},"content":{"rendered":"\n<table id=\"tablepress-20\" class=\"tablepress tablepress-id-20\">\n<thead>\n<tr class=\"row-1\">\n\t<th class=\"column-1\">N\u00ba do documento<\/th><th class=\"column-2\">Descri\u00e7\u00e3o do objeto<\/th><th class=\"column-3\">Download<\/th>\n<\/tr>\n<\/thead>\n<tbody class=\"row-striping row-hover\">\n<tr class=\"row-2\">\n\t<td class=\"column-1\">01\/2023<\/td><td class=\"column-2\">Aviso de licita\u00e7\u00e3o DV00001\/2023 (Licita\u00e7\u00e3o para contrata\u00e7\u00e3o de Assessoria Cont\u00e1bil)<\/td><td class=\"column-3\"><a href=\"http:\/\/www.camarapocao.pe.gov.br\/home\/images\/Consulta\/avisos_licitacoes\/2023\/avl (1).pdf\" rel=\"noopener\" target=\"_blank\">PDF<\/a><\/td>\n<\/tr>\n<tr class=\"row-3\">\n\t<td class=\"column-1\">02\/2023<\/td><td class=\"column-2\">Aviso de licita\u00e7\u00e3o DV00002\/2023 (Licita\u00e7\u00e3o para contrata\u00e7\u00e3o de Assessoria Jur\u00eddica)<\/td><td class=\"column-3\"><a href=\"http:\/\/www.camarapocao.pe.gov.br\/home\/images\/Consulta\/avisos_licitacoes\/2023\/avl (2).pdf\" rel=\"noopener\" target=\"_blank\">PDF<\/a><\/td>\n<\/tr>\n<tr class=\"row-4\">\n\t<td class=\"column-1\">03\/2023<\/td><td class=\"column-2\">Constitui objeto do presente termo de refer\u00eancia a pretensa: Aquisi\u00e7\u00e3o de equipamentos para estrutura\u00e7\u00e3o da C\u00e2mara de vereadores de Po\u00e7\u00e3o-PE.<\/td><td class=\"column-3\"><a href=\"http:\/\/www.camarapocao.pe.gov.br\/home\/images\/Consulta\/avisos_licitacoes\/2023\/avl (3).pdf\" rel=\"noopener\" target=\"_blank\">PDF<\/a><\/td>\n<\/tr>\n<tr class=\"row-5\">\n\t<td class=\"column-1\">04\/2023<\/td><td class=\"column-2\">Contrata\u00e7\u00e3o de empresa para prestar servi\u00e7os t\u00e9cnicos profissionais especializados de assessoria e consultoria nas \u00e1reas cont\u00e1bil, financeira e de gest\u00e3o fiscal<\/td><td class=\"column-3\"><a href=\"http:\/\/www.camarapocao.pe.gov.br\/home\/images\/Consulta\/avisos_licitacoes\/2023\/avl (4).pdf\" rel=\"noopener\" target=\"_blank\">PDF<\/a><\/td>\n<\/tr>\n<\/tbody>\n<\/table>\n<!-- #tablepress-20 from cache -->\n","protected":false},"excerpt":{"rendered":"","protected":false},"author":3,"featured_media":0,"parent":0,"menu_order":0,"comment_status":"closed","ping_status":"closed","template":"","meta":{"footnotes":""},"class_list":["post-1469","page","type-page","status-publish","hentry","active"],"aioseo_notices":[],"_links":{"self":[{"href":"https:\/\/camarapocao.pe.gov.br\/v1\/wp-json\/wp\/v2\/pages\/1469","targetHints":{"allow":["GET"]}}],"collection":[{"href":"https:\/\/camarapocao.pe.gov.br\/v1\/wp-json\/wp\/v2\/pages"}],"about":[{"href":"https:\/\/camarapocao.pe.gov.br\/v1\/wp-json\/wp\/v2\/types\/page"}],"author":[{"embeddable":true,"href":"https:\/\/camarapocao.pe.gov.br\/v1\/wp-json\/wp\/v2\/users\/3"}],"replies":[{"embeddable":true,"href":"https:\/\/camarapocao.pe.gov.br\/v1\/wp-json\/wp\/v2\/comments?post=1469"}],"version-history":[{"count":1,"href":"https:\/\/camarapocao.pe.gov.br\/v1\/wp-json\/wp\/v2\/pages\/1469\/revisions"}],"predecessor-version":[{"id":1470,"href":"https:\/\/camarapocao.pe.gov.br\/v1\/wp-json\/wp\/v2\/pages\/1469\/revisions\/1470"}],"wp:attachment":[{"href":"https:\/\/camarapocao.pe.gov.br\/v1\/wp-json\/wp\/v2\/media?parent=1469"}],"curies":[{"name":"wp","href":"https:\/\/api.w.org\/{rel}","templated":true}]}}