{"id":1381,"date":"2023-09-15T13:43:46","date_gmt":"2023-09-15T16:43:46","guid":{"rendered":"http:\/\/camarapocao.pe.gov.br\/?page_id=1381"},"modified":"2025-04-22T12:30:46","modified_gmt":"2025-04-22T15:30:46","slug":"comissoes","status":"publish","type":"page","link":"https:\/\/camarapocao.pe.gov.br\/v1\/comissoes\/","title":{"rendered":"Comiss\u00f5es"},"content":{"rendered":"<p><center><img loading=\"lazy\" decoding=\"async\" class=\"img-responsive alignnone  wp-image-1844\" src=\"https:\/\/camarapocao.pe.gov.br\/v1\/wp-content\/uploads\/2025\/04\/organograma-300x224.jpg\" alt=\"\" width=\"617\" height=\"461\" \/><\/center><strong>COMISS\u00d5ES DE REDA\u00c7\u00c3O E JUSTI\u00c7A <\/strong><\/p>\n<p><strong>Art. 249 \u2013 A Comiss\u00e3o de Reda\u00e7\u00e3o e Justi\u00e7a, \u00e9 o \u00f3rg\u00e3o t\u00e9cnico da Comiss\u00e3o, competente para a aprecia\u00e7\u00e3o de mat\u00e9rias atinentes a:<\/strong><\/p>\n<p>I \u2013 interpreta\u00e7\u00e3o e aplica\u00e7\u00e3o de leis;<\/p>\n<p>II \u2013 concess\u00e3o de privil\u00e9gios e explora\u00e7\u00e3o de servi\u00e7os p\u00fablicos;<\/p>\n<p>III \u2013 aquisi\u00e7\u00e3o de bens, aceita\u00e7\u00e3o de doa\u00e7\u00f5es, heran\u00e7as e legados e sua aplica\u00e7\u00e3o;<\/p>\n<p>IV \u2013 cria\u00e7\u00e3o, extin\u00e7\u00e3o e altera\u00e7\u00e3o de servi\u00e7os p\u00fablicos;<\/p>\n<p>V \u2013 aplica\u00e7\u00e3o da legisla\u00e7\u00e3o sobre servidores p\u00fablicos;<\/p>\n<p>VI \u2013 desapropria\u00e7\u00e3o, permutas, aliena\u00e7\u00f5es e aquisi\u00e7\u00e3o de bens;<\/p>\n<p>VII \u2013 oferecer reda\u00e7\u00e3o definitivas aos projetos de lei, de resolu\u00e7\u00e3o e de decretos legislativos, aprovados pela C\u00e2mara, podendo, se necess\u00e1rio, introduzir modifica\u00e7\u00f5es sint\u00e1ticas, desde que n\u00e3o alterem o sentido da proposi\u00e7\u00e3o aprovada.<\/p>\n<p>&nbsp;<\/p>\n<p><strong>COMISS\u00c3O DE OR\u00c7AMENTO E FINAN\u00c7A<\/strong><\/p>\n<p><strong>Art. 250 \u2013 A Comiss\u00e3o de Or\u00e7amento e Finan\u00e7a \u00e9 \u00f3rg\u00e3o t\u00e9cnico da C\u00e2mara, competente para estudo de mat\u00e9rias que tratem de:<\/strong><\/p>\n<p>I \u2013 proposta e execu\u00e7\u00e3o or\u00e7ament\u00e1ria;<\/p>\n<p>II \u2013 tributa\u00e7\u00e3o;<\/p>\n<p>III \u2013 finan\u00e7as;<\/p>\n<p>IV \u2013 administra\u00e7\u00e3o de bens e rendas municipais;<\/p>\n<p>V \u2013 presta\u00e7\u00e3o e tomada de contas.<\/p>\n<p>&nbsp;<\/p>\n<p><strong>COMISS\u00c3O DE OBRAS, URBANISMO E SERVI\u00c7OS P\u00daBLICOS<\/strong><\/p>\n<p><strong>Art. 251 \u2013 A Comiss\u00e3o de Obras, Urbanismo e Servi\u00e7os P\u00fablicos, \u00e8 o \u00f3rg\u00e3o t\u00e9cnico da C\u00e2mara, com compet\u00eancia para apreciar mat\u00e9ria que diga respeito a:<\/strong><\/p>\n<p>I \u2013 obras e servi\u00e7os p\u00fablicos em geral;<\/p>\n<p>II \u2013 urbanismo;<\/p>\n<p>III \u2013 comunica\u00e7\u00f5es e transporte;<\/p>\n<p>IV \u2013 servi\u00e7os industrializados;<\/p>\n<p>V \u2013 engenharia;<\/p>\n<p>VI \u2013 aferi\u00e7\u00e3o de pesos e mediadas;<\/p>\n<p>VII \u2013 turismo;<\/p>\n<p>VIII \u2013 abastecimento;<\/p>\n<p>IX \u2013 postura municipais;<\/p>\n<p>X \u2013 tr\u00e1fego e circula\u00e7\u00e3o de ve\u00edculos.<\/p>\n<p>&nbsp;<\/p>\n<p><strong>COMISS\u00c3O DE EDUCA\u00c7\u00c3O, SA\u00daDE E ASSIST\u00caNCIA SOCIAL<\/strong><\/p>\n<p><strong>Art. 252 \u2013 A Comiss\u00e3o de Educa\u00e7\u00e3o, Sa\u00fade e Assist\u00eancia social, \u00e8 o \u00f3rg\u00e3o t\u00e9cnico da C\u00e2mara competente para estudar proposi\u00e7\u00f5es que se relacionem com:<\/strong><\/p>\n<p>I \u2013 sistema educacional;<\/p>\n<p>II \u2013 atividades culturais;<\/p>\n<p>III \u2013 atividades esportivas;<\/p>\n<p>IV \u2013 sa\u00fade p\u00fablica;<\/p>\n<p>V \u2013 sanitarismo;<\/p>\n<p>VI \u2013 higiene;<\/p>\n<p>VII \u2013 assist\u00eancia social.<\/p>\n","protected":false},"excerpt":{"rendered":"<p>COMISS\u00d5ES DE REDA\u00c7\u00c3O E JUSTI\u00c7A Art. 249 \u2013 A Comiss\u00e3o de Reda\u00e7\u00e3o e Justi\u00e7a, \u00e9 o \u00f3rg\u00e3o t\u00e9cnico da Comiss\u00e3o, competente para a aprecia\u00e7\u00e3o de <a class=\"leiamais\" href=\"https:\/\/camarapocao.pe.gov.br\/v1\/comissoes\/\"><i class=\"fa fa-angle-double-right\" aria-hidden=\"true\"><\/i><br \/>\n<\/a><\/p>\n","protected":false},"author":3,"featured_media":0,"parent":0,"menu_order":0,"comment_status":"closed","ping_status":"closed","template":"","meta":{"footnotes":""},"class_list":["post-1381","page","type-page","status-publish","hentry","active"],"aioseo_notices":[],"_links":{"self":[{"href":"https:\/\/camarapocao.pe.gov.br\/v1\/wp-json\/wp\/v2\/pages\/1381","targetHints":{"allow":["GET"]}}],"collection":[{"href":"https:\/\/camarapocao.pe.gov.br\/v1\/wp-json\/wp\/v2\/pages"}],"about":[{"href":"https:\/\/camarapocao.pe.gov.br\/v1\/wp-json\/wp\/v2\/types\/page"}],"author":[{"embeddable":true,"href":"https:\/\/camarapocao.pe.gov.br\/v1\/wp-json\/wp\/v2\/users\/3"}],"replies":[{"embeddable":true,"href":"https:\/\/camarapocao.pe.gov.br\/v1\/wp-json\/wp\/v2\/comments?post=1381"}],"version-history":[{"count":6,"href":"https:\/\/camarapocao.pe.gov.br\/v1\/wp-json\/wp\/v2\/pages\/1381\/revisions"}],"predecessor-version":[{"id":1850,"href":"https:\/\/camarapocao.pe.gov.br\/v1\/wp-json\/wp\/v2\/pages\/1381\/revisions\/1850"}],"wp:attachment":[{"href":"https:\/\/camarapocao.pe.gov.br\/v1\/wp-json\/wp\/v2\/media?parent=1381"}],"curies":[{"name":"wp","href":"https:\/\/api.w.org\/{rel}","templated":true}]}}